000
CXUS55 KEAX 010836
CF6STJ
PRELIMINARY LOCAL CLIMATOLOGICAL DATA (WS FORM: F-6)
STATION: ST. JOSEPH MO
MONTH: FEBRUARY
YEAR: 2021
LATITUDE: 39 46 N
LONGITUDE: 94 55 W
TEMPERATURE IN F: :PCPN: SNOW: WIND :SUNSHINE: SKY :PK WND
================================================================================
1 2 3 4 5 6A 6B 7 8 9 10 11 12 13 14 15 16 17 18
12Z AVG MX 2MIN
DY MAX MIN AVG DEP HDD CDD WTR SNW DPTH SPD SPD DIR MIN PSBL S-S WX SPD DR
================================================================================
1 31 27 29 0 36 0 0.00 M M 7.4 17 330 M M 10 18 22 340
2 41 24 33 4 32 0 0.00 M M 6.9 14 140 M M 5 18 18 130
3 58 27 43 14 22 0 0.00 M M 9.9 22 160 M M 1 1 27 160
4 50 21 36 7 29 0 0.01 M M 14.6 31 320 M M 5 128 41 340
5 33 16 25 -5 40 0 T M M 8.7 17 260 M M 3 1 24 250
6 22 -6 8 -22 57 0 0.03 M M 9.3 22 360 M M 5 12 27 350
7 5 -7 -1 -31 66 0 0.05 M M 8.7 15 100 M M 9 18 20 70
8 7 3 5 -25 60 0 T M M 9.6 15 30 M M 10 168 19 10
9 13 5 9 -21 56 0 0.00 M M 8.5 14 360 M M 10 17 360
10 15 9 12 -18 53 0 T M M 11.3 16 10 M M 10 8 21 360
11 13 0 7 -24 58 0 0.00 M M 11.8 20 360 M M 8 25 360
12 4 -3 1 -30 64 0 T M M 14.9 20 20 M M 7 8 25 10
13 5 -5 0 -31 65 0 T M M 12.1 17 360 M M 5 8 21 20
14 2 -7 -2 -34 67 0 T M M 15.7 22 10 M M 10 8 27 20
15 -2 -8 -5 -37 70 0 T M M 12.3 20 20 M M 10 8 24 20
16 6 -22 -8 -40 73 0 0.00 M M 1.7 9 130 M M 1 11 130
17 21 0 11 -21 54 0 T M M 4.7 9 60 M M 8 8 13 60
18 23 -5 9 -24 56 0 T M M 4.3 14 280 M M 3 18 17 290
19 33 -1 16 -17 49 0 0.00 M M 6.5 16 210 M M 3 18 19 220
20 41 9 25 -8 40 0 0.00 M M 6.9 13 130 M M 0 18 28 130
21 40 27 34 0 31 0 0.00 M M 10.8 23 280 M M 7 18 30 290
22 56 23 40 6 25 0 0.00 M M 10.1 21 260 M M 0 1 28 250
23 67 25 46 12 19 0 0.00 M M 7.3 18 190 M M 0 8 23 180
24 44 22 33 -2 32 0 0.00 M M 12.2 24 350 M M 4 32 350
25 45 19 32 -3 33 0 0.00 M M 2.7 9 210 M M 0 1 12 230
26 54 20 37 2 28 0 0.00 M M 7.3 18 180 M M 4 23 180
27 63 25 44 8 21 0 0.00 M M 8.3 24 140 M M 4 128 32 140
28 53 22 38 2 27 0 0.00 M M 12.4 25 340 M M 5 33 320
================================================================================
SM 843 260 1263 0 0.09 M 256.9 M 147
================================================================================
AV 30.1 9.3 9.2 FASTST M M 5 MAX(MPH)
MISC ----> 31 320 41 340
================================================================================
NOTES:
# LAST OF SEVERAL OCCURRENCES
COLUMN 17 PEAK WIND IN M.P.H.
PRELIMINARY LOCAL CLIMATOLOGICAL DATA (WS FORM: F-6) , PAGE 2
STATION: ST. JOSEPH MO
MONTH: FEBRUARY
YEAR: 2021
LATITUDE: 39 46 N
LONGITUDE: 94 55 W
[TEMPERATURE DATA] [PRECIPITATION DATA] SYMBOLS USED IN COLUMN 16
AVERAGE MONTHLY: 19.7 TOTAL FOR MONTH: 0.09 1 = FOG OR MIST
DPTR FM NORMAL: -12.3 DPTR FM NORMAL: -0.84 2 = FOG REDUCING VISIBILITY
HIGHEST: 67 ON 23 GRTST 24HR 0.05 ON 7- 7 TO 1/4 MILE OR LESS
LOWEST: -22 ON 16 3 = THUNDER
SNOW, ICE PELLETS, HAIL 4 = ICE PELLETS
TOTAL MONTH: M 5 = HAIL
GRTST 24HR M ON M 6 = FREEZING RAIN OR DRIZZLE
GRTST DEPTH: M ON M 7 = DUSTSTORM OR SANDSTORM:
VSBY 1/2 MILE OR LESS
8 = SMOKE OR HAZE
[NO. OF DAYS WITH] [WEATHER - DAYS WITH] 9 = BLOWING SNOW
X = TORNADO
MAX 32 OR BELOW: 14 0.01 INCH OR MORE: 3
MAX 90 OR ABOVE: 0 0.10 INCH OR MORE: 0
MIN 32 OR BELOW: 28 0.50 INCH OR MORE: 0
MIN 0 OR BELOW: 11 1.00 INCH OR MORE: 0
[HDD (BASE 65) ]
TOTAL THIS MO. 1263 CLEAR (SCALE 0-3) 8
DPTR FM NORMAL 338 PTCLDY (SCALE 4-7) 12
TOTAL FM JUL 1 4380 CLOUDY (SCALE 8-10) 8
DPTR FM NORMAL 73
[CDD (BASE 65) ]
TOTAL THIS MO. 0
DPTR FM NORMAL 0 [PRESSURE DATA]
TOTAL FM JAN 1 0 HIGHEST SLP 30.72 ON 14
DPTR FM NORMAL 0 LOWEST SLP 29.53 ON 4
[REMARKS]
#FINAL-02-21#