774
CXUS55 KSTO 131751
CF6STO
PRELIMINARY LOCAL CLIMATOLOGICAL DATA (WS FORM: F-6)
STATION: SACRAMENTO CITY
MONTH: NOVEMBER
YEAR: 2020
LATITUDE: 38 36 N
LONGITUDE: 121 23 W
TEMPERATURE IN F: :PCPN: SNOW: WIND :SUNSHINE: SKY :PK WND
================================================================================
1 2 3 4 5 6A 6B 7 8 9 10 11 12 13 14 15 16 17 18
12Z AVG MX 2MIN
DY MAX MIN AVG DEP HDD CDD WTR SNW DPTH SPD SPD DIR MIN PSBL S-S WX SPD DR
================================================================================
1 81 47 64 4 1 0 0.00 M M M M M M M M M M
2 83 47 65 6 0 0 0.00 0.0 M M M M M M M M M
3 80 49 65 6 0 0 0.00 M M M M M M M M M M
4 79 46 63 4 2 0 0.00 M M M M M M M M M M
5 82 49 66 8 0 1 0.00 M M M M M M M M M M
6 67 48 58 0 7 0 0.00 0.0 M M M M M M M M M
7 63 47 55 -3 10 0 0.00 0.0 M M M M M M M M M
8 59 42 51 -6 14 0 0.00 M M M M M M M M M M
9 57 36 47 -10 18 0 0.00 M M M M M M M M M M
10 64 35 50 -6 15 0 0.00 0.0 M M M M M M M M M
11 59 43 51 -5 14 0 0.00 0.0 M M M M M M M M M
12 65 35 50 -6 15 0 0.00 0.0 M M M M M M M M M
13 58 45 52 -3 13 0 0.15 0.0 M M M M M M M M M
14 61 46 54 -1 11 0 0.00 M M M M M M M M M M
15 70 41 56 1 9 0 0.00 0.0 M M M M M M M M M
16 70 43 57 3 8 0 0.00 0.0 M M M M M M M M M
17 65 48 57 3 8 0 0.48 0.0 M M M M M M M M M
18 66 49 58 4 7 0 0.24 0.0 M M M M M M M M M
19 62 45 54 1 11 0 0.00 0.0 M M M M M M M M M
20 63 40 52 -1 13 0 0.00 M M M M M M M M M M
21 62 36 49 -4 16 0 0.00 M M M M M M M M M M
22 64 38 51 -1 14 0 0.00 0.0 M M M M M M M M M
23 64 41 53 1 12 0 0.00 0.0 M M M M M M M M M
24 65 39 52 0 13 0 0.00 0.0 M M M M M M M M M
25 61 42 52 1 13 0 0.00 M M M M M M M M M M
26 62 42 52 1 13 0 0.00 M M M M M M M M M M
27 63 36 50 -1 15 0 0.00 0.0 M M M M M M M M M
28 62 36 49 -1 16 0 0.00 0.0 M M M M M M M M M
29 66 35 51 1 14 0 0.00 0.0 M M M M M M M M M
30 64 37 51 1 14 0 0.00 0.0 M M M M M M M M M
================================================================================
SM 1987 1263 316 1 0.87 0.0 M M M
================================================================================
AV 66.2 42.1 M FASTST M M 2 MAX(MPH)
MISC ----> M M M M
================================================================================
NOTES:
# LAST OF SEVERAL OCCURRENCES
COLUMN 17 PEAK WIND IN M.P.H.
PRELIMINARY LOCAL CLIMATOLOGICAL DATA (WS FORM: F-6) , PAGE 2
STATION: SACRAMENTO CITY
MONTH: NOVEMBER
YEAR: 2020
LATITUDE: 38 36 N
LONGITUDE: 121 23 W
[TEMPERATURE DATA] [PRECIPITATION DATA] SYMBOLS USED IN COLUMN 16
AVERAGE MONTHLY: 54.2 TOTAL FOR MONTH: 0.87 1 = FOG OR MIST
DPTR FM NORMAL: -0.4 DPTR FM NORMAL: -1.56 2 = FOG REDUCING VISIBILITY
HIGHEST: 83 ON 2 GRTST 24HR 0.48 ON 17-17 TO 1/4 MILE OR LESS
LOWEST: 35 ON 29,12 3 = THUNDER
SNOW, ICE PELLETS, HAIL 4 = ICE PELLETS
TOTAL MONTH: 0.0 INCH 5 = HAIL
GRTST 24HR 0.0 6 = FREEZING RAIN OR DRIZZLE
GRTST DEPTH: M ON M 7 = DUSTSTORM OR SANDSTORM:
VSBY 1/2 MILE OR LESS
8 = SMOKE OR HAZE
[NO. OF DAYS WITH] [WEATHER - DAYS WITH] 9 = BLOWING SNOW
X = TORNADO
MAX 32 OR BELOW: 0 0.01 INCH OR MORE: 3
MAX 90 OR ABOVE: 0 0.10 INCH OR MORE: 3
MIN 32 OR BELOW: 0 0.50 INCH OR MORE: 0
MIN 0 OR BELOW: 0 1.00 INCH OR MORE: 0
[HDD (BASE 65) ]
TOTAL THIS MO. 316 CLEAR (SCALE 0-3) 0
DPTR FM NORMAL 3 PTCLDY (SCALE 4-7) 0
TOTAL FM JUL 1 340 CLOUDY (SCALE 8-10) 0
DPTR FM NORMAL -48
[CDD (BASE 65) ]
TOTAL THIS MO. 1
DPTR FM NORMAL 0 [PRESSURE DATA]
TOTAL FM JAN 1 2192 HIGHEST SLP M ON M
DPTR FM NORMAL 724 LOWEST SLP M ON M
[REMARKS]
#FINAL-11-20#