000
CXUS55 KSTO 020553
CF6STO
PRELIMINARY LOCAL CLIMATOLOGICAL DATA (WS FORM: F-6)
STATION: SACRAMENTO CITY
MONTH: FEBRUARY
YEAR: 2020
LATITUDE: 38 36 N
LONGITUDE: 121 23 W
TEMPERATURE IN F: :PCPN: SNOW: WIND :SUNSHINE: SKY :PK WND
================================================================================
1 2 3 4 5 6A 6B 7 8 9 10 11 12 13 14 15 16 17 18
12Z AVG MX 2MIN
DY MAX MIN AVG DEP HDD CDD WTR SNW DPTH SPD SPD DIR MIN PSBL S-S WX SPD DR
================================================================================
1 70 42 56 6 9 0 0.00 0.0 M M M M M M M M M
2 58 44 51 1 14 0 0.00 0.0 M M M M M M M M M
3 55 37 46 -4 19 0 0.00 M M M M M M M M M M
4 56 37 47 -3 18 0 0.00 0.0 M M M M M M M M M
5 62 36 49 -2 16 0 0.00 0.0 M M M M M M M M M
6 65 39 52 1 13 0 0.00 0.0 M M M M M M M M M
7 69 39 54 3 11 0 0.00 0.0 M M M M M M M M M
8 64 41 53 2 12 0 0.00 0.0 0 M M M M M M M M
9 63 46 55 4 10 0 0.00 0.0 M M M M M M M M M
10 73 42 58 6 7 0 0.00 0.0 M M M M M M M M M
11 75 40 58 6 7 0 0.00 0.0 M M M M M M M M M
12 69 42 56 4 9 0 0.00 0.0 M M M M M M M M M
13 67 42 55 3 10 0 0.00 0.0 M M M M M M M M M
14 64 41 53 1 12 0 0.00 0.0 M M M M M M M M M
15 67 42 55 2 10 0 0.00 0.0 M M M M M M M M M
16 69 47 58 5 7 0 0.00 0.0 M M M M M M M M M
17 71 44 58 5 7 0 0.00 0.0 M M M M M M M M M
18 67 44 56 3 9 0 0.00 0.0 M M M M M M M M M
19 68 42 55 2 10 0 0.00 0.0 M M M M M M M M M
20 69 44 57 3 8 0 0.00 0.0 0 M M M M M M M M
21 73 45 59 5 6 0 0.00 0.0 M M M M M M M M M
22 74 46 60 6 5 0 0.00 0.0 M M M M M M M M M
23 66 43 55 1 10 0 0.00 0.0 M M M M M M M M M
24 74 44 59 5 6 0 0.00 0.0 M M M M M M M M M
25 74 46 60 6 5 0 0.00 0.0 M M M M M M M M M
26 76 47 62 7 3 0 0.00 M M M M M M M M M M
27 78 45 62 7 3 0 0.00 M M M M M M M M M M
28 77 48 63 8 2 0 0.00 0.0 M M M M M M M M M
29 69 48 59 4 6 0 0.00 0.0 M M M M M M M M M
================================================================================
SM 1982 1243 264 0 0.00 0.0 M M M
================================================================================
AV 68.3 42.9 M FASTST M M 1 MAX(MPH)
MISC ----> M M M M
================================================================================
NOTES:
# LAST OF SEVERAL OCCURRENCES
COLUMN 17 PEAK WIND IN M.P.H.
PRELIMINARY LOCAL CLIMATOLOGICAL DATA (WS FORM: F-6) , PAGE 2
STATION: SACRAMENTO CITY
MONTH: FEBRUARY
YEAR: 2020
LATITUDE: 38 36 N
LONGITUDE: 121 23 W
[TEMPERATURE DATA] [PRECIPITATION DATA] SYMBOLS USED IN COLUMN 16
AVERAGE MONTHLY: 55.6 TOTAL FOR MONTH: 0.00 1 = FOG OR MIST
DPTR FM NORMAL: 3.2 DPTR FM NORMAL: -3.69 2 = FOG REDUCING VISIBILITY
HIGHEST: 78 ON 27 GRTST 24HR 0.00 ON 29-29 TO 1/4 MILE OR LESS
LOWEST: 36 ON 5 3 = THUNDER
SNOW, ICE PELLETS, HAIL 4 = ICE PELLETS
TOTAL MONTH: 0.0 INCH 5 = HAIL
GRTST 24HR 0.0 6 = FREEZING RAIN OR DRIZZLE
GRTST DEPTH: 0 7 = DUSTSTORM OR SANDSTORM:
VSBY 1/2 MILE OR LESS
8 = SMOKE OR HAZE
[NO. OF DAYS WITH] [WEATHER - DAYS WITH] 9 = BLOWING SNOW
X = TORNADO
MAX 32 OR BELOW: 0 0.01 INCH OR MORE: 0
MAX 90 OR ABOVE: 0 0.10 INCH OR MORE: 0
MIN 32 OR BELOW: 0 0.50 INCH OR MORE: 0
MIN 0 OR BELOW: 0 1.00 INCH OR MORE: 0
[HDD (BASE 65) ]
TOTAL THIS MO. 264 CLEAR (SCALE 0-3) 0
DPTR FM NORMAL -87 PTCLDY (SCALE 4-7) 0
TOTAL FM JUL 1 1413 CLOUDY (SCALE 8-10) 0
DPTR FM NORMAL -424
[CDD (BASE 65) ]
TOTAL THIS MO. 0
DPTR FM NORMAL 0 [PRESSURE DATA]
TOTAL FM JAN 1 0 HIGHEST SLP M ON M
DPTR FM NORMAL 0 LOWEST SLP M ON M
[REMARKS]
#FINAL-02-20#