000
CDUS43 KFSD 190626
CLISUX


CLIMATE REPORT
NATIONAL WEATHER SERVICE SIOUX FALLS SD
1225 AM CST WED NOV 19 2014


...................................

...THE SIOUX CITY IA CLIMATE SUMMARY FOR NOVEMBER 18 2014...

CLIMATE NORMAL PERIOD 1981 TO 2010
CLIMATE RECORD PERIOD 1889 TO 2014


WEATHER ITEM   OBSERVED TIME   RECORD YEAR NORMAL DEPARTURE LAST
                VALUE   (LST)  VALUE       VALUE  FROM      YEAR
                                                  NORMAL
..................................................................
TEMPERATURE (F)
 YESTERDAY
  MAXIMUM         27   1159 PM  73    1941  45    -18       48
  MINIMUM          3R   123 AM   4    1989  24    -21       25
  AVERAGE         15                        34    -19       37

PRECIPITATION (IN)
  YESTERDAY        0.00          1.42 1941   0.04  -0.04     0.00
  MONTH TO DATE    0.27                      0.80  -0.53     1.07
  SINCE SEP 1      4.19                      5.89  -1.70     6.40
  SINCE JAN 1     39.82                     26.43  13.39    26.43

SNOWFALL (IN)
  YESTERDAY        0.0           3.7  1957   0.2   -0.2      0.0
  MONTH TO DATE    4.4                       2.0    2.4      0.6
  SINCE SEP 1      4.4                       3.0    1.4      0.6
  SINCE JUL 1      4.4                       3.0    1.4      0.6
  SNOW DEPTH       3

DEGREE DAYS
 HEATING
  YESTERDAY       50                        31     19       28
  MONTH TO DATE  594                       464    130      457
  SINCE SEP 1   1068                      1049     19      962
  SINCE JUL 1   1074                      1064     10      982

 COOLING
  YESTERDAY        0                         0      0        0
  MONTH TO DATE    0                         0      0        0
  SINCE SEP 1     96                        92      4      159
  SINCE JAN 1    862                       869     -7      960
..................................................................


WIND (MPH)
  HIGHEST WIND SPEED    15   HIGHEST WIND DIRECTION     W (280)
  HIGHEST GUST SPEED    19   HIGHEST GUST DIRECTION     W (270)
  AVERAGE WIND SPEED     8.8


SKY COVER
  POSSIBLE SUNSHINE  MM
  AVERAGE SKY COVER 0.5


WEATHER CONDITIONS
 THE FOLLOWING WEATHER WAS RECORDED YESTERDAY.
  NO SIGNIFICANT WEATHER WAS OBSERVED.


RELATIVE HUMIDITY (PERCENT)
 HIGHEST    86           100 AM
 LOWEST     57          1100 AM
 AVERAGE    72

..........................................................


THE SIOUX CITY IA CLIMATE NORMALS FOR TODAY
                         NORMAL    RECORD    YEAR
 MAXIMUM TEMPERATURE (F)   44        71      1989
 MINIMUM TEMPERATURE (F)   23        -1      1914


SUNRISE AND SUNSET
NOVEMBER 19 2014......SUNRISE   721 AM CST   SUNSET   500 PM CST
NOVEMBER 20 2014......SUNRISE   723 AM CST   SUNSET   459 PM CST


-  INDICATES NEGATIVE NUMBERS.
R  INDICATES RECORD WAS SET OR TIED.
MM INDICATES DATA IS MISSING.
T  INDICATES TRACE AMOUNT.




$$
