000
CXUS54 KEWX 011010
CF6T82
PRELIMINARY LOCAL CLIMATOLOGICAL DATA (WS FORM: F-6)
STATION: FREDERICKSBURG
MONTH: FEBRUARY
YEAR: 2020
LATITUDE: 30 15 N
LONGITUDE: 98 55 W
TEMPERATURE IN F: :PCPN: SNOW: WIND :SUNSHINE: SKY :PK WND
================================================================================
1 2 3 4 5 6A 6B 7 8 9 10 11 12 13 14 15 16 17 18
12Z AVG MX 2MIN
DY MAX MIN AVG DEP HDD CDD WTR SNW DPTH SPD SPD DIR MIN PSBL S-S WX SPD DR
================================================================================
1 69 33 51 M 14 0 0.00 M M 6.2 14 290 M M 0 20 290
2 72 35 54 M 11 0 0.00 M M 4.8 15 230 M M 0 M M
3 65 53 59 M 6 0 0.00 M M 6.2 13 240 M M 4 23 210
4 72 53 63 M 2 0 0.03 M M 5.0 12 10 M M 3 12 17 10
5 51 32 42 M 23 0 0.00 M M 13.6 18 350 M M 10 1 25 360
6 52 24 38 M 27 0 0.00 M M 10.6 20 340 M M 3 28 340
7 71 28 50 M 15 0 0.00 M M 6.0 16 290 M M 0 22 240
8 62 33 48 M 17 0 0.00 M M 3.1 9 160 M M 4 20 160
9 74 47 61 M 4 0 0.00 M M 9.3 16 180 M M 9 18 190
10 67 42 55 M 10 0 0.00 M M 4.9 15 350 M M 9 1 20 350
11 46 39 43 M 22 0 0.23 M M 7.8 14 10 M M 9 13 22 10
12 59 39 49 M 16 0 0.74 M M 7.8 16 310 M M 8 1 21 310
13 57 35 46 M 19 0 0.00 M M 7.3 14 340 M M 0 21 340
14 57 29 43 M 22 0 0.00 M M 4.9 9 160 M M 1 M M
15 57 33 45 M 20 0 0.00 M M 5.4 15 210 M M 4 20 210
16 76 41 59 M 6 0 0.00 M M 3.4 10 200 M M 5 12 M M
17 75 51 63 M 2 0 0.00 M M 7.3 14 220 M M 4 1 18 210
18 73 47 60 M 5 0 0.00 M M 4.9 17 350 M M 7 1 22 350
19 48 44 46 M 19 0 0.00 M M 7.9 14 10 M M 10 1 18 10
20 48 41 45 M 20 0 0.12 M M 9.9 17 20 M M 10 1 30 20
21 51 31 41 M 24 0 0.00 M M 7.3 17 20 M M 1 22 20
22 59 40 50 M 15 0 0.00 M M 6.6 16 170 M M 5 18 190
23 63 51 57 M 8 0 0.00 M M 9.5 17 210 M M 9 24 210
24 66 54 60 M 5 0 0.00 M M 5.1 14 300 M M 3 1 18 320
25 65 36 51 M 14 0 0.00 M M 6.9 20 360 M M 2 27 360
26 54 32 43 M 22 0 0.00 M M 16.7 24 350 M M 3 37 350
27 60 21 41 M 24 0 0.00 M M 4.4 14 10 M M 0 20 10
28 70 28 49 M 16 0 0.00 M M 2.5 12 220 M M 0 16 220
29 69 40 55 M 10 0 0.00 M M 6.5 17 180 M M 0 24 190
================================================================================
SM 1808 1112 418 0 1.12 M 201.8 M 123
================================================================================
AV 62.3 38.3 7.0 FASTST M M 4 MAX(MPH)
MISC ----> # 24 350 # 37 350
================================================================================
NOTES:
# LAST OF SEVERAL OCCURRENCES
COLUMN 17 PEAK WIND IN M.P.H.
PRELIMINARY LOCAL CLIMATOLOGICAL DATA (WS FORM: F-6) , PAGE 2
STATION: FREDERICKSBURG
MONTH: FEBRUARY
YEAR: 2020
LATITUDE: 30 15 N
LONGITUDE: 98 55 W
[TEMPERATURE DATA] [PRECIPITATION DATA] SYMBOLS USED IN COLUMN 16
AVERAGE MONTHLY: 50.3 TOTAL FOR MONTH: 1.12 1 = FOG OR MIST
DPTR FM NORMAL: M DPTR FM NORMAL: M 2 = FOG REDUCING VISIBILITY
HIGHEST: 76 ON 16 GRTST 24HR 0.74 ON 12-12 TO 1/4 MILE OR LESS
LOWEST: 21 ON 27 3 = THUNDER
SNOW, ICE PELLETS, HAIL 4 = ICE PELLETS
TOTAL MONTH: M 5 = HAIL
GRTST 24HR M ON M 6 = FREEZING RAIN OR DRIZZLE
GRTST DEPTH: M ON M 7 = DUSTSTORM OR SANDSTORM:
VSBY 1/2 MILE OR LESS
8 = SMOKE OR HAZE
[NO. OF DAYS WITH] [WEATHER - DAYS WITH] 9 = BLOWING SNOW
X = TORNADO
MAX 32 OR BELOW: 0 0.01 INCH OR MORE: 4
MAX 90 OR ABOVE: 0 0.10 INCH OR MORE: 3
MIN 32 OR BELOW: 8 0.50 INCH OR MORE: 1
MIN 0 OR BELOW: 0 1.00 INCH OR MORE: 0
[HDD (BASE 65) ]
TOTAL THIS MO. 418 CLEAR (SCALE 0-3) 11
DPTR FM NORMAL M PTCLDY (SCALE 4-7) 11
TOTAL FM JUL 1 1675 CLOUDY (SCALE 8-10) 7
DPTR FM NORMAL M
[CDD (BASE 65) ]
TOTAL THIS MO. 0
DPTR FM NORMAL M [PRESSURE DATA]
TOTAL FM JAN 1 4 HIGHEST SLP M ON M
DPTR FM NORMAL M LOWEST SLP M ON M
[REMARKS]
#FINAL-02-20#