000
CXUS52 KTAE 011335
CLMTLH
CLIMATE REPORT
NATIONAL WEATHER SERVICE TALLAHASSEE FL
935 AM EDT SAT JUL 01 2023
...................................
...THE TALLAHASSEE CLIMATE SUMMARY FOR THE MONTH OF JUNE 2023...
CLIMATE NORMAL PERIOD 1991 TO 2020
CLIMATE RECORD PERIOD 1896 TO 2023
WEATHER OBSERVED NORMAL DEPART LAST YEAR`S
VALUE DATE(S) VALUE FROM VALUE DATE(S)
NORMAL
................................................................
TEMPERATURE (F)
RECORD
HIGH 105 06/15/2011
LOW 49 06/02/1972
HIGHEST 99 06/28 MM MM 104 06/24
LOWEST 65 06/03 MM MM 66 06/03
06/06
AVG. MAXIMUM 91.1 90.8 0.3 94.7
AVG. MINIMUM 70.7 70.8 -0.1 72.6
MEAN 80.9 80.8 0.1 83.6
DAYS MAX >= 90 19 20.1 -1.1 29
DAYS MAX <= 32 0 0.0 0.0 0
DAYS MIN <= 32 0 0.0 0.0 0
DAYS MIN <= 0 0 0.0 0.0 0
PRECIPITATION (INCHES)
RECORD
MAXIMUM 17.41 1989
MINIMUM 1.16 1944
TOTALS 5.65 7.76 -2.11 9.50
SNOWFALL (INCHES)
RECORDS
TOTAL MM MM
TOTALS MM MM MM 0.0
SINCE 7/1 MM MM MM MM
DEGREE DAYS
HEATING TOTAL 0 0 0 0
SINCE 7/1 951 1473 -522 MM
COOLING TOTAL 481 474 7 568
SINCE 1/1 1268 988 280 MM
................................................................
WIND (MPH)
AVERAGE WIND SPEED 5.8
RESULTANT WIND SPEED/DIRECTION 1/240
HIGHEST WIND SPEED/DIRECTION 40/080 DATE 06/04
HIGHEST GUST SPEED/DIRECTION 57/070 DATE 06/04
57/340 06/14
SKY COVER
POSSIBLE SUNSHINE (PERCENT) MM
AVERAGE SKY COVER 0.44
NUMBER OF DAYS FAIR 11
NUMBER OF DAYS PC 18
NUMBER OF DAYS CLOUDY 1
AVERAGE RH (PERCENT) 71
WEATHER CONDITIONS. NUMBER OF DAYS WITH
THUNDERSTORM 19 MIXED PRECIP 0
HEAVY RAIN 5 RAIN 6
LIGHT RAIN 13 FREEZING RAIN 0
LT FREEZING RAIN 0 HAIL 0
HEAVY SNOW 0 SNOW 0
LIGHT SNOW 0 SLEET 0
FOG 14 FOG W/VIS <= 1/4 MILE 4
HAZE 2
- INDICATES NEGATIVE NUMBERS.
R INDICATES RECORD WAS SET OR TIED.
MM INDICATES DATA IS MISSING.
T INDICATES TRACE AMOUNT.
$$