377
CXUS54 KBMX 011110
CF6TOI
PRELIMINARY LOCAL CLIMATOLOGICAL DATA (WS FORM: F-6)
STATION: TROY
MONTH: OCTOBER
YEAR: 2020
LATITUDE: 31 51 N
LONGITUDE: 86 1 W
TEMPERATURE IN F: :PCPN: SNOW: WIND :SUNSHINE: SKY :PK WND
================================================================================
1 2 3 4 5 6A 6B 7 8 9 10 11 12 13 14 15 16 17 18
12Z AVG MX 2MIN
DY MAX MIN AVG DEP HDD CDD WTR SNW DPTH SPD SPD DIR MIN PSBL S-S WX SPD DR
================================================================================
1 85 51 68 -2 0 3 0.00 0.0 M 4.0 13 320 M M 0 17 280
2 76 48 62 -8 3 0 0.00 0.0 M 4.8 16 10 M M 0 22 360
3 78 44 61 -9 4 0 0.00 0.0 M 2.8 12 40 M M 0 22 110
4 77 49 63 -6 2 0 0.00 0.0 M 2.8 13 30 M M 0 1 16 40
5 81 50 66 -3 0 1 0.00 0.0 M 2.6 13 80 M M 0 1 17 80
6 81 58 70 2 0 5 0.00 0.0 M 4.0 12 40 M M 9 15 40
7 91 68 80 12 0 15 0.00 0.0 M 3.0 9 10 M M 3 12 360
8 89 66 78 10 0 13 T 0.0 M 3.8 10 40 M M 1 1 13 60
9 86 73 80 13 0 15 0.39 0.0 M 6.4 17 150 M M 9 13 23 160
10 82 74 78 11 0 13 0.98 0.0 M 10.8 25 180 M M 9 1 35 180
11 80 72 76 9 0 11 T 0.0 M 6.9 15 220 M M 10 23 220
12 87 68 78 12 0 13 0.00 0.0 M 3.1 14 300 M M 5 1 21 290
13 88 61 75 9 0 10 0.00 0.0 M 3.5 13 320 M M 3 128 16 330
14 83 51 67 1 0 2 0.00 0.0 0 1.7 9 130 M M 0 1 14 150
15 85 M M M M M 0.00 0.0 0 M M M M M M 1 M M
16 M 53 M M M M 0.00 0.0 M 8.5 15 340 M M 0 21 320
17 75 46 61 -4 4 0 0.00 0.0 0 5.7 15 60 M M 0 19 100
18 83 54 69 5 0 4 0.00 0.0 0 5.2 10 110 M M 0 14 70
19 84 60 72 8 0 7 0.00 0.0 0 4.0 12 120 M M 0 1 14 120
20 84 60 72 8 0 7 0.00 0.0 M 5.6 13 40 M M 3 M M
21 83 M M M M M 0.00 0.0 0 M M M M M 1 M M
22 86 67 77 14 0 12 0.00 0.0 0 5.3 12 90 M M 3 1 16 100
23 86 67 77 14 0 12 T 0.0 M 3.8 10 40 M M 3 1 15 60
24 M M M M M M M 0.0 M M M M M M M 13 M M
25 M M M M M M M 0.0 0 M M M M M M M M
26 86 68 77 15 0 12 0.00 0.0 M 3.2 9 130 M M 6 1 12 130
27 80 71 76 14 0 11 0.60 0.0 0 5.8 13 90 M M 10 1 16 100
28 84 75 80 19 0 15 0.29 0.0 0 10.2 31 140 M M 7 1 48 140
29 86 50 68 7 0 3 0.08 0.0 0 11.7 29 170 M M 5 1 52 170
30 68 49 59 -2 6 0 0.00 0.0 0 8.4 18 320 M M 1 24 340
31 74 47 61 1 4 0 0.00 0.0 0 4.9 13 80 M M 3 18 80
================================================================================
SM 2308 1600 23 184 2.34 0.0 142.5 M 91
================================================================================
AV 82.4 59.3 5.3 FASTST M M 3 MAX(MPH)
MISC ----> 31 140 52 170
================================================================================
NOTES:
# LAST OF SEVERAL OCCURRENCES
COLUMN 17 PEAK WIND IN M.P.H.
PRELIMINARY LOCAL CLIMATOLOGICAL DATA (WS FORM: F-6) , PAGE 2
STATION: TROY
MONTH: OCTOBER
YEAR: 2020
LATITUDE: 31 51 N
LONGITUDE: 86 1 W
[TEMPERATURE DATA] [PRECIPITATION DATA] SYMBOLS USED IN COLUMN 16
AVERAGE MONTHLY: 70.8 TOTAL FOR MONTH: 2.34 1 = FOG OR MIST
DPTR FM NORMAL: 5.6 DPTR FM NORMAL: -0.89 2 = FOG REDUCING VISIBILITY
HIGHEST: 91 ON 7 GRTST 24HR 0.98 ON 10-10 TO 1/4 MILE OR LESS
LOWEST: 44 ON 3 3 = THUNDER
SNOW, ICE PELLETS, HAIL 4 = ICE PELLETS
TOTAL MONTH: 0.0 INCH 5 = HAIL
GRTST 24HR 0.0 6 = FREEZING RAIN OR DRIZZLE
GRTST DEPTH: 0 7 = DUSTSTORM OR SANDSTORM:
VSBY 1/2 MILE OR LESS
8 = SMOKE OR HAZE
[NO. OF DAYS WITH] [WEATHER - DAYS WITH] 9 = BLOWING SNOW
X = TORNADO
MAX 32 OR BELOW: 0 0.01 INCH OR MORE: 5
MAX 90 OR ABOVE: 1 0.10 INCH OR MORE: 4
MIN 32 OR BELOW: 0 0.50 INCH OR MORE: 2
MIN 0 OR BELOW: 0 1.00 INCH OR MORE: 0
[HDD (BASE 65) ]
TOTAL THIS MO. 23 CLEAR (SCALE 0-3) 17
DPTR FM NORMAL -71 PTCLDY (SCALE 4-7) 6
TOTAL FM JUL 1 28 CLOUDY (SCALE 8-10) 8
DPTR FM NORMAL -70
[CDD (BASE 65) ]
TOTAL THIS MO. 184
DPTR FM NORMAL 85 [PRESSURE DATA]
TOTAL FM JAN 1 2433 HIGHEST SLP 30.29 ON 17
DPTR FM NORMAL 386 LOWEST SLP 29.58 ON 28
[REMARKS]
#FINAL-10-20#