000
CXUS51 KCLE 010800
CF6TOL
PRELIMINARY LOCAL CLIMATOLOGICAL DATA (WS FORM: F-6)
STATION: TOLEDO OH
MONTH: APRIL
YEAR: 2023
LATITUDE: 41 35 N
LONGITUDE: 83 48 W
TEMPERATURE IN F: :PCPN: SNOW: WIND :SUNSHINE: SKY :PK WND
================================================================================
1 2 3 4 5 6A 6B 7 8 9 10 11 12 13 14 15 16 17 18
12Z AVG MX 2MIN
DY MAX MIN AVG DEP HDD CDD WTR SNW DPTH SPD SPD DIR MIN PSBL S-S WX SPD DR
================================================================================
1 62 37 50 5 15 0 0.17 0.0 0 14.8 43 240 M M 6 13 59 250
2 50 30 40 -6 25 0 0.00 0.0 0 5.7 14 200 M M 6 19 200
3 67 39 53 7 12 0 T 0.0 0 7.7 17 10 M M 4 22 20
4 62 48 55 9 10 0 T 0.0 0 11.9 23 100 M M 10 29 100
5 79 49 64 17 1 0 0.11 0.0 0 14.1 39 240 M M 5 13 51 240
6 53 39 46 -1 19 0 0.00 0.0 0 11.2 21 250 M M 0 27 250
7 54 34 44 -4 21 0 0.00 0.0 0 6.4 14 350 M M 0 19 20
8 59 32 46 -2 19 0 0.00 0.0 0 7.0 16 50 M M 0 23 120
9 65 32 49 1 16 0 0.00 0.0 0 3.5 13 90 M M 0 16 100
10 69 32 51 2 14 0 0.00 0.0 0 3.5 14 250 M M 0 8 17 240
11 78 42 60 11 5 0 0.00 0.0 0 11.3 25 250 M M 0 8 31 250
12 83 59 71 21 0 6 0.00 0.0 0 15.9 29 260 M M 0 36 270
13 85 55 70 20 0 5 0.00 0.0 0 8.7 20 240 M M 0 25 240
14 85 47 66 16 0 1 0.00 0.0 0 2.5 12 90 M M 1 15 110
15 86 52 69 18 0 4 0.00 0.0 0 3.9 23 250 M M 3 30 250
16 74 42 58 7 7 0 0.11 0.0 0 11.8 33 240 M M 5 1 44 250
17 42 35 39 -13 26 0 0.03 T 0 18.3 33 250 M M 10 18 40 250
18 55 35 45 -7 20 0 T T 0 14.0 25 280 M M 6 38 260
19 64 32 48 -4 17 0 0.00 0.0 0 8.4 21 70 M M 1 25 60
20 83 47 65 12 0 0 T 0.0 0 9.3 24 90 M M 1 30 90
21 72 45 59 6 6 0 0.09 0.0 0 7.2 22 260 M M 6 1 31 260
22 57 38 48 -6 17 0 0.03 0.0 0 10.2 29 260 M M 10 36 260
23 48 36 42 -12 23 0 0.16 0.0 0 8.4 20 270 M M 8 1 24 270
24 50 34 42 -12 23 0 T 0.0 0 6.0 20 280 M M 9 26 290
25 46 30 38 -17 27 0 0.14 0.0 0 3.0 17 230 M M 7 128 21 240
26 57 30 44 -11 21 0 0.00 0.0 0 2.1 12 330 M M 3 128 14 340
27 63 32 48 -8 17 0 0.00 0.0 0 7.1 18 50 M M 0 1 23 60
28 54 46 50 -6 15 0 0.68 0.0 0 11.8 23 60 M M 9 12 29 50
29 67 48 58 2 7 0 0.24 0.0 0 8.7 26 270 M M 7 12 35 270
30 57 41 49 -8 16 0 0.43 0.0 0 8.9 23 250 M M 8 18 27 260
================================================================================
SM 1926 1198 399 16 2.19 T 263.3 M 125
================================================================================
AV 64.2 39.9 8.8 FASTST M M 4 MAX(MPH)
MISC ----> 43 240 59 250
================================================================================
NOTES:
# LAST OF SEVERAL OCCURRENCES
COLUMN 17 PEAK WIND IN M.P.H.
PRELIMINARY LOCAL CLIMATOLOGICAL DATA (WS FORM: F-6) , PAGE 2
STATION: TOLEDO OH
MONTH: APRIL
YEAR: 2023
LATITUDE: 41 35 N
LONGITUDE: 83 48 W
[TEMPERATURE DATA] [PRECIPITATION DATA] SYMBOLS USED IN COLUMN 16
AVERAGE MONTHLY: 52.1 TOTAL FOR MONTH: 2.19 1 = FOG OR MIST
DPTR FM NORMAL: 1.2 DPTR FM NORMAL: -1.26 2 = FOG REDUCING VISIBILITY
HIGHEST: 86 ON 15 GRTST 24HR 0.71 ON 28-29 TO 1/4 MILE OR LESS
LOWEST: 30 ON 26,25 3 = THUNDER
SNOW, ICE PELLETS, HAIL 4 = ICE PELLETS
TOTAL MONTH: T 5 = HAIL
GRTST 24HR T ON 17-17 6 = FREEZING RAIN OR DRIZZLE
GRTST DEPTH: 0 7 = DUSTSTORM OR SANDSTORM:
VSBY 1/2 MILE OR LESS
8 = SMOKE OR HAZE
[NO. OF DAYS WITH] [WEATHER - DAYS WITH] 9 = BLOWING SNOW
X = TORNADO
MAX 32 OR BELOW: 0 0.01 INCH OR MORE: 11
MAX 90 OR ABOVE: 0 0.10 INCH OR MORE: 8
MIN 32 OR BELOW: 8 0.50 INCH OR MORE: 1
MIN 0 OR BELOW: 0 1.00 INCH OR MORE: 0
[HDD (BASE 65) ]
TOTAL THIS MO. 399 CLEAR (SCALE 0-3) 14
DPTR FM NORMAL -34 PTCLDY (SCALE 4-7) 9
TOTAL FM JUL 1 4839 CLOUDY (SCALE 8-10) 7
DPTR FM NORMAL -620
[CDD (BASE 65) ]
TOTAL THIS MO. 16
DPTR FM NORMAL 6 [PRESSURE DATA]
TOTAL FM JAN 1 16 HIGHEST SLP 30.57 ON 7
DPTR FM NORMAL 5 LOWEST SLP 29.27 ON 1
[REMARKS]
#FINAL-04-23#