000
CXUS51 KCLE 021409
CF6TOL
PRELIMINARY LOCAL CLIMATOLOGICAL DATA (WS FORM: F-6)
STATION: TOLEDO OH
MONTH: SEPTEMBER
YEAR: 2023
LATITUDE: 41 35 N
LONGITUDE: 83 48 W
TEMPERATURE IN F: :PCPN: SNOW: WIND :SUNSHINE: SKY :PK WND
================================================================================
1 2 3 4 5 6A 6B 7 8 9 10 11 12 13 14 15 16 17 18
12Z AVG MX 2MIN
DY MAX MIN AVG DEP HDD CDD WTR SNW DPTH SPD SPD DIR MIN PSBL S-S WX SPD DR
================================================================================
1 81 49 65 -6 0 0 0.00 0.0 0 2.0 10 90 M M 0 14 100
2 87 54 71 0 0 6 0.00 0.0 0 5.8 18 260 M M 0 23 250
3 90 66 78 7 0 13 0.00 0.0 0 9.1 22 240 M M 0 30 250
4 91 73 82 12 0 17 0.00 0.0 0 7.4 16 220 M M 1 23 210
5 93 67 80 10 0 15 0.00 0.0 0 4.9 14 200 M M 1 21 210
6 84 72 78 8 0 13 0.51 0.0 0 5.8 17 250 M M 5 13 25 250
7 77 65 71 1 0 6 0.02 0.0 0 6.9 17 280 M M 8 18 21 280
8 70 61 66 -3 0 1 0.10 0.0 0 5.5 12 40 M M 10 1 15 50
9 70 62 66 -3 0 1 0.00 0.0 0 4.6 10 350 M M 10 14 350
10 77 58 68 0 0 3 0.00 0.0 0 2.9 10 330 M M 5 1 13 360
11 75 54 65 -3 0 0 T 0.0 0 2.1 9 330 M M 4 1 12 200
12 74 59 67 -1 0 2 0.10 0.0 0 7.3 16 320 M M 7 1 21 290
13 72 52 62 -6 3 0 0.00 0.0 0 4.4 12 10 M M 1 16 330
14 72 49 61 -6 4 0 0.00 0.0 0 2.7 10 60 M M 2 15 40
15 74 47 61 -6 4 0 0.00 0.0 0 2.7 14 60 M M 1 18 60
16 73 48 61 -5 4 0 0.00 0.0 0 0.6 9 190 M M 1 11 190
17 76 54 65 -1 0 0 0.01 0.0 0 1.9 14 20 M M 3 13 17 10
18 70 52 61 -5 4 0 0.00 0.0 0 6.3 15 340 M M 5 1 26 340
19 72 46 59 -6 6 0 T 0.0 0 2.6 10 240 M M 4 1 15 230
20 81 59 70 5 0 5 T 0.0 0 2.6 9 210 M M 5 13 130
21 83 54 69 5 0 4 0.00 0.0 0 2.4 10 90 M M 0 1 14 90
22 81 58 70 6 0 5 0.00 0.0 0 4.6 14 80 M M 0 20 70
23 74 51 63 -1 2 0 0.00 0.0 0 7.4 22 50 M M 0 30 40
24 79 54 67 4 0 2 0.00 0.0 0 6.6 17 40 M M 2 22 30
25 68 62 65 2 0 0 0.04 0.0 0 7.1 13 50 M M 10 1 18 60
26 72 62 67 5 0 2 0.03 0.0 0 4.6 13 70 M M 10 1 17 70
27 68 60 64 2 1 0 0.12 0.0 0 7.0 15 90 M M 10 1 21 90
28 69 62 66 4 0 1 0.14 0.0 0 6.7 14 40 M M 10 138 18 50
29 74 57 66 5 0 1 0.00 0.0 0 4.8 10 50 M M 7 18 13 60
30 78 55 67 6 0 2 0.00 0.0 0 2.7 12 30 M M 5 12 15 30
================================================================================
SM 2305 1722 28 99 1.07 0.0 142.0 M 127
================================================================================
AV 76.8 57.4 4.7 FASTST M M 4 MAX(MPH)
MISC ----> # 22 240 # 30 250
================================================================================
NOTES:
# LAST OF SEVERAL OCCURRENCES
COLUMN 17 PEAK WIND IN M.P.H.
PRELIMINARY LOCAL CLIMATOLOGICAL DATA (WS FORM: F-6) , PAGE 2
STATION: TOLEDO OH
MONTH: SEPTEMBER
YEAR: 2023
LATITUDE: 41 35 N
LONGITUDE: 83 48 W
[TEMPERATURE DATA] [PRECIPITATION DATA] SYMBOLS USED IN COLUMN 16
AVERAGE MONTHLY: 67.1 TOTAL FOR MONTH: 1.07 1 = FOG OR MIST
DPTR FM NORMAL: 0.7 DPTR FM NORMAL: -1.86 2 = FOG REDUCING VISIBILITY
HIGHEST: 93 ON 5 GRTST 24HR 0.51 ON 6- 6 TO 1/4 MILE OR LESS
LOWEST: 46 ON 19 3 = THUNDER
SNOW, ICE PELLETS, HAIL 4 = ICE PELLETS
TOTAL MONTH: 0.0 INCH 5 = HAIL
GRTST 24HR 0.0 6 = FREEZING RAIN OR DRIZZLE
GRTST DEPTH: 0 7 = DUSTSTORM OR SANDSTORM:
VSBY 1/2 MILE OR LESS
8 = SMOKE OR HAZE
[NO. OF DAYS WITH] [WEATHER - DAYS WITH] 9 = BLOWING SNOW
X = TORNADO
MAX 32 OR BELOW: 0 0.01 INCH OR MORE: 9
MAX 90 OR ABOVE: 3 0.10 INCH OR MORE: 5
MIN 32 OR BELOW: 0 0.50 INCH OR MORE: 1
MIN 0 OR BELOW: 0 1.00 INCH OR MORE: 0
[HDD (BASE 65) ]
TOTAL THIS MO. 28 CLEAR (SCALE 0-3) 14
DPTR FM NORMAL -45 PTCLDY (SCALE 4-7) 9
TOTAL FM JUL 1 31 CLOUDY (SCALE 8-10) 7
DPTR FM NORMAL -47
[CDD (BASE 65) ]
TOTAL THIS MO. 99
DPTR FM NORMAL -16 [PRESSURE DATA]
TOTAL FM JAN 1 822 HIGHEST SLP 30.29 ON 30
DPTR FM NORMAL -180 LOWEST SLP 29.74 ON 6
[REMARKS]
#FINAL-09-23#