000
CXUS53 KTOP 010810
CF6TOP
PRELIMINARY LOCAL CLIMATOLOGICAL DATA (WS FORM: F-6)
STATION: TOPEKA KS
MONTH: AUGUST
YEAR: 2022
LATITUDE: 39 4 N
LONGITUDE: 95 38 W
TEMPERATURE IN F: :PCPN: SNOW: WIND :SUNSHINE: SKY :PK WND
================================================================================
1 2 3 4 5 6A 6B 7 8 9 10 11 12 13 14 15 16 17 18
12Z AVG MX 2MIN
DY MAX MIN AVG DEP HDD CDD WTR SNW DPTH SPD SPD DIR MIN PSBL S-S WX SPD DR
================================================================================
1 97 72 85 5 0 20 0.00 0.0 0 5.3 14 180 M M 0 20 170
2 101 78 90 10 0 25 0.00 0.0 0 9.5 16 150 M M 0 24 160
3 88 75 82 2 0 17 0.42 0.0 0 6.2 18 160 M M 4 13 23 150
4 92 74 83 3 0 18 0.68 0.0 0 4.1 18 50 M M 4 13 25 50
5 94 73 84 4 0 19 0.00 0.0 0 6.4 14 120 M M 1 1 22 130
6 99 78 89 9 0 24 0.00 0.0 0 9.0 18 170 M M 1 26 180
7 98 79 89 10 0 24 0.00 0.0 0 9.5 18 160 M M 0 25 180
8 86 66 76 -3 0 11 0.05 0.0 0 5.8 14 360 M M 6 13 20 200
9 88 62 75 -4 0 10 0.00 0.0 0 3.3 12 100 M M 1 12 16 80
10 90 61 76 -3 0 11 0.00 0.0 0 3.2 10 100 M M 0 12 17 90
11 91 59 75 -4 0 10 0.00 0.0 0 1.3 10 80 M M 0 12 15 40
12 93 61 77 -2 0 12 0.00 0.0 0 5.2 14 120 M M 0 12 19 190
13 100 64 82 3 0 17 0.00 0.0 0 5.0 14 230 M M 0 21 180
14 96 70 83 5 0 18 0.00 0.0 0 5.3 13 60 M M 0 22 50
15 94 70 82 4 0 17 0.00 0.0 0 9.6 21 90 M M 0 27 80
16 74 67 71 -7 0 6 0.51 0.0 0 8.8 14 50 M M 9 1 24 20
17 86 64 75 -3 0 10 0.00 0.0 0 4.2 14 80 M M 2 1 21 60
18 88 62 75 -3 0 10 0.00 0.0 0 2.2 12 180 M M 2 12 19 220
19 82 68 75 -3 0 10 0.22 0.0 0 5.8 24 210 M M 4 13 31 210
20 88 65 77 0 0 12 0.00 0.0 0 5.5 15 300 M M 2 24 240
21 88 60 74 -3 0 9 0.00 0.0 0 2.2 10 50 M M 1 1 15 360
22 89 62 76 -1 0 11 0.00 0.0 0 2.1 10 60 M M 2 12 14 60
23 89 63 76 -1 0 11 0.00 0.0 0 1.3 12 130 M M 1 1 16 110
24 93 62 78 2 0 13 0.00 0.0 0 1.5 13 130 M M 0 12 18 140
25 96 65 81 5 0 16 0.00 0.0 0 2.0 12 40 M M 0 16 40
26 96 68 82 6 0 17 0.00 0.0 0 3.1 12 160 M M 0 15 150
27 96 72 84 8 0 19 0.66 0.0 0 6.0 25 240 M M 1 13 35 250
28 92 70 81 5 0 16 0.90 0.0 0 7.9 20 170 M M 5 13 29 160
29 92 71 82 7 0 17 T 0.0 0 5.2 16 180 M M 1 21 180
30 90 65 78 3 0 13 0.00 0.0 0 3.1 13 30 M M 1 1 18 20
31 90 59 75 0 0 10 0.00 0.0 0 2.0 10 160 M M 1 12 15 150
================================================================================
SM 2836 2085 0 453 3.44 0.0 151.6 M 49
================================================================================
AV 91.5 67.3 4.9 FASTST M M 2 MAX(MPH)
MISC ----> 25 240 35 250
================================================================================
NOTES:
# LAST OF SEVERAL OCCURRENCES
COLUMN 17 PEAK WIND IN M.P.H.
PRELIMINARY LOCAL CLIMATOLOGICAL DATA (WS FORM: F-6) , PAGE 2
STATION: TOPEKA KS
MONTH: AUGUST
YEAR: 2022
LATITUDE: 39 4 N
LONGITUDE: 95 38 W
[TEMPERATURE DATA] [PRECIPITATION DATA] SYMBOLS USED IN COLUMN 16
AVERAGE MONTHLY: 79.4 TOTAL FOR MONTH: 3.44 1 = FOG OR MIST
DPTR FM NORMAL: 1.5 DPTR FM NORMAL: -1.11 2 = FOG REDUCING VISIBILITY
HIGHEST: 101 ON 2 GRTST 24HR 1.56 ON 27-28 TO 1/4 MILE OR LESS
LOWEST: 59 ON 31,11 3 = THUNDER
SNOW, ICE PELLETS, HAIL 4 = ICE PELLETS
TOTAL MONTH: 0.0 INCH 5 = HAIL
GRTST 24HR 0.0 6 = FREEZING RAIN OR DRIZZLE
GRTST DEPTH: 0 7 = DUSTSTORM OR SANDSTORM:
VSBY 1/2 MILE OR LESS
8 = SMOKE OR HAZE
[NO. OF DAYS WITH] [WEATHER - DAYS WITH] 9 = BLOWING SNOW
X = TORNADO
MAX 32 OR BELOW: 0 0.01 INCH OR MORE: 7
MAX 90 OR ABOVE: 20 0.10 INCH OR MORE: 6
MIN 32 OR BELOW: 0 0.50 INCH OR MORE: 4
MIN 0 OR BELOW: 0 1.00 INCH OR MORE: 0
[HDD (BASE 65) ]
TOTAL THIS MO. 0 CLEAR (SCALE 0-3) 25
DPTR FM NORMAL -1 PTCLDY (SCALE 4-7) 5
TOTAL FM JUL 1 0 CLOUDY (SCALE 8-10) 1
DPTR FM NORMAL 0
[CDD (BASE 65) ]
TOTAL THIS MO. 453
DPTR FM NORMAL 54 [PRESSURE DATA]
TOTAL FM JAN 1 1576 HIGHEST SLP M ON M
DPTR FM NORMAL 256 LOWEST SLP 29.63 ON 28
[REMARKS]
#FINAL-08-22#