000
CXUS55 KCYS 020056
CF6TOR
PRELIMINARY LOCAL CLIMATOLOGICAL DATA (WS FORM: F-6)
STATION: TORRINGTON WY AIRPORT
MONTH: MARCH
YEAR: 2022
LATITUDE: 42 3 N
LONGITUDE: 104 9 W
TEMPERATURE IN F: :PCPN: SNOW: WIND :SUNSHINE: SKY :PK WND
================================================================================
1 2 3 4 5 6A 6B 7 8 9 10 11 12 13 14 15 16 17 18
12Z AVG MX 2MIN
DY MAX MIN AVG DEP HDD CDD WTR SNW DPTH SPD SPD DIR MIN PSBL S-S WX SPD DR
================================================================================
1 68 43 56 22 9 0 0.00 M M 14.2 30 290 M M 0 46 280
2 71 32 52 18 13 0 0.00 M M 7.9 24 300 M M 0 34 260
3 61 28 45 10 20 0 0.00 M M 9.7 20 100 M M 0 26 100
4 65 24 45 10 20 0 0.00 M M 7.2 21 10 M M 1 25 50
5 30 18 24 -12 41 0 0.00 M M 12.0 28 310 M M 10 1 40 300
6 24 13 19 -17 46 0 T M M 9.0 17 350 M M 7 28 340
7 31 3 17 -19 48 0 0.00 M M 5.7 13 330 M M 0 17 320
8 30 11 21 -16 44 0 T M M 10.6 24 330 M M 5 1 34 350
9 17 2 10 -27 55 0 T M M 6.4 20 80 M M 10 1 24 80
10 20 -11 5 -32 60 0 0.00 M M 4.5 13 270 M M 0 16 260
11 30 -4 13 -25 52 0 0.00 M M 7.5 20 270 M M 1 28 270
12 49 18 34 -4 31 0 0.00 M M 15.9 37 260 M M 4 54 260
13 62 28 45 7 20 0 0.00 M M 12.4 30 260 M M 1 43 270
14 56 30 43 4 22 0 0.00 M M 11.5 25 330 M M 1 38 330
15 67 26 47 8 18 0 0.00 M M 12.0 30 250 M M 0 44 240
16 56 33 45 5 20 0 T M M 9.9 31 330 M M 5 43 320
17 49 28 39 -1 26 0 T M M 9.2 23 360 M M 5 28 360
18 57 20 39 -1 26 0 0.00 M M 5.8 22 270 M M 0 35 310
19 61 26 44 4 21 0 0.00 M M 6.4 16 270 M M 0 23 280
20 66 30 48 7 17 0 0.00 M M 9.0 30 300 M M 2 40 290
21 46 29 38 -3 27 0 T M M 18.1 30 340 M M 5 50 350
22 48 25 37 -4 28 0 T M M 16.2 38 360 M M 3 50 350
23 57 26 42 0 23 0 0.00 M M 14.9 29 360 M M 0 43 340
24 70 24 47 5 18 0 0.00 M M 9.4 26 30 M M 2 46 320
25 55 37 46 4 19 0 0.00 M M 8.9 24 360 M M 5 30 360
26 62 30 46 4 19 0 0.00 M M 10.8 21 100 M M 1 29 100
27 66 28 47 5 18 0 0.00 M M 13.4 18 110 M M 0 25 110
28 80 34 57 14 8 0 0.00 M M 7.1 24 250 M M 0 31 260
29 57 31 44 1 21 0 T M M 18.3 38 340 M M 7 57 330
30 45 24 35 -8 30 0 T M M 16.2 33 320 M M 3 47 330
31 62 16 39 -4 26 0 0.00 M M 4.7 21 180 M M 2 27 170
================================================================================
SM 1618 702 846 0 T M 324.8 M 80
================================================================================
AV 52.2 22.6 10.5 FASTST M M 3 MAX(MPH)
MISC ----> # 38 340 57 330
================================================================================
NOTES:
# LAST OF SEVERAL OCCURRENCES
COLUMN 17 PEAK WIND IN M.P.H.
PRELIMINARY LOCAL CLIMATOLOGICAL DATA (WS FORM: F-6) , PAGE 2
STATION: TORRINGTON WY AIRPORT
MONTH: MARCH
YEAR: 2022
LATITUDE: 42 3 N
LONGITUDE: 104 9 W
[TEMPERATURE DATA] [PRECIPITATION DATA] SYMBOLS USED IN COLUMN 16
AVERAGE MONTHLY: 37.4 TOTAL FOR MONTH: T 1 = FOG OR MIST
DPTR FM NORMAL: -1.8 DPTR FM NORMAL: -0.66 2 = FOG REDUCING VISIBILITY
HIGHEST: 80 ON 28 GRTST 24HR T ON 5- 5 TO 1/4 MILE OR LESS
LOWEST: -11 ON 10 3 = THUNDER
SNOW, ICE PELLETS, HAIL 4 = ICE PELLETS
TOTAL MONTH: M 5 = HAIL
GRTST 24HR M ON M 6 = FREEZING RAIN OR DRIZZLE
GRTST DEPTH: M ON M 7 = DUSTSTORM OR SANDSTORM:
VSBY 1/2 MILE OR LESS
8 = SMOKE OR HAZE
[NO. OF DAYS WITH] [WEATHER - DAYS WITH] 9 = BLOWING SNOW
X = TORNADO
MAX 32 OR BELOW: 7 0.01 INCH OR MORE: 0
MAX 90 OR ABOVE: 0 0.10 INCH OR MORE: 0
MIN 32 OR BELOW: 27 0.50 INCH OR MORE: 0
MIN 0 OR BELOW: 2 1.00 INCH OR MORE: 0
[HDD (BASE 65) ]
TOTAL THIS MO. 846 CLEAR (SCALE 0-3) 21
DPTR FM NORMAL 46 PTCLDY (SCALE 4-7) 8
TOTAL FM JUL 1 4935 CLOUDY (SCALE 8-10) 2
DPTR FM NORMAL -628
[CDD (BASE 65) ]
TOTAL THIS MO. 0
DPTR FM NORMAL 0 [PRESSURE DATA]
TOTAL FM JAN 1 0 HIGHEST SLP 30.45 ON 7
DPTR FM NORMAL 0 LOWEST SLP 29.36 ON 29
[REMARKS]
#FINAL-03-22#