000
CXUS54 KFWD 010732
CF6TPL
PRELIMINARY LOCAL CLIMATOLOGICAL DATA (WS FORM: F-6)
STATION: TEMPLE
MONTH: AUGUST
YEAR: 2023
LATITUDE: 31 8 N
LONGITUDE: 97 25 W
TEMPERATURE IN F: :PCPN: SNOW: WIND :SUNSHINE: SKY :PK WND
================================================================================
1 2 3 4 5 6A 6B 7 8 9 10 11 12 13 14 15 16 17 18
12Z AVG MX 2MIN
DY MAX MIN AVG DEP HDD CDD WTR SNW DPTH SPD SPD DIR MIN PSBL S-S WX SPD DR
================================================================================
1 105 80 93 9 0 28 0.00 M M 7.2 14 130 M M 0 17 99
2 105 77 91 7 0 26 0.00 M M 10.9 17 160 M M 0 8 23 120
3 103 76 90 6 0 25 0.00 M M 11.8 16 180 M M 0 24 180
4 105 79 92 8 0 27 0.00 M M 12.2 17 170 M M 0 22 160
5 104 79 92 8 0 27 0.00 M M 11.2 16 210 M M 0 21 180
6 104 79 92 8 0 27 0.00 M M 12.9 17 160 M M 0 22 170
7 105 79 92 8 0 27 0.00 M M 13.8 20 170 M M 0 26 160
8 104 79 92 8 0 27 0.00 M M 15.0 24 170 M M 0 26 160
9 106 78 92 8 0 27 0.00 M M 18.2 23 170 M M 0 35 190
10 107 80 94 10 0 29 0.00 M M 16.3 25 170 M M 0 31 170
11 106 79 93 9 0 28 0.00 M M 17.5 22 170 M M 0 33 200
12 106 79 93 9 0 28 0.00 M M 16.5 23 160 M M 1 30 170
13 105 78 92 8 0 27 0.00 M M 13.4 17 160 M M 1 26 170
14 106 76 91 7 0 26 0.00 M M 9.5 17 170 M M 0 M M
15 98 75 87 3 0 22 0.00 M M 9.2 15 10 M M 0 23 20
16 101 64 83 -1 0 18 0.00 M M 5.6 10 70 M M 0 16 30
17 110 72 91 7 0 26 0.00 M M 7.4 13 180 M M 0 17 240
18 106 77 92 8 0 27 0.00 M M 8.8 14 140 M M 0 21 99
19 105 75 90 6 0 25 0.00 M M 8.7 15 110 M M 0 20 110
20 107 79 93 9 0 28 0.00 M M 6.2 12 70 M M 1 17 70
21 105 77 91 8 0 26 0.00 M M 8.1 15 100 M M 1 23 130
22 103 77 90 7 0 25 0.00 M M 9.7 18 110 M M 0 28 110
23 102 75 89 6 0 24 0.00 M M 8.0 15 120 M M 0 23 120
24 107 78 93 10 0 28 0.00 M M 5.5 12 140 M M 1 16 140
25 108 78 93 10 0 28 0.00 M M 7.5 14 180 M M 1 18 120
26 107 80 94 11 0 29 0.00 M M 8.1 13 190 M M 0 M M
27 108 73 91 9 0 26 0.11 M M 7.1 21 340 M M 2 3 36 330
28 98 72 85 3 0 20 0.00 M M 6.8 14 360 M M 1 20 360
29 98 71 85 3 0 20 0.00 M M 7.7 15 350 M M 1 24 40
30 100 68 84 2 0 19 0.00 M M 7.2 16 10 M M 0 23 10
31 100 67 84 2 0 19 0.00 M M 5.8 13 80 M M 1 20 99
================================================================================
SM 3234 2356 0 789 0.11 M 313.8 M 11
================================================================================
AV104.3 76.0 10.1 FASTST M M 0 MAX(MPH)
MISC ----> 25 170 36 330
================================================================================
NOTES:
# LAST OF SEVERAL OCCURRENCES
COLUMN 17 PEAK WIND IN M.P.H.
PRELIMINARY LOCAL CLIMATOLOGICAL DATA (WS FORM: F-6) , PAGE 2
STATION: TEMPLE
MONTH: AUGUST
YEAR: 2023
LATITUDE: 31 8 N
LONGITUDE: 97 25 W
[TEMPERATURE DATA] [PRECIPITATION DATA] SYMBOLS USED IN COLUMN 16
AVERAGE MONTHLY: 90.2 TOTAL FOR MONTH: 0.11 1 = FOG OR MIST
DPTR FM NORMAL: 6.8 DPTR FM NORMAL: -2.53 2 = FOG REDUCING VISIBILITY
HIGHEST: 110 ON 17 GRTST 24HR 0.11 ON 27-27 TO 1/4 MILE OR LESS
LOWEST: 64 ON 16 3 = THUNDER
SNOW, ICE PELLETS, HAIL 4 = ICE PELLETS
TOTAL MONTH: M 5 = HAIL
GRTST 24HR M ON M 6 = FREEZING RAIN OR DRIZZLE
GRTST DEPTH: M ON M 7 = DUSTSTORM OR SANDSTORM:
VSBY 1/2 MILE OR LESS
8 = SMOKE OR HAZE
[NO. OF DAYS WITH] [WEATHER - DAYS WITH] 9 = BLOWING SNOW
X = TORNADO
MAX 32 OR BELOW: 0 0.01 INCH OR MORE: 1
MAX 90 OR ABOVE: 31 0.10 INCH OR MORE: 1
MIN 32 OR BELOW: 0 0.50 INCH OR MORE: 0
MIN 0 OR BELOW: 0 1.00 INCH OR MORE: 0
[HDD (BASE 65) ]
TOTAL THIS MO. 0 CLEAR (SCALE 0-3) 31
DPTR FM NORMAL 0 PTCLDY (SCALE 4-7) 0
TOTAL FM JUL 1 0 CLOUDY (SCALE 8-10) 0
DPTR FM NORMAL 0
[CDD (BASE 65) ]
TOTAL THIS MO. 789
DPTR FM NORMAL 217 [PRESSURE DATA]
TOTAL FM JAN 1 2507 HIGHEST SLP M ON M
DPTR FM NORMAL 552 LOWEST SLP M ON M
[REMARKS]
#FINAL-08-23#