474
CXUS53 KOAX 011000
CF6TQE
PRELIMINARY LOCAL CLIMATOLOGICAL DATA (WS FORM: F-6)
STATION: TEKAMAH NE
MONTH: SEPTEMBER
YEAR: 2020
LATITUDE: 41 46 N
LONGITUDE: 96 11 W
TEMPERATURE IN F: :PCPN: SNOW: WIND :SUNSHINE: SKY :PK WND
================================================================================
1 2 3 4 5 6A 6B 7 8 9 10 11 12 13 14 15 16 17 18
12Z AVG MX 2MIN
DY MAX MIN AVG DEP HDD CDD WTR SNW DPTH SPD SPD DIR MIN PSBL S-S WX SPD DR
================================================================================
1 81 50 66 -4 0 1 0.00 M M 5.4 16 140 M M 1 23 120
2 91 51 71 2 0 6 0.00 M M 4.4 12 200 M M 2 12 18 210
3 79 50 65 -4 0 0 0.00 M M 9.4 20 350 M M 0 37 340
4 87 49 68 -1 0 3 0.00 M M 6.7 18 220 M M 0 8 28 220
5 95 51 73 5 0 8 0.00 M M 6.5 17 150 M M 0 26 150
6 98 65 82 14 0 17 0.00 M M 8.9 16 350 M M 0 27 170
7 75 52 64 -4 1 0 0.00 M M 12.3 30 20 M M 4 43 30
8 53 43 48 -20 17 0 1.34 M M 15.1 24 10 M M 10 13 35 10
9 51 43 47 -20 18 0 0.79 M M 11.7 20 10 M M 10 1 30 360
10 59 45 52 -15 13 0 0.21 M M 9.3 16 40 M M 10 1 22 40
11 59 49 54 -12 11 0 0.11 M M 3.3 9 90 M M 10 12 13 100
12 70 48 59 -7 6 0 0.07 M M 3.9 13 330 M M 7 12 17 320
13 83 44 64 -2 1 0 0.00 M M 3.6 8 170 M M 0 1 13 270
14 83 48 66 1 0 1 0.00 M M 6.9 15 160 M M 0 1 23 170
15 84 50 67 2 0 2 0.00 M M 9.0 20 200 M M 2 12 31 230
16 77 50 64 -1 1 0 0.00 M M 8.5 20 360 M M 1 12 28 360
17 72 45 59 -5 6 0 0.00 M M 5.3 8 350 M M 0 11 50
18 73 47 60 -4 5 0 0.00 M M 5.0 12 100 M M 5 17 80
19 75 51 63 0 2 0 0.00 M M 10.9 21 150 M M 2 32 160
20 80 52 66 3 0 1 0.00 M M 11.9 24 170 M M 0 35 160
21 83 51 67 5 0 2 0.00 M M 9.7 20 160 M M 0 30 170
22 85 49 67 5 0 2 0.00 M M 7.9 17 160 M M 0 1 27 190
23 83 51 67 5 0 2 0.00 M M 8.6 18 190 M M 2 1 30 160
24 88 53 71 10 0 6 0.00 M M 3.6 9 160 M M 0 18 15 190
25 91 52 72 11 0 7 0.00 M M 6.2 14 220 M M 0 1 21 160
26 93 53 73 13 0 8 0.00 M M 8.5 20 300 M M 0 30 300
27 73 53 63 3 2 0 T M M 7.6 22 320 M M 3 35 310
28 65 44 55 -4 10 0 0.00 M M 13.4 25 300 M M 6 37 310
29 83 42 63 4 2 0 0.00 M M 8.9 24 320 M M 1 36 340
30 71 49 60 2 5 0 0.00 M M 12.7 28 330 M M 1 43 340
================================================================================
SM 2340 1480 100 66 2.52 M 245.1 M 77
================================================================================
AV 78.0 49.3 8.2 FASTST M M 3 MAX(MPH)
MISC ----> # 30 20 # 43 30
================================================================================
NOTES:
# LAST OF SEVERAL OCCURRENCES
COLUMN 17 PEAK WIND IN M.P.H.
PRELIMINARY LOCAL CLIMATOLOGICAL DATA (WS FORM: F-6) , PAGE 2
STATION: TEKAMAH NE
MONTH: SEPTEMBER
YEAR: 2020
LATITUDE: 41 46 N
LONGITUDE: 96 11 W
[TEMPERATURE DATA] [PRECIPITATION DATA] SYMBOLS USED IN COLUMN 16
AVERAGE MONTHLY: 63.7 TOTAL FOR MONTH: 2.52 1 = FOG OR MIST
DPTR FM NORMAL: -0.8 DPTR FM NORMAL: -0.52 2 = FOG REDUCING VISIBILITY
HIGHEST: 98 ON 6 GRTST 24HR 1.34 ON 8- 8 TO 1/4 MILE OR LESS
LOWEST: 42 ON 29 3 = THUNDER
SNOW, ICE PELLETS, HAIL 4 = ICE PELLETS
TOTAL MONTH: M 5 = HAIL
GRTST 24HR M ON M 6 = FREEZING RAIN OR DRIZZLE
GRTST DEPTH: M ON M 7 = DUSTSTORM OR SANDSTORM:
VSBY 1/2 MILE OR LESS
8 = SMOKE OR HAZE
[NO. OF DAYS WITH] [WEATHER - DAYS WITH] 9 = BLOWING SNOW
X = TORNADO
MAX 32 OR BELOW: 0 0.01 INCH OR MORE: 5
MAX 90 OR ABOVE: 5 0.10 INCH OR MORE: 4
MIN 32 OR BELOW: 0 0.50 INCH OR MORE: 2
MIN 0 OR BELOW: 0 1.00 INCH OR MORE: 1
[HDD (BASE 65) ]
TOTAL THIS MO. 100 CLEAR (SCALE 0-3) 22
DPTR FM NORMAL -8 PTCLDY (SCALE 4-7) 4
TOTAL FM JUL 1 103 CLOUDY (SCALE 8-10) 4
DPTR FM NORMAL -15
[CDD (BASE 65) ]
TOTAL THIS MO. 66
DPTR FM NORMAL -27 [PRESSURE DATA]
TOTAL FM JAN 1 1086 HIGHEST SLP 30.43 ON 10
DPTR FM NORMAL 114 LOWEST SLP 29.46 ON 26
[REMARKS]
#FINAL-09-20#