000
CXUS54 KFWD 010831
CF6TRL
PRELIMINARY LOCAL CLIMATOLOGICAL DATA (WS FORM: F-6)
STATION: TERRELL
MONTH: FEBRUARY
YEAR: 2023
LATITUDE: 32 42 N
LONGITUDE: 96 16 W
TEMPERATURE IN F: :PCPN: SNOW: WIND :SUNSHINE: SKY :PK WND
================================================================================
1 2 3 4 5 6A 6B 7 8 9 10 11 12 13 14 15 16 17 18
12Z AVG MX 2MIN
DY MAX MIN AVG DEP HDD CDD WTR SNW DPTH SPD SPD DIR MIN PSBL S-S WX SPD DR
================================================================================
1 32 26 29 -19 36 0 0.02 M M 7.8 14 360 M M 10 16 19 360
2 35 32 34 -14 31 0 0.11 M M 7.3 14 330 M M 10 16 20 330
3 54 29 42 -6 23 0 0.00 M M 3.9 10 350 M M 3 1 15 350
4 59 31 45 -4 20 0 0.00 M M 7.8 21 200 M M 0 27 180
5 67 42 55 6 10 0 0.00 M M 6.6 14 210 M M 0 1 21 170
6 72 52 62 13 3 0 M M M 14.4 28 170 M M 5 1 36 170
7 67 51 59 10 6 0 1.37 M M 8.6 20 170 M M 10 13 27 160
8 52 38 45 -4 20 0 0.12 M M 9.0 21 270 M M 9 13 29 280
9 64 32 48 -1 17 0 0.00 M M 5.5 12 350 M M 0 1 17 10
10 50 37 44 -6 21 0 T M M 12.3 21 320 M M 10 29 310
11 54 35 45 -5 20 0 0.00 M M 6.9 14 320 M M 6 20 350
12 64 29 47 -3 18 0 0.00 M M 5.4 15 220 M M 0 18 20 210
13 65 39 52 2 13 0 T M M 8.2 23 140 M M 0 31 140
14 71 51 61 11 4 0 0.32 M M 13.8 37 140 M M 4 1 54 140
15 77 45 61 10 4 0 0.00 M M 10.7 25 160 M M 2 18 33 160
16 69 36 53 2 12 0 0.04 M M 15.5 26 300 M M 6 1 38 290
17 50 31 41 -10 24 0 0.00 M M 7.0 17 340 M M 0 27 330
18 54 27 41 -10 24 0 0.00 M M 6.6 20 170 M M 0 30 170
19 70 42 56 4 9 0 0.00 M M 10.3 20 230 M M 0 27 230
20 79 56 68 16 0 3 0.00 M M 11.5 22 250 M M 0 29 240
21 86 62 74 22 0 9 0.00 M M 13.8 26 180 M M 0 40 160
22 77 59 68 16 0 3 0.12 M M 11.1 28 180 M M 5 18 42 180
23 63 44 54 2 11 0 0.05 M M 10.8 20 350 M M 2 12 32 350
24 54 43 49 -4 16 0 T M M 9.4 15 30 M M 10 21 40
25 51 40 46 -7 19 0 T M M 5.5 12 350 M M 10 1 17 350
26 78 49 64 11 1 0 T M M 10.4 32 180 M M 7 128 44 180
27 74 50 62 8 3 0 0.02 M M 8.2 24 210 M M 2 8 35 280
28 83 45 64 10 1 0 0.00 M M 5.1 13 170 M M 0 8 19 190
================================================================================
SM 1771 1153 366 15 2.17 M 253.4 M 111
================================================================================
AV 63.3 41.2 9.1 FASTST M M 4 MAX(MPH)
MISC ----> 37 140 54 140
================================================================================
NOTES:
# LAST OF SEVERAL OCCURRENCES
COLUMN 17 PEAK WIND IN M.P.H.
PRELIMINARY LOCAL CLIMATOLOGICAL DATA (WS FORM: F-6) , PAGE 2
STATION: TERRELL
MONTH: FEBRUARY
YEAR: 2023
LATITUDE: 32 42 N
LONGITUDE: 96 16 W
[TEMPERATURE DATA] [PRECIPITATION DATA] SYMBOLS USED IN COLUMN 16
AVERAGE MONTHLY: 52.2 TOTAL FOR MONTH: 2.17 1 = FOG OR MIST
DPTR FM NORMAL: 1.5 DPTR FM NORMAL: -0.56 2 = FOG REDUCING VISIBILITY
HIGHEST: 86 ON 21 GRTST 24HR 1.49 ON 7- 8 TO 1/4 MILE OR LESS
LOWEST: 26 ON 1 3 = THUNDER
SNOW, ICE PELLETS, HAIL 4 = ICE PELLETS
TOTAL MONTH: M 5 = HAIL
GRTST 24HR M ON M 6 = FREEZING RAIN OR DRIZZLE
GRTST DEPTH: M ON M 7 = DUSTSTORM OR SANDSTORM:
VSBY 1/2 MILE OR LESS
8 = SMOKE OR HAZE
[NO. OF DAYS WITH] [WEATHER - DAYS WITH] 9 = BLOWING SNOW
X = TORNADO
MAX 32 OR BELOW: 1 0.01 INCH OR MORE: 9
MAX 90 OR ABOVE: 0 0.10 INCH OR MORE: 5
MIN 32 OR BELOW: 8 0.50 INCH OR MORE: 1
MIN 0 OR BELOW: 0 1.00 INCH OR MORE: 1
[HDD (BASE 65) ]
TOTAL THIS MO. 366 CLEAR (SCALE 0-3) 15
DPTR FM NORMAL -44 PTCLDY (SCALE 4-7) 6
TOTAL FM JUL 1 1709 CLOUDY (SCALE 8-10) 7
DPTR FM NORMAL -152
[CDD (BASE 65) ]
TOTAL THIS MO. 15
DPTR FM NORMAL 7 [PRESSURE DATA]
TOTAL FM JAN 1 22 HIGHEST SLP 30.61 ON 3
DPTR FM NORMAL 19 LOWEST SLP 29.49 ON 22
[REMARKS]
#FINAL-02-23#