000
CXUS56 KPQR 011201
CF6TTD
PRELIMINARY LOCAL CLIMATOLOGICAL DATA (WS FORM: F-6)
STATION: TROUTDALE OR
MONTH: MARCH
YEAR: 2023
LATITUDE: 45 33 N
LONGITUDE: 122 25 W
TEMPERATURE IN F: :PCPN: SNOW: WIND :SUNSHINE: SKY :PK WND
================================================================================
1 2 3 4 5 6A 6B 7 8 9 10 11 12 13 14 15 16 17 18
12Z AVG MX 2MIN
DY MAX MIN AVG DEP HDD CDD WTR SNW DPTH SPD SPD DIR MIN PSBL S-S WX SPD DR
================================================================================
1 48 35 42 -4 23 0 0.00 M M 3.2 7 140 M M 9 18 9 90
2 50 38 44 -2 21 0 0.03 M M 7.4 24 220 M M 9 32 210
3 49 39 44 -3 21 0 0.07 M M 8.3 20 200 M M 9 8 24 200
4 49 38 44 -3 21 0 0.12 M M 8.8 26 240 M M 9 35 240
5 47 34 41 -6 24 0 T M M 7.8 18 110 M M 7 23 100
6 48 35 42 -5 23 0 0.27 M M 7.7 17 90 M M 10 1 20 80
7 50 35 43 -4 22 0 0.15 M M 7.8 22 210 M M 8 27 210
8 46 31 39 -8 26 0 0.04 M M 4.0 14 90 M M 8 18 18 90
9 43 39 41 -7 24 0 0.18 M M 18.9 26 90 M M 10 33 100
10 50 39 45 -3 20 0 0.10 M M 6.7 23 90 M M 9 18 29 90
11 55 39 47 -1 18 0 0.04 M M 6.2 14 90 M M 7 17 90
12 46 40 43 -5 22 0 0.14 M M 17.6 25 90 M M 8 32 90
13 46 39 43 -5 22 0 1.14 M M 6.3 21 90 M M 10 1 26 90
14 55 36 46 -2 19 0 T M M 6.6 18 110 M M 4 22 100
15 53 34 44 -4 21 0 0.03 M M 3.5 10 230 M M 7 14 230
16 60 32 46 -2 19 0 0.00 M M 14.2 25 100 M M 0 33 100
17 63 45 54 5 11 0 0.00 M M 17.1 25 90 M M 0 32 100
18 67 46 57 8 8 0 0.00 M M 14.2 22 100 M M 1 28 90
19 58 48 53 4 12 0 0.14 M M 12.9 23 90 M M 6 1 29 90
20 53 45 49 0 16 0 0.08 M M 8.8 18 220 M M 10 1 24 240
21 64 38 51 2 14 0 0.00 M M 4.7 20 70 M M 3 12 26 60
22 66 34 50 1 15 0 0.15 M M 4.5 17 240 M M 2 3 24 230
23 51 41 46 -3 19 0 0.10 M M 10.2 22 240 M M 10 28 250
24 47 36 42 -7 23 0 0.55 M M 7.0 18 230 M M 10 1 25 240
25 50 37 44 -5 21 0 0.01 M M 3.9 12 320 M M 9 17 320
26 52 35 44 -6 21 0 0.01 M M 4.4 13 250 M M 8 18 220
27 56 32 44 -6 21 0 T M M 11.4 21 100 M M 4 29 120
28 52 39 46 -4 19 0 0.28 M M 11.2 23 110 M M 10 28 90
29 59 38 49 -1 16 0 0.00 M M 3.8 10 230 M M 6 128 15 210
30 57 46 52 2 13 0 0.06 M M 6.9 16 210 M M 10 23 200
31 52 45 49 -1 16 0 0.19 M M 8.4 21 200 M M 10 31 200
================================================================================
SM 1642 1188 591 0 3.88 M 264.4 M 223
================================================================================
AV 53.0 38.3 8.5 FASTST M M 7 MAX(MPH)
MISC ----> # 26 240 35 240
================================================================================
NOTES:
# LAST OF SEVERAL OCCURRENCES
COLUMN 17 PEAK WIND IN M.P.H.
PRELIMINARY LOCAL CLIMATOLOGICAL DATA (WS FORM: F-6) , PAGE 2
STATION: TROUTDALE OR
MONTH: MARCH
YEAR: 2023
LATITUDE: 45 33 N
LONGITUDE: 122 25 W
[TEMPERATURE DATA] [PRECIPITATION DATA] SYMBOLS USED IN COLUMN 16
AVERAGE MONTHLY: 45.6 TOTAL FOR MONTH: 3.88 1 = FOG OR MIST
DPTR FM NORMAL: -2.8 DPTR FM NORMAL: -0.53 2 = FOG REDUCING VISIBILITY
HIGHEST: 67 ON 18 GRTST 24HR 1.22 ON 12-13 TO 1/4 MILE OR LESS
LOWEST: 31 ON 8 3 = THUNDER
SNOW, ICE PELLETS, HAIL 4 = ICE PELLETS
TOTAL MONTH: M 5 = HAIL
GRTST 24HR M ON M 6 = FREEZING RAIN OR DRIZZLE
GRTST DEPTH: M ON M 7 = DUSTSTORM OR SANDSTORM:
VSBY 1/2 MILE OR LESS
8 = SMOKE OR HAZE
[NO. OF DAYS WITH] [WEATHER - DAYS WITH] 9 = BLOWING SNOW
X = TORNADO
MAX 32 OR BELOW: 0 0.01 INCH OR MORE: 22
MAX 90 OR ABOVE: 0 0.10 INCH OR MORE: 13
MIN 32 OR BELOW: 3 0.50 INCH OR MORE: 2
MIN 0 OR BELOW: 0 1.00 INCH OR MORE: 1
[HDD (BASE 65) ]
TOTAL THIS MO. 591 CLEAR (SCALE 0-3) 4
DPTR FM NORMAL 75 PTCLDY (SCALE 4-7) 11
TOTAL FM JUL 1 3514 CLOUDY (SCALE 8-10) 16
DPTR FM NORMAL 39
[CDD (BASE 65) ]
TOTAL THIS MO. 0
DPTR FM NORMAL 0 [PRESSURE DATA]
TOTAL FM JAN 1 0 HIGHEST SLP 30.37 ON 26
DPTR FM NORMAL 0 LOWEST SLP 29.29 ON 9
[REMARKS]
#FINAL-03-23#