000
CXUS56 KPQR 011538
CLMTTD
CLIMATE REPORT
NATIONAL WEATHER SERVICE PORTLAND OREGON
738 AM PST FRI MAR 01 2024
...................................
...THE TROUTDALE OR CLIMATE SUMMARY FOR THE MONTH OF FEBRUARY 2024...
CLIMATE NORMAL PERIOD 1991 TO 2020
CLIMATE RECORD PERIOD 1948 TO 2024
WEATHER OBSERVED NORMAL DEPART LAST YEAR`S
VALUE DATE(S) VALUE FROM VALUE DATE(S)
NORMAL
................................................................
TEMPERATURE (F)
HIGHEST 62 57 02/10
LOWEST 29 24 02/23
AVG. MAXIMUM 52.4 51.0 1.4 48.4
AVG. MINIMUM 39.4 37.7 1.7 35.4
MEAN 45.9 44.4 1.5 41.9
DAYS MAX >= 90 0 0.0 0.0 0
DAYS MAX <= 32 0 0.2 -0.2 1
DAYS MIN <= 32 2 6.3 -4.3 9
DAYS MIN <= 0 0 0.0 0.0 0
PRECIPITATION (INCHES)
RECORD
MAXIMUM 3.11 2021
MINIMUM 1.80 2023
TOTALS 5.59 3.71 1.88 1.80
DAYS >= .01 23 15.9 7.1 14
DAYS >= .10 12 9.7 2.3 8
DAYS >= .50 5 1.7 3.3 0
DAYS >= 1.00 1 0.3 0.7 0
GREATEST
24 HR. TOTAL 1.27 02/28 TO 02/29
DEGREE DAYS
HEATING TOTAL 548 578 -30 637
SINCE 7/1 2603 2999 -396 MM
COOLING TOTAL 0 0 0 0
SINCE 1/1 0 0 MM
................................................................
WIND (MPH)
AVERAGE WIND SPEED 9.3
RESULTANT WIND SPEED/DIRECTION 7/100
HIGHEST WIND SPEED/DIRECTION 33/100 DATE 02/17
HIGHEST GUST SPEED/DIRECTION 40/090 DATE 02/17
SKY COVER
POSSIBLE SUNSHINE (PERCENT) MM
AVERAGE SKY COVER 0.71
NUMBER OF DAYS FAIR 5
NUMBER OF DAYS PC 8
NUMBER OF DAYS CLOUDY 16
AVERAGE RH (PERCENT) 75
WEATHER CONDITIONS. NUMBER OF DAYS WITH
THUNDERSTORM 0 MIXED PRECIP 0
HEAVY RAIN 1 RAIN 8
LIGHT RAIN 22 FREEZING RAIN 0
LT FREEZING RAIN 0 HAIL 0
HEAVY SNOW 0 SNOW 0
LIGHT SNOW 0 SLEET 0
FOG 16 FOG W/VIS <= 1/4 MILE 5
HAZE 0
- INDICATES NEGATIVE NUMBERS.
R INDICATES RECORD WAS SET OR TIED.
MM INDICATES DATA IS MISSING.
T INDICATES TRACE AMOUNT.
$$