000
CXUS54 KTSA 011330
CF6TUL
PRELIMINARY LOCAL CLIMATOLOGICAL DATA (WS FORM: F-6)
STATION: TULSA OKLAHOMA
MONTH: DECEMBER
YEAR: 2021
LATITUDE: 36 12 N
LONGITUDE: 95 54 W
TEMPERATURE IN F: :PCPN: SNOW: WIND :SUNSHINE: SKY :PK WND
================================================================================
1 2 3 4 5 6A 6B 7 8 9 10 11 12 13 14 15 16 17 18
12Z AVG MX 2MIN
DY MAX MIN AVG DEP HDD CDD WTR SNW DPTH SPD SPD DIR MIN PSBL S-S WX SPD DR
================================================================================
1 70 42 56 11 9 0 0.00 0.0 0 4.5 9 320 M M 5 13 330
2 78 42 60 16 5 0 0.00 0.0 0 6.4 15 180 M M 2 22 170
3 75 54 65 21 0 0 0.00 0.0 0 6.5 13 10 M M 4 16 10
4 62 52 57 13 8 0 0.01 0.0 0 6.6 13 10 M M 10 1 18 360
5 76 52 64 20 1 0 0.80 0.0 0 14.0 32 10 M M 6 135 47 350
6 52 30 41 -2 24 0 0.00 0.0 0 12.6 28 350 M M 4 41 350
7 47 28 38 -5 27 0 0.00 0.0 0 6.0 16 140 M M 7 21 150
8 58 30 44 1 21 0 0.00 0.0 0 7.0 21 160 M M 4 30 170
9 70 47 59 17 6 0 0.00 0.0 0 9.3 23 170 M M 5 33 170
10 76 41 59 17 6 0 0.03 0.0 0 15.9 35 300 M M 7 44 290
11 50 33 42 0 23 0 0.00 0.0 0 10.3 28 300 M M 2 38 290
12 56 32 44 2 21 0 0.00 0.0 0 14.4 25 170 M M 0 33 170
13 67 44 56 15 9 0 0.00 0.0 0 15.5 23 180 M M 1 30 170
14 73 53 63 22 2 0 0.00 0.0 0 16.0 24 170 M M 8 33 160
15 78 58 68 27 0 3 0.32 0.0 0 22.3 41 180 M M 8 13 56 180
16 60 40 50 9 15 0 0.02 0.0 0 9.4 21 350 M M 5 18 29 340
17 53 47 50 10 15 0 0.26 0.0 0 3.5 14 340 M M 10 123 18 330
18 50 26 38 -2 27 0 0.00 0.0 0 13.4 22 340 M M 7 29 340
19 41 26 34 -6 31 0 0.00 0.0 0 5.8 9 170 M M 6 14 120
20 49 29 39 -1 26 0 0.00 0.0 0 7.6 15 170 M M 4 19 170
21 60 29 45 5 20 0 0.00 0.0 0 3.8 10 250 M M 1 16 220
22 60 28 44 4 21 0 0.00 0.0 0 6.2 17 170 M M 1 1 23 180
23 63 39 51 12 14 0 0.00 0.0 0 9.8 17 180 M M 7 24 190
24 78 61 70 31 0 5 0.00 0.0 0 20.5 29 190 M M 8 43 190
25 72 48 60 21 5 0 0.00 0.0 0 5.8 17 200 M M 5 29 220
26 73 42 58 19 7 0 0.00 0.0 0 11.1 28 180 M M 8 39 200
27 68 48 58 19 7 0 0.00 0.0 0 8.1 18 360 M M 8 1 24 350
28 72 44 58 19 7 0 0.03 0.0 0 9.9 26 250 M M 7 35 250
29 57 36 47 8 18 0 0.06 0.0 0 6.3 21 130 M M 6 24 130
30 58 37 48 9 17 0 0.00 0.0 0 4.8 12 180 M M 9 12 16 170
31 65 49 57 19 8 0 0.15 0.0 0 9.9 29 170 M M 9 36 180
================================================================================
SM 1967 1267 400 8 1.68 0.0 303.2 M 174
================================================================================
AV 63.5 40.9 9.8 FASTST M M 6 MAX(MPH)
MISC ----> 41 180 56 180
================================================================================
NOTES:
# LAST OF SEVERAL OCCURRENCES
COLUMN 17 PEAK WIND IN M.P.H.
PRELIMINARY LOCAL CLIMATOLOGICAL DATA (WS FORM: F-6) , PAGE 2
STATION: TULSA OKLAHOMA
MONTH: DECEMBER
YEAR: 2021
LATITUDE: 36 12 N
LONGITUDE: 95 54 W
[TEMPERATURE DATA] [PRECIPITATION DATA] SYMBOLS USED IN COLUMN 16
AVERAGE MONTHLY: 52.2 TOTAL FOR MONTH: 1.68 1 = FOG OR MIST
DPTR FM NORMAL: 11.2 DPTR FM NORMAL: -0.75 2 = FOG REDUCING VISIBILITY
HIGHEST: 78 ON 24,15 GRTST 24HR 0.80 ON 5- 5 TO 1/4 MILE OR LESS
LOWEST: 26 ON 19,18 3 = THUNDER
SNOW, ICE PELLETS, HAIL 4 = ICE PELLETS
TOTAL MONTH: 0.0 INCH 5 = HAIL
GRTST 24HR 0.0 6 = FREEZING RAIN OR DRIZZLE
GRTST DEPTH: 0 7 = DUSTSTORM OR SANDSTORM:
VSBY 1/2 MILE OR LESS
8 = SMOKE OR HAZE
[NO. OF DAYS WITH] [WEATHER - DAYS WITH] 9 = BLOWING SNOW
X = TORNADO
MAX 32 OR BELOW: 0 0.01 INCH OR MORE: 9
MAX 90 OR ABOVE: 0 0.10 INCH OR MORE: 4
MIN 32 OR BELOW: 9 0.50 INCH OR MORE: 1
MIN 0 OR BELOW: 0 1.00 INCH OR MORE: 0
[HDD (BASE 65) ]
TOTAL THIS MO. 400 CLEAR (SCALE 0-3) 6
DPTR FM NORMAL -344 PTCLDY (SCALE 4-7) 19
TOTAL FM JUL 1 885 CLOUDY (SCALE 8-10) 6
DPTR FM NORMAL -481
[CDD (BASE 65) ]
TOTAL THIS MO. 8
DPTR FM NORMAL 7 [PRESSURE DATA]
TOTAL FM JAN 1 2263 HIGHEST SLP 30.44 ON 19
DPTR FM NORMAL 135 LOWEST SLP 29.41 ON 10
[REMARKS]
#FINAL-12-21#