000
CXUS55 KREV 011121
CLMTVL
CLIMATE REPORT
NATIONAL WEATHER SERVICE RENO NV
412 AM PDT WED NOV 01 2023
...................................
...THE SOUTH LAKE TAHOE CA CLIMATE SUMMARY FOR THE MONTH OF OCTOBER
2023...
THE AVERAGE TEMPERATURE FOR OCTOBER 2023 AT THE SOUTH LAKE TAHOE
AIRPORT WAS 46.2 DEGREES, WHICH IS 0.5 DEGREES ABOVE NORMAL. THE
HIGHEST TEMPERATURE FOR OCTOBER WAS 75 DEGREES, WHICH OCCURRED ON
THE 8TH. THE LOWEST TEMPERATURE FOR THE MONTH WAS 14 DEGREES, WHICH
OCCURRED ON THE 30TH.
FOR OCTOBER 2023, 0.22 INCHES OF PRECIPITATION WERE RECORDED AT THE
SOUTH LAKE TAHOE AIRPORT. THIS IS 1.21 INCHES BELOW NORMAL FOR THE
MONTH.
THE AVERAGE WIND SPEED FOR OCTOBER 2023 WAS 4.1 MPH. THE PEAK WIND
GUST FOR THE MONTH WAS 48 MPH FROM THE SOUTH ON THE 9TH.
CLIMATE NORMAL PERIOD 1991 TO 2020
CLIMATE RECORD PERIOD 1968 TO 2023
WEATHER OBSERVED NORMAL DEPART LAST YEAR`S
VALUE DATE(S) VALUE FROM VALUE
NORMAL
..............................................................
TEMPERATURE (F)
RECORD
HIGH 84 10/02/1988
LOW 9 10/30/2019
HIGHEST 75 10/08 84 -9
LOWEST 14 10/30 11 3
AVG. MAXIMUM 62.5 62.2 0.3
AVG. MINIMUM 29.8 29.2 0.6
MEAN 46.2 45.7 0.5
DAYS MAX >= 90 0 0.0 0.0
DAYS MAX <= 32 0 0.0 0.0
DAYS MIN <= 32 19 24.3 -5.3
DAYS MIN <= 0 0 0.0 0.0
PRECIPITATION (INCHES)
RECORD
MAXIMUM 8.03 2021
MINIMUM 0.00 2020
TOTALS 0.22
DAILY AVG. 0.01 0.05 -0.04
DAYS >= .01 2 5.4 -3.4
DAYS >= .10 1 2.8 -1.8
DAYS >= .50 0 0.8 -0.8
DAYS >= 1.00 0 0.4 -0.4
GREATEST
24 HR. TOTAL 0.23 09/30 TO 10/01
STORM TOTAL 0.15
(MM/DD(HH))
DEGREE DAYS
HEATING TOTAL 577 598 -21
SINCE 7/1 1109 1197 -88
COOLING TOTAL 0 0 0
SINCE 1/1 49 28 21
..............................................................
WIND (MPH)
AVERAGE WIND SPEED 4.1
HIGHEST WIND SPEED/DIRECTION 30/180 DATE 10/25
HIGHEST GUST SPEED/DIRECTION 48/200 DATE 10/09
AVERAGE RH (PERCENT) 58
WEATHER CONDITIONS. NUMBER OF DAYS WITH
THUNDERSTORM 0 MIXED PRECIP 0
HEAVY RAIN 0 RAIN 0
LIGHT RAIN 4 FREEZING RAIN 0
LT FREEZING RAIN 0 HAIL 0
HEAVY SNOW 0 SNOW 0
LIGHT SNOW 2 SLEET 0
FOG 3 FOG W/VIS <= 1/4 MILE 1
HAZE 1
- INDICATES NEGATIVE NUMBERS.
R INDICATES RECORD WAS SET OR TIED.
MM INDICATES DATA IS MISSING.
T INDICATES TRACE AMOUNT.
$$