000
CXUS54 KSHV 011300
CF6TYR
PRELIMINARY LOCAL CLIMATOLOGICAL DATA (WS FORM: F-6)
STATION: TYLER
MONTH: MARCH
YEAR: 2024
LATITUDE: 32 22 N
LONGITUDE: 95 24 W
TEMPERATURE IN F: :PCPN: SNOW: WIND :SUNSHINE: SKY :PK WND
================================================================================
1 2 3 4 5 6A 6B 7 8 9 10 11 12 13 14 15 16 17 18
12Z AVG MX 2MIN
DY MAX MIN AVG DEP HDD CDD WTR SNW DPTH SPD SPD DIR MIN PSBL S-S WX SPD DR
================================================================================
1 67 43 55 0 10 0 0.00 0.0 0 4.3 10 150 M M 5 18 M M
2 80 47 64 9 1 0 0.00 0.0 0 9.8 17 160 M M 0 18 24 150
3 79 60 70 14 0 5 0.00 0.0 0 13.6 22 190 M M 5 18 31 200
4 84 66 75 19 0 10 T 0.0 0 9.1 18 180 M M 5 26 180
5 81 62 72 16 0 7 0.03 0.0 0 7.5 21 120 M M 2 3 29 300
6 84 56 70 14 0 5 0.00 0.0 0 6.1 14 200 M M 2 20 210
7 73 61 67 10 0 2 0.21 0.0 0 6.8 15 120 M M 4 13 20 150
8 72 53 63 6 2 0 0.79 0.0 0 8.3 24 320 M M 7 13 33 310
9 58 43 51 -6 14 0 T 0.0 0 10.6 22 330 M M 8 31 320
10 67 37 52 -6 13 0 0.00 0.0 0 1.8 8 280 M M 0 14 260
11 71 49 60 2 5 0 0.00 0.0 0 6.8 14 150 M M 4 19 140
12 77 49 63 5 2 0 0.00 0.0 0 11.3 21 190 M M 2 28 200
13 83 65 74 16 0 9 T 0.0 0 14.2 24 170 M M 5 18 33 200
14 84 70 77 19 0 12 T 0.0 0 13.1 21 180 M M 6 8 28 180
15 74 60 67 8 0 2 0.16 0.0 0 8.4 22 330 M M 9 138 32 340
16 67 61 64 5 1 0 0.57 0.0 0 7.5 14 100 M M 10 13 20 70
17 70 58 64 5 1 0 0.54 0.0 0 8.1 14 20 M M 10 13 21 20
18 61 41 51 -9 14 0 0.00 0.0 0 8.6 21 350 M M 2 30 20
19 66 35 51 -9 14 0 T 0.0 0 3.3 12 220 M M 0 8 18 200
20 70 48 59 -1 6 0 0.00 0.0 0 8.2 16 200 M M 9 21 190
21 62 57 60 0 5 0 0.84 0.0 0 7.3 17 140 M M 10 1 22 130
22 62 55 59 -2 6 0 0.23 0.0 0 7.4 21 360 M M 8 18 27 10
23 71 50 61 0 4 0 0.00 0.0 0 6.9 14 120 M M 1 18 18 100
24 69 53 61 0 4 0 T 0.0 0 15.6 26 160 M M 3 39 150
25 69 50 60 -1 5 0 1.13 0.0 0 9.5 22 320 M M 6 13 34 160
26 61 41 51 -11 14 0 0.00 0.0 0 6.2 16 330 M M 0 22 330
27 68 40 54 -8 11 0 0.00 0.0 0 5.1 14 70 M M 0 8 19 70
28 74 43 59 -3 6 0 0.00 0.0 0 5.3 15 240 M M 0 23 240
29 79 54 67 5 0 2 0.00 0.0 0 14.9 24 170 M M 0 34 220
30 79 58 69 7 0 4 0.00 0.0 0 11.5 20 210 M M 4 26 190
31 81 64 73 11 0 8 0.00 0.0 0 11.3 23 170 M M 6 18 31 180
================================================================================
SM 2243 1629 138 66 4.50 0.0 268.4 M 133
================================================================================
AV 72.4 52.5 8.7 FASTST M M 4 MAX(MPH)
MISC ----> 26 160 39 150
================================================================================
NOTES:
# LAST OF SEVERAL OCCURRENCES
COLUMN 17 PEAK WIND IN M.P.H.
PRELIMINARY LOCAL CLIMATOLOGICAL DATA (WS FORM: F-6) , PAGE 2
STATION: TYLER
MONTH: MARCH
YEAR: 2024
LATITUDE: 32 22 N
LONGITUDE: 95 24 W
[TEMPERATURE DATA] [PRECIPITATION DATA] SYMBOLS USED IN COLUMN 16
AVERAGE MONTHLY: 62.5 TOTAL FOR MONTH: 4.50 1 = FOG OR MIST
DPTR FM NORMAL: 3.6 DPTR FM NORMAL: 0.78 2 = FOG REDUCING VISIBILITY
HIGHEST: 84 ON 14, 6 GRTST 24HR 1.13 ON 24-25 TO 1/4 MILE OR LESS
LOWEST: 35 ON 19 3 = THUNDER
SNOW, ICE PELLETS, HAIL 4 = ICE PELLETS
TOTAL MONTH: 0.0 INCH 5 = HAIL
GRTST 24HR 0.0 6 = FREEZING RAIN OR DRIZZLE
GRTST DEPTH: 0 7 = DUSTSTORM OR SANDSTORM:
VSBY 1/2 MILE OR LESS
8 = SMOKE OR HAZE
[NO. OF DAYS WITH] [WEATHER - DAYS WITH] 9 = BLOWING SNOW
X = TORNADO
MAX 32 OR BELOW: 0 0.01 INCH OR MORE: 9
MAX 90 OR ABOVE: 0 0.10 INCH OR MORE: 8
MIN 32 OR BELOW: 0 0.50 INCH OR MORE: 5
MIN 0 OR BELOW: 0 1.00 INCH OR MORE: 1
[HDD (BASE 65) ]
TOTAL THIS MO. 138 CLEAR (SCALE 0-3) 13
DPTR FM NORMAL -88 PTCLDY (SCALE 4-7) 13
TOTAL FM JUL 1 1689 CLOUDY (SCALE 8-10) 5
DPTR FM NORMAL -295
[CDD (BASE 65) ]
TOTAL THIS MO. 66
DPTR FM NORMAL 27 [PRESSURE DATA]
TOTAL FM JAN 1 99 HIGHEST SLP 30.32 ON 18
DPTR FM NORMAL 44 LOWEST SLP 29.47 ON 25
[REMARKS]
#FINAL-03-24#