000
CXUS54 KMRX 011130
CF6TYS
PRELIMINARY LOCAL CLIMATOLOGICAL DATA (WS FORM: F-6)
STATION: KNOXVILLE MCGHEE TYSON AIRPORT
MONTH: FEBRUARY
YEAR: 2023
LATITUDE: 35 49 N
LONGITUDE: 83 59 W
TEMPERATURE IN F: :PCPN: SNOW: WIND :SUNSHINE: SKY :PK WND
================================================================================
1 2 3 4 5 6A 6B 7 8 9 10 11 12 13 14 15 16 17 18
12Z AVG MX 2MIN
DY MAX MIN AVG DEP HDD CDD WTR SNW DPTH SPD SPD DIR MIN PSBL S-S WX SPD DR
================================================================================
1 41 35 38 -2 27 0 0.19 0.0 0 5.1 13 360 M M 10 1 16 360
2 42 37 40 0 25 0 0.36 0.0 0 3.4 10 320 M M 10 1 12 320
3 40 28 34 -6 31 0 0.00 0.0 0 7.6 15 30 M M 3 22 360
4 49 22 36 -5 29 0 0.00 0.0 0 2.1 12 230 M M 3 15 240
5 59 27 43 2 22 0 0.00 0.0 0 6.9 25 240 M M 3 32 230
6 61 32 47 6 18 0 0.00 0.0 0 2.8 12 240 M M 2 14 350
7 68 33 51 10 14 0 0.00 0.0 0 4.9 25 220 M M 8 31 210
8 57 44 51 10 14 0 0.01 0.0 0 3.5 9 50 M M 9 1 12 10
9 70 46 58 16 7 0 0.00 0.0 0 15.5 36 210 M M 9 49 200
10 58 41 50 8 15 0 0.00 0.0 0 6.6 17 280 M M 6 22 280
11 50 40 45 3 20 0 0.04 0.0 0 11.5 18 30 M M 9 24 40
12 44 34 39 -3 26 0 0.57 0.0 0 7.7 22 40 M M 9 12 31 60
13 60 28 44 2 21 0 0.00 0.0 0 5.4 17 230 M M 3 12 24 210
14 67 32 50 7 15 0 0.00 0.0 0 4.1 30 170 M M 7 42 180
15 66 52 59 16 6 0 0.11 0.0 0 8.4 17 210 M M 10 22 240
16 73 56 65 22 0 0 0.29 0.0 0 10.6 31 200 M M 10 13 43 210
17 62 33 48 5 17 0 1.15 0.0 0 11.2 25 280 M M 10 12 34 290
18 53 26 40 -4 25 0 0.00 0.0 0 3.6 13 30 M M 1 16 30
19 60 34 47 3 18 0 0.00 0.0 0 9.6 28 220 M M 5 36 210
20 61 53 57 13 8 0 0.01 0.0 0 10.7 21 230 M M 10 28 240
21 69 53 61 17 4 0 T 0.0 0 8.0 20 230 M M 8 27 250
22 79 54 67 22 0 2 0.00 0.0 0 15.2 32 220 M M 7 42 210
23 80 65 73 28 0 8 0.02 0.0 0 15.0 33 220 M M 6 48 220
24 68 51 60 15 5 0 T 0.0 0 11.6 18 40 M M 9 26 360
25 54 49 52 6 13 0 0.72 0.0 0 4.4 10 210 M M 10 1 13 250
26 58 48 53 7 12 0 T 0.0 0 4.4 13 230 M M 10 1 16 240
27 72 50 61 15 4 0 0.18 0.0 M 14.4 47 260 M M 7 12 87 270
28 74 51 63 17 2 0 0.00 0.0 M 6.4 14 210 M M 1 17 280
================================================================================
SM 1695 1154 398 10 3.65 0.0 220.6 M 195
================================================================================
AV 60.5 41.2 7.9 FASTST M M 7 MAX(MPH)
MISC ----> 47 260 87 270
================================================================================
NOTES:
# LAST OF SEVERAL OCCURRENCES
COLUMN 17 PEAK WIND IN M.P.H.
PRELIMINARY LOCAL CLIMATOLOGICAL DATA (WS FORM: F-6) , PAGE 2
STATION: KNOXVILLE MCGHEE TYSON AIRPORT
MONTH: FEBRUARY
YEAR: 2023
LATITUDE: 35 49 N
LONGITUDE: 83 59 W
[TEMPERATURE DATA] [PRECIPITATION DATA] SYMBOLS USED IN COLUMN 16
AVERAGE MONTHLY: 50.9 TOTAL FOR MONTH: 3.65 1 = FOG OR MIST
DPTR FM NORMAL: 8.0 DPTR FM NORMAL: -1.16 2 = FOG REDUCING VISIBILITY
HIGHEST: 80 ON 23 GRTST 24HR 1.44 ON 16-17 TO 1/4 MILE OR LESS
LOWEST: 22 ON 4 3 = THUNDER
SNOW, ICE PELLETS, HAIL 4 = ICE PELLETS
TOTAL MONTH: 0.0 INCH 5 = HAIL
GRTST 24HR 0.0 6 = FREEZING RAIN OR DRIZZLE
GRTST DEPTH: 0 7 = DUSTSTORM OR SANDSTORM:
VSBY 1/2 MILE OR LESS
8 = SMOKE OR HAZE
[NO. OF DAYS WITH] [WEATHER - DAYS WITH] 9 = BLOWING SNOW
X = TORNADO
MAX 32 OR BELOW: 0 0.01 INCH OR MORE: 12
MAX 90 OR ABOVE: 0 0.10 INCH OR MORE: 8
MIN 32 OR BELOW: 7 0.50 INCH OR MORE: 3
MIN 0 OR BELOW: 0 1.00 INCH OR MORE: 1
[HDD (BASE 65) ]
TOTAL THIS MO. 398 CLEAR (SCALE 0-3) 5
DPTR FM NORMAL -220 PTCLDY (SCALE 4-7) 10
TOTAL FM JUL 1 2432 CLOUDY (SCALE 8-10) 13
DPTR FM NORMAL -392
[CDD (BASE 65) ]
TOTAL THIS MO. 10
DPTR FM NORMAL 10 [PRESSURE DATA]
TOTAL FM JAN 1 10 HIGHEST SLP 30.56 ON 4
DPTR FM NORMAL 10 LOWEST SLP 29.47 ON 27
[REMARKS]
#FINAL-02-23#