000
CXUS54 KMRX 011030
CF6TYS
PRELIMINARY LOCAL CLIMATOLOGICAL DATA (WS FORM: F-6)
STATION: KNOXVILLE MCGHEE TYSON AIRPORT
MONTH: JUNE
YEAR: 2022
LATITUDE: 35 49 N
LONGITUDE: 83 59 W
TEMPERATURE IN F: :PCPN: SNOW: WIND :SUNSHINE: SKY :PK WND
================================================================================
1 2 3 4 5 6A 6B 7 8 9 10 11 12 13 14 15 16 17 18
12Z AVG MX 2MIN
DY MAX MIN AVG DEP HDD CDD WTR SNW DPTH SPD SPD DIR MIN PSBL S-S WX SPD DR
================================================================================
1 91 68 80 8 0 15 0.00 0.0 0 3.7 10 260 M M 2 14 260
2 87 68 78 6 0 13 0.37 0.0 0 6.1 18 50 M M 7 3 33 40
3 81 64 73 1 0 8 0.01 0.0 0 5.5 14 30 M M 8 20 30
4 81 61 71 -2 0 6 0.00 0.0 0 7.7 16 20 M M 5 23 30
5 84 61 73 0 0 8 0.00 0.0 0 4.0 10 110 M M 6 15 90
6 86 62 74 1 0 9 0.05 0.0 0 5.7 25 240 M M 7 13 35 240
7 82 67 75 1 0 10 0.48 0.0 0 9.0 24 200 M M 9 13 30 200
8 83 69 76 2 0 11 0.27 0.0 0 10.1 33 230 M M 10 13 39 230
9 82 64 73 -1 0 8 0.00 0.0 0 7.2 16 250 M M 6 25 270
10 81 56 69 -5 0 4 0.00 0.0 0 4.4 13 20 M M 5 18 30
11 83 61 72 -2 0 7 0.00 0.0 0 3.5 12 250 M M 5 17 270
12 88 63 76 1 0 11 0.00 0.0 0 5.0 15 260 M M 4 21 240
13 94 73 84 9 0 19 0.00 0.0 0 8.3 16 230 M M 4 21 240
14 94 77 86 11 0 21 T 0.0 0 6.9 16 270 M M 4 23 230
15 96 76 86 11 0 21 T 0.0 0 3.5 10 60 M M 3 16 60
16 96 75 86 10 0 21 0.00 0.0 0 7.2 14 220 M M 2 20 230
17 93 71 82 6 0 17 0.21 0.0 0 8.3 28 300 M M 7 3 46 300
18 86 66 76 0 0 11 0.00 0.0 0 8.4 20 10 M M 2 26 340
19 84 58 71 -5 0 6 0.00 0.0 0 9.7 18 40 M M 2 25 40
20 89 54 72 -4 0 7 0.00 0.0 0 2.8 10 50 M M 3 15 220
21 94 60 77 0 0 12 0.00 0.0 0 2.6 10 30 M M 5 16 360
22 96 65 81 4 0 16 0.00 0.0 0 4.1 13 260 M M 2 3 20 290
23 95 71 83 6 0 18 0.00 0.0 0 5.0 16 10 M M 6 22 10
24 94 67 81 4 0 16 0.00 0.0 0 4.5 20 190 M M 5 3 25 190
25 89 73 81 4 0 16 0.00 0.0 0 5.5 15 220 M M 7 23 200
26 88 72 80 3 0 15 0.16 0.0 0 6.0 15 240 M M 9 13 19 250
27 87 70 79 1 0 14 0.47 0.0 0 5.5 16 10 M M 8 1 24 10
28 86 64 75 -3 0 10 0.00 0.0 0 7.7 16 50 M M 7 22 60
29 91 71 81 3 0 16 0.00 0.0 0 3.2 9 190 M M 7 13 40
30 92 71 82 4 0 17 0.04 0.0 0 2.9 22 100 M M 7 3 31 110
================================================================================
SM 2653 1998 0 383 2.06 0.0 174.0 M 164
================================================================================
AV 88.4 66.6 5.8 FASTST M M 5 MAX(MPH)
MISC ----> 33 230 46 300
================================================================================
NOTES:
# LAST OF SEVERAL OCCURRENCES
COLUMN 17 PEAK WIND IN M.P.H.
PRELIMINARY LOCAL CLIMATOLOGICAL DATA (WS FORM: F-6) , PAGE 2
STATION: KNOXVILLE MCGHEE TYSON AIRPORT
MONTH: JUNE
YEAR: 2022
LATITUDE: 35 49 N
LONGITUDE: 83 59 W
[TEMPERATURE DATA] [PRECIPITATION DATA] SYMBOLS USED IN COLUMN 16
AVERAGE MONTHLY: 77.5 TOTAL FOR MONTH: 2.06 1 = FOG OR MIST
DPTR FM NORMAL: 2.2 DPTR FM NORMAL: -2.18 2 = FOG REDUCING VISIBILITY
HIGHEST: 96 ON 22,16 GRTST 24HR 0.63 ON 26-27 TO 1/4 MILE OR LESS
LOWEST: 54 ON 20 3 = THUNDER
SNOW, ICE PELLETS, HAIL 4 = ICE PELLETS
TOTAL MONTH: 0.0 INCH 5 = HAIL
GRTST 24HR 0.0 6 = FREEZING RAIN OR DRIZZLE
GRTST DEPTH: 0 7 = DUSTSTORM OR SANDSTORM:
VSBY 1/2 MILE OR LESS
8 = SMOKE OR HAZE
[NO. OF DAYS WITH] [WEATHER - DAYS WITH] 9 = BLOWING SNOW
X = TORNADO
MAX 32 OR BELOW: 0 0.01 INCH OR MORE: 9
MAX 90 OR ABOVE: 12 0.10 INCH OR MORE: 6
MIN 32 OR BELOW: 0 0.50 INCH OR MORE: 0
MIN 0 OR BELOW: 0 1.00 INCH OR MORE: 0
[HDD (BASE 65) ]
TOTAL THIS MO. 0 CLEAR (SCALE 0-3) 7
DPTR FM NORMAL -2 PTCLDY (SCALE 4-7) 19
TOTAL FM JUL 1 3153 CLOUDY (SCALE 8-10) 4
DPTR FM NORMAL -374
[CDD (BASE 65) ]
TOTAL THIS MO. 383
DPTR FM NORMAL 72 [PRESSURE DATA]
TOTAL FM JAN 1 624 HIGHEST SLP 30.26 ON 20
DPTR FM NORMAL 129 LOWEST SLP 29.79 ON 2
[REMARKS]
#FINAL-06-22#