000
CXUS54 KMRX 011948
CF6TYS
PRELIMINARY LOCAL CLIMATOLOGICAL DATA (WS FORM: F-6)
STATION: KNOXVILLE MCGHEE TYSON AIRPORT
MONTH: NOVEMBER
YEAR: 2021
LATITUDE: 35 49 N
LONGITUDE: 83 59 W
TEMPERATURE IN F: :PCPN: SNOW: WIND :SUNSHINE: SKY :PK WND
================================================================================
1 2 3 4 5 6A 6B 7 8 9 10 11 12 13 14 15 16 17 18
12Z AVG MX 2MIN
DY MAX MIN AVG DEP HDD CDD WTR SNW DPTH SPD SPD DIR MIN PSBL S-S WX SPD DR
================================================================================
1 65 43 54 0 11 0 0.00 0.0 0 2.5 9 10 M M 5 12 14 50
2 56 45 51 -3 14 0 T 0.0 0 6.2 14 360 M M 8 19 350
3 50 42 46 -7 19 0 0.00 0.0 0 7.3 16 40 M M 9 22 50
4 48 37 43 -10 22 0 0.01 0.0 0 2.3 6 160 M M 9 1 8 160
5 56 37 47 -5 18 0 0.00 0.0 0 4.8 13 20 M M 8 12 20 20
6 58 33 46 -6 19 0 0.00 0.0 0 4.8 13 30 M M 4 1 19 60
7 63 31 47 -5 18 0 0.00 0.0 0 3.8 13 30 M M 0 17 30
8 69 33 51 0 14 0 0.00 0.0 0 2.4 12 30 M M 1 14 50
9 73 36 55 4 10 0 0.00 0.0 0 1.2 9 260 M M 4 11 270
10 73 42 58 7 7 0 0.00 0.0 0 0.8 6 50 M M 4 7 20
11 73 41 57 7 8 0 0.25 0.0 0 9.2 26 270 M M 6 1 56 280
12 62 44 53 3 12 0 0.00 0.0 0 9.3 22 250 M M 3 30 210
13 52 35 44 -6 21 0 T 0.0 0 5.6 17 280 M M 4 28 280
14 53 30 42 -7 23 0 0.00 0.0 0 9.3 23 210 M M 5 31 210
15 52 35 44 -5 21 0 0.00 0.0 0 5.9 14 260 M M 5 18 270
16 59 33 46 -3 19 0 0.00 0.0 0 2.1 8 50 M M 8 10 30
17 73 42 58 10 7 0 0.00 0.0 0 5.6 23 210 M M 2 30 220
18 66 31 49 1 16 0 0.04 0.0 0 5.2 18 280 M M 6 1 27 280
19 50 27 39 -9 26 0 0.00 0.0 0 7.7 17 40 M M 1 12 22 20
20 54 27 41 -7 24 0 0.00 0.0 0 0.9 7 360 M M 6 8 360
21 59 30 45 -2 20 0 0.46 0.0 0 2.7 12 330 M M 7 1 15 330
22 52 33 43 -4 22 0 0.13 0.0 0 7.3 14 360 M M 7 1 24 10
23 45 25 35 -12 30 0 0.00 0.0 0 1.8 9 340 M M 2 15 310
24 57 24 41 -5 24 0 0.00 0.0 0 1.6 8 240 M M 3 9 220
25 61 30 46 0 19 0 0.21 0.0 0 5.8 23 220 M M 8 1 33 210
26 49 30 40 -6 25 0 0.02 0.0 0 5.0 15 320 M M 4 22 300
27 55 24 40 -6 25 0 0.00 0.0 0 6.1 16 240 M M 2 21 220
28 57 34 46 1 19 0 0.00 0.0 0 5.6 16 280 M M 4 20 270
29 45 30 38 -7 27 0 0.00 0.0 0 5.5 15 350 M M 4 21 340
30 59 30 45 0 20 0 0.00 0.0 0 5.3 20 220 M M 2 23 220
================================================================================
SM 1744 1014 560 0 1.12 0.0 143.6 M 141
================================================================================
AV 58.1 33.8 4.8 FASTST M M 5 MAX(MPH)
MISC ----> 26 270 56 280
================================================================================
NOTES:
# LAST OF SEVERAL OCCURRENCES
COLUMN 17 PEAK WIND IN M.P.H.
PRELIMINARY LOCAL CLIMATOLOGICAL DATA (WS FORM: F-6) , PAGE 2
STATION: KNOXVILLE MCGHEE TYSON AIRPORT
MONTH: NOVEMBER
YEAR: 2021
LATITUDE: 35 49 N
LONGITUDE: 83 59 W
[TEMPERATURE DATA] [PRECIPITATION DATA] SYMBOLS USED IN COLUMN 16
AVERAGE MONTHLY: 46.0 TOTAL FOR MONTH: 1.12 1 = FOG OR MIST
DPTR FM NORMAL: -3.0 DPTR FM NORMAL: -3.09 2 = FOG REDUCING VISIBILITY
HIGHEST: 73 ON 17,11 GRTST 24HR 0.59 ON 21-22 TO 1/4 MILE OR LESS
LOWEST: 24 ON 27,24 3 = THUNDER
SNOW, ICE PELLETS, HAIL 4 = ICE PELLETS
TOTAL MONTH: 0.0 INCH 5 = HAIL
GRTST 24HR 0.0 6 = FREEZING RAIN OR DRIZZLE
GRTST DEPTH: 0 7 = DUSTSTORM OR SANDSTORM:
VSBY 1/2 MILE OR LESS
8 = SMOKE OR HAZE
[NO. OF DAYS WITH] [WEATHER - DAYS WITH] 9 = BLOWING SNOW
X = TORNADO
MAX 32 OR BELOW: 0 0.01 INCH OR MORE: 7
MAX 90 OR ABOVE: 0 0.10 INCH OR MORE: 4
MIN 32 OR BELOW: 13 0.50 INCH OR MORE: 0
MIN 0 OR BELOW: 0 1.00 INCH OR MORE: 0
[HDD (BASE 65) ]
TOTAL THIS MO. 560 CLEAR (SCALE 0-3) 9
DPTR FM NORMAL 78 PTCLDY (SCALE 4-7) 19
TOTAL FM JUL 1 708 CLOUDY (SCALE 8-10) 2
DPTR FM NORMAL 21
[CDD (BASE 65) ]
TOTAL THIS MO. 0
DPTR FM NORMAL -3 [PRESSURE DATA]
TOTAL FM JAN 1 1633 HIGHEST SLP 30.51 ON 19
DPTR FM NORMAL 61 LOWEST SLP 29.82 ON 11
[REMARKS]
#FINAL-11-21#