000
CXUS54 KMRX 012025
CLMTYS
CLIMATE REPORT
NATIONAL WEATHER SERVICE MORRISTOWN, TN
425 PM EDT MON MAY 01 2023
...................................
...THE KNOXVILLE MCGHEE TYSON AIRPORT CLIMATE SUMMARY FOR THE MONTH OF APRIL 2023...
CLIMATE NORMAL PERIOD: 1991 TO 2020
CLIMATE RECORD PERIOD: 1871 TO 2023
WEATHER OBSERVED NORMAL DEPART
VALUE DATE(S) VALUE FROM
NORMAL
................................................
TEMPERATURE (F)
HIGHEST 89 04/05
LOWEST 37 04/02
04/24
AVG. MAXIMUM 71.0 71.2 -0.2
AVG. MINIMUM 47.4 48.0 -0.6
MEAN 59.2 59.6 -0.4
DAYS MAX >= 90 0
DAYS MAX <= 32 0
DAYS MIN <= 32 0
DAYS MIN <= 0 0
PRECIPITATION (INCHES)
RECORD
MAXIMUM 17.62 1874
MINIMUM 0.39 1976
TOTALS 3.42 4.71 -1.29
DAYS >= .01 11
DAYS >= .10 9
DAYS >= .50 2
DAYS >= 1.00 0
GREATEST
24 HR. TOTAL 0.76 04/21 TO 04/22
SNOWFALL (INCHES)
TOTALS 0.0 0.0 0.0
SINCE 7/1 1.6
SNOWDEPTH AVG. 0
DAYS >= TRACE 0
GREATEST
SNOW DEPTH 0
DEGREE DAYS
HEATING TOTAL 191 198 -7
SINCE 7/1 3024 3476 -452
COOLING TOTAL 24 36 -12
SINCE 1/1 46 41 5
................................................
WEATHER CONDITIONS. NUMBER OF DAYS WITH
THUNDERSTORM 4 RAIN 7
SNOW 0 FOG 11
FOG W/VIS <= 1/4 MILE 1
- INDICATES NEGATIVE NUMBERS.
R INDICATES RECORD WAS SET OR TIED.
MM INDICATES DATA IS MISSING.
T INDICATES TRACE AMOUNT.
$$