000
CXUS56 KPQR 011155
CF6UAO
PRELIMINARY LOCAL CLIMATOLOGICAL DATA (WS FORM: F-6)
STATION: AURORA STATE OR
MONTH: SEPTEMBER
YEAR: 2022
LATITUDE: 45 15 N
LONGITUDE: 122 46 W
TEMPERATURE IN F: :PCPN: SNOW: WIND :SUNSHINE: SKY :PK WND
================================================================================
1 2 3 4 5 6A 6B 7 8 9 10 11 12 13 14 15 16 17 18
12Z AVG MX 2MIN
DY MAX MIN AVG DEP HDD CDD WTR SNW DPTH SPD SPD DIR MIN PSBL S-S WX SPD DR
================================================================================
1 92 53 73 5 0 8 0.00 M M 3.3 9 50 M M 0 8 14 30
2 88 56 72 4 0 7 0.00 M M 3.4 15 240 M M 0 19 230
3 77 58 68 0 0 3 0.00 M M 2.9 9 160 M M 6 13 170
4 85 53 69 1 0 4 0.00 M M 3.6 10 340 M M 1 16 260
5 82 53 68 1 0 3 0.00 M M 8.1 16 360 M M 1 22 10
6 92 53 73 6 0 8 0.00 M M 2.2 9 50 M M 0 13 40
7 86 57 72 5 0 7 0.00 M M 5.7 16 340 M M 0 21 330
8 83 48 66 -1 0 1 0.00 M M 6.2 15 20 M M 0 20 10
9 91 58 75 8 0 10 0.00 M M 14.4 24 40 M M 0 8 32 40
10 93 61 77 11 0 12 0.00 M M 7.2 15 40 M M 8 8 21 50
11 79 60 70 4 0 5 T M M 2.1 7 190 M M 1 8 9 200
12 75 60 68 2 0 3 0.03 M M 2.5 9 140 M M 6 18 12 180
13 74 60 67 1 0 2 0.00 M M 2.6 8 330 M M 10 11 330
14 74 60 67 1 0 2 0.00 M M 1.9 9 350 M M 9 12 360
15 73 60 67 2 0 2 0.00 M M 2.8 9 330 M M 10 15 350
16 70 58 64 -1 1 0 0.00 M M 4.4 12 30 M M 9 14 20
17 73 50 62 -3 3 0 0.00 M M 4.4 14 40 M M 4 20 10
18 80 56 68 4 0 3 0.00 M M 8.0 14 20 M M 4 18 20
19 81 51 66 2 0 1 0.00 M M 3.3 9 210 M M 0 13 250
20 85 51 68 4 0 3 0.00 M M 3.3 13 170 M M 0 8 17 180
21 73 52 63 -1 2 0 0.00 M M 4.1 16 180 M M 2 19 200
22 74 51 63 0 2 0 0.00 M M 6.1 15 190 M M 5 20 200
23 76 46 61 -2 4 0 0.00 M M 3.6 10 20 M M 0 13 330
24 81 49 65 2 0 0 0.00 M M 3.5 10 10 M M 0 15 40
25 89 49 69 7 0 4 0.00 M M 2.8 9 20 M M 0 1 13 350
26 86 52 69 7 0 4 0.00 M M 0.9 6 40 M M 0 8 270
27 81 54 68 6 0 3 0.00 M M 5.0 13 190 M M 0 1 17 180
28 70 53 62 1 3 0 0.07 M M 5.6 18 170 M M 7 1 23 170
29 70 55 63 2 2 0 0.10 M M 6.5 17 180 M M 8 1 24 180
30 72 51 62 2 3 0 0.00 M M 6.4 12 360 M M 4 15 10
================================================================================
SM 2405 1628 20 95 0.20 M 136.8 M 95
================================================================================
AV 80.2 54.3 4.6 FASTST M M 3 MAX(MPH)
MISC ----> 24 40 32 40
================================================================================
NOTES:
# LAST OF SEVERAL OCCURRENCES
COLUMN 17 PEAK WIND IN M.P.H.
PRELIMINARY LOCAL CLIMATOLOGICAL DATA (WS FORM: F-6) , PAGE 2
STATION: AURORA STATE OR
MONTH: SEPTEMBER
YEAR: 2022
LATITUDE: 45 15 N
LONGITUDE: 122 46 W
[TEMPERATURE DATA] [PRECIPITATION DATA] SYMBOLS USED IN COLUMN 16
AVERAGE MONTHLY: 67.2 TOTAL FOR MONTH: 0.20 1 = FOG OR MIST
DPTR FM NORMAL: 2.4 DPTR FM NORMAL: -1.38 2 = FOG REDUCING VISIBILITY
HIGHEST: 93 ON 10 GRTST 24HR 0.14 ON 28-29 TO 1/4 MILE OR LESS
LOWEST: 46 ON 23 3 = THUNDER
SNOW, ICE PELLETS, HAIL 4 = ICE PELLETS
TOTAL MONTH: M 5 = HAIL
GRTST 24HR M ON M 6 = FREEZING RAIN OR DRIZZLE
GRTST DEPTH: M ON M 7 = DUSTSTORM OR SANDSTORM:
VSBY 1/2 MILE OR LESS
8 = SMOKE OR HAZE
[NO. OF DAYS WITH] [WEATHER - DAYS WITH] 9 = BLOWING SNOW
X = TORNADO
MAX 32 OR BELOW: 0 0.01 INCH OR MORE: 3
MAX 90 OR ABOVE: 4 0.10 INCH OR MORE: 1
MIN 32 OR BELOW: 0 0.50 INCH OR MORE: 0
MIN 0 OR BELOW: 0 1.00 INCH OR MORE: 0
[HDD (BASE 65) ]
TOTAL THIS MO. 20 CLEAR (SCALE 0-3) 17
DPTR FM NORMAL -51 PTCLDY (SCALE 4-7) 8
TOTAL FM JUL 1 23 CLOUDY (SCALE 8-10) 5
DPTR FM NORMAL -73
[CDD (BASE 65) ]
TOTAL THIS MO. 95
DPTR FM NORMAL 30 [PRESSURE DATA]
TOTAL FM JAN 1 609 HIGHEST SLP 30.25 ON 8
DPTR FM NORMAL 157 LOWEST SLP 29.67 ON 18
[REMARKS]
#FINAL-09-22#