000
CXUS55 KSEW 012327
CF6UIL
PRELIMINARY LOCAL CLIMATOLOGICAL DATA (WS FORM: F-6)
STATION: QUILLAYUTE WA AIRPORT
MONTH: MARCH
YEAR: 2024
LATITUDE: 47 57 N
LONGITUDE: 124 33 W
TEMPERATURE IN F: :PCPN: SNOW: WIND :SUNSHINE: SKY :PK WND
================================================================================
1 2 3 4 5 6A 6B 7 8 9 10 11 12 13 14 15 16 17 18
12Z AVG MX 2MIN
DY MAX MIN AVG DEP HDD CDD WTR SNW DPTH SPD SPD DIR MIN PSBL S-S WX SPD DR
================================================================================
1 42 36 39 -4 26 0 0.53 M M 5.8 15 140 M M 9 1 28 140
2 44 36 40 -3 25 0 0.56 M M 6.2 20 240 M M 9 1 28 240
3 46 35 41 -2 24 0 0.44 M M 6.1 15 260 M M 9 1 21 270
4 46 33 40 -3 25 0 0.05 M M 4.2 10 140 M M 7 1 17 130
5 49 29 39 -4 26 0 0.00 M M 2.8 12 350 M M 3 18 17 290
6 46 31 39 -4 26 0 0.01 M M 2.8 10 270 M M 8 15 270
7 53 29 41 -2 24 0 0.00 M M 4.4 13 230 M M 3 19 230
8 52 42 47 4 18 0 0.35 M M 5.5 14 170 M M 9 30 170
9 51 42 47 4 18 0 1.98 M M 13.8 23 140 M M 10 1 49 130
10 50 41 46 3 19 0 1.36 M M 9.2 20 150 M M 10 13 36 160
11 50 40 45 1 20 0 1.50 M M 8.5 20 130 M M 9 1 39 140
12 52 39 46 2 19 0 0.15 M M 5.7 26 250 M M 8 18 38 260
13 55 38 47 3 18 0 0.00 M M 3.7 9 220 M M 3 14 230
14 59 33 46 2 19 0 0.00 M M 2.5 8 220 M M 0 8 12 270
15 73 36 55 11 10 0 0.00 M M 3.6 9 40 M M 0 17 290
16 80 41 61 17 4 0 0.00 M M 4.6 12 200 M M 0 20 190
17 61 37 49 5 16 0 0.00 M M 3.6 13 250 M M 2 16 250
18 67 42 55 11 10 0 0.00 M M 3.4 10 220 M M 4 18 13 230
19 54 34 44 0 21 0 0.00 M M 3.7 12 220 M M 8 128 19 200
20 53 47 50 6 15 0 0.08 M M 3.5 13 190 M M 10 18 19 170
21 62 47 55 11 10 0 0.24 M M 4.2 12 220 M M 9 18 18 170
22 56 49 53 9 12 0 0.67 M M 3.6 12 240 M M 10 18 14 240
23 59 46 53 9 12 0 0.15 M M 3.4 13 20 M M 7 1 18 30
24 60 42 51 6 14 0 T M M 3.7 13 220 M M 9 18 17 200
25 53 47 50 5 15 0 0.12 M M 2.7 9 240 M M 10 18 16 220
26 59 43 51 6 14 0 0.13 M M 5.2 13 190 M M 7 18 21 230
27 60 46 53 8 12 0 0.68 M M 8.7 21 190 M M 9 1 38 200
28 M M M M M M M M M M M M M M 8 M M
29 58 M M M M M M M M M M M M M M M M
30 59 37 48 3 17 0 0.00 M M 5.5 14 280 M M 1 18 290
31 63 37 50 5 15 0 0.00 M M 4.7 15 280 M M 1 22 260
================================================================================
SM 1672 1135 504 0 9.00 M 145.3 M 192
================================================================================
AV 55.7 39.1 5.0 FASTST M M 6 MAX(MPH)
MISC ----> 26 250 49 130
================================================================================
NOTES:
# LAST OF SEVERAL OCCURRENCES
COLUMN 17 PEAK WIND IN M.P.H.
PRELIMINARY LOCAL CLIMATOLOGICAL DATA (WS FORM: F-6) , PAGE 2
STATION: QUILLAYUTE WA AIRPORT
MONTH: MARCH
YEAR: 2024
LATITUDE: 47 57 N
LONGITUDE: 124 33 W
[TEMPERATURE DATA] [PRECIPITATION DATA] SYMBOLS USED IN COLUMN 16
AVERAGE MONTHLY: 47.4 TOTAL FOR MONTH: 9.00 1 = FOG OR MIST
DPTR FM NORMAL: 3.5 DPTR FM NORMAL: -2.78 2 = FOG REDUCING VISIBILITY
HIGHEST: 80 ON 16 GRTST 24HR 2.73 ON 9-10 TO 1/4 MILE OR LESS
LOWEST: 29 ON 7, 5 3 = THUNDER
SNOW, ICE PELLETS, HAIL 4 = ICE PELLETS
TOTAL MONTH: M 5 = HAIL
GRTST 24HR M ON M 6 = FREEZING RAIN OR DRIZZLE
GRTST DEPTH: M ON M 7 = DUSTSTORM OR SANDSTORM:
VSBY 1/2 MILE OR LESS
8 = SMOKE OR HAZE
[NO. OF DAYS WITH] [WEATHER - DAYS WITH] 9 = BLOWING SNOW
X = TORNADO
MAX 32 OR BELOW: 0 0.01 INCH OR MORE: 17
MAX 90 OR ABOVE: 0 0.10 INCH OR MORE: 14
MIN 32 OR BELOW: 3 0.50 INCH OR MORE: 7
MIN 0 OR BELOW: 0 1.00 INCH OR MORE: 3
[HDD (BASE 65) ]
TOTAL THIS MO. 504 CLEAR (SCALE 0-3) 8
DPTR FM NORMAL -149 PTCLDY (SCALE 4-7) 6
TOTAL FM JUL 1 3268 CLOUDY (SCALE 8-10) 17
DPTR FM NORMAL -1135
[CDD (BASE 65) ]
TOTAL THIS MO. 0
DPTR FM NORMAL 0 [PRESSURE DATA]
TOTAL FM JAN 1 0 HIGHEST SLP 30.06 ON 31
DPTR FM NORMAL 0 LOWEST SLP 29.90 ON 31
[REMARKS]
#FINAL-03-24#
CORRECTED 3/28 TO MISSINGL; ADDED HI TEMP FOR 3/29