000
CXUS53 KLSX 011400
CF6UIN
PRELIMINARY LOCAL CLIMATOLOGICAL DATA (WS FORM: F-6)
STATION: QUINCY IL
MONTH: JULY
YEAR: 2022
LATITUDE: 39 57 N
LONGITUDE: 91 12 W
TEMPERATURE IN F: :PCPN: SNOW: WIND :SUNSHINE: SKY :PK WND
================================================================================
1 2 3 4 5 6A 6B 7 8 9 10 11 12 13 14 15 16 17 18
12Z AVG MX 2MIN
DY MAX MIN AVG DEP HDD CDD WTR SNW DPTH SPD SPD DIR MIN PSBL S-S WX SPD DR
================================================================================
1 84 68 76 0 0 11 0.00 0.0 0 7.4 14 20 M M 3 18 20
2 77 64 71 -5 0 6 0.00 0.0 0 6.2 12 80 M M 2 1 15 90
3 88 61 75 -1 0 10 0.00 0.0 0 7.6 13 160 M M 0 26 150
4 95 73 84 8 0 19 0.00 0.0 0 10.6 18 190 M M 1 26 180
5 99 74 87 11 0 22 0.07 0.0 0 8.6 26 360 M M 0 1 34 330
6 87 73 80 4 0 15 0.47 0.0 0 5.7 17 360 M M 6 13 23 360
7 81 71 76 0 0 11 1.45 0.0 0 6.0 23 310 M M 7 13 34 300
8 87 70 79 3 0 14 2.05 0.0 0 9.2 36 300 M M 7 123 56 320
9 83 69 76 0 0 11 0.00 0.0 0 11.2 20 40 M M 5 25 30
10 84 64 74 -2 0 9 0.00 0.0 0 4.9 12 170 M M 0 17 180
11 89 68 79 3 0 14 0.00 0.0 0 6.5 18 330 M M 0 27 340
12 85 65 75 -1 0 10 0.00 0.0 0 6.0 14 330 M M 0 19 350
13 88 64 76 0 0 11 0.00 0.0 0 4.6 12 240 M M 0 15 230
14 90 68 79 3 0 14 0.00 0.0 0 4.6 10 120 M M 1 14 120
15 84 70 77 1 0 12 0.32 0.0 0 8.0 21 40 M M 6 13 27 30
16 86 70 78 2 0 13 0.00 0.0 0 5.7 12 360 M M 6 18 16 10
17 83 70 77 1 0 12 0.65 0.0 0 4.5 14 20 M M 6 1 17 20
18 86 67 77 1 0 12 0.00 0.0 0 3.9 9 20 M M 0 13 10
19 90 69 80 4 0 15 0.00 0.0 0 8.0 15 210 M M 0 19 180
20 89 70 80 4 0 15 0.00 0.0 0 7.7 17 290 M M 0 24 260
21 91 67 79 3 0 14 0.00 0.0 0 6.8 17 260 M M 0 24 250
22 90 66 78 2 0 13 0.00 0.0 0 5.1 12 130 M M 0 8 16 100
23 96 74 85 9 0 20 0.00 0.0 0 8.4 15 220 M M 0 23 240
24 86 68 77 1 0 12 0.00 0.0 0 9.1 17 250 M M 1 25 200
25 75 63 69 -7 0 4 0.06 0.0 0 3.5 8 40 M M 4 10 30
26 73 63 68 -8 0 3 0.66 0.0 0 4.7 10 110 M M 10 123 14 170
27 86 68 77 1 0 12 0.00 0.0 0 5.7 16 260 M M 5 12 23 240
28 83 65 74 -2 0 9 0.00 0.0 0 5.4 12 10 M M 2 12 16 20
29 80 58 69 -7 0 4 0.00 0.0 0 4.1 13 300 M M 0 16 330
30 81 60 71 -5 0 6 0.00 0.0 0 4.3 12 150 M M 1 15 140
31 82 63 73 -3 0 8 0.00 0.0 0 7.0 14 200 M M 5 19 160
================================================================================
SM 2658 2083 0 361 5.73 0.0 201.0 M 78
================================================================================
AV 85.7 67.2 6.5 FASTST M M 3 MAX(MPH)
MISC ----> 36 300 56 320
================================================================================
NOTES:
# LAST OF SEVERAL OCCURRENCES
COLUMN 17 PEAK WIND IN M.P.H.
PRELIMINARY LOCAL CLIMATOLOGICAL DATA (WS FORM: F-6) , PAGE 2
STATION: QUINCY IL
MONTH: JULY
YEAR: 2022
LATITUDE: 39 57 N
LONGITUDE: 91 12 W
[TEMPERATURE DATA] [PRECIPITATION DATA] SYMBOLS USED IN COLUMN 16
AVERAGE MONTHLY: 76.5 TOTAL FOR MONTH: 5.73 1 = FOG OR MIST
DPTR FM NORMAL: 0.2 DPTR FM NORMAL: 2.24 2 = FOG REDUCING VISIBILITY
HIGHEST: 99 ON 5 GRTST 24HR 3.42 ON 7- 8 TO 1/4 MILE OR LESS
LOWEST: 58 ON 29 3 = THUNDER
SNOW, ICE PELLETS, HAIL 4 = ICE PELLETS
TOTAL MONTH: 0.0 INCH 5 = HAIL
GRTST 24HR 0.0 6 = FREEZING RAIN OR DRIZZLE
GRTST DEPTH: 0 7 = DUSTSTORM OR SANDSTORM:
VSBY 1/2 MILE OR LESS
8 = SMOKE OR HAZE
[NO. OF DAYS WITH] [WEATHER - DAYS WITH] 9 = BLOWING SNOW
X = TORNADO
MAX 32 OR BELOW: 0 0.01 INCH OR MORE: 8
MAX 90 OR ABOVE: 7 0.10 INCH OR MORE: 6
MIN 32 OR BELOW: 0 0.50 INCH OR MORE: 4
MIN 0 OR BELOW: 0 1.00 INCH OR MORE: 2
[HDD (BASE 65) ]
TOTAL THIS MO. 0 CLEAR (SCALE 0-3) 20
DPTR FM NORMAL -1 PTCLDY (SCALE 4-7) 10
TOTAL FM JUL 1 0 CLOUDY (SCALE 8-10) 1
DPTR FM NORMAL 0
[CDD (BASE 65) ]
TOTAL THIS MO. 361
DPTR FM NORMAL 11 [PRESSURE DATA]
TOTAL FM JAN 1 838 HIGHEST SLP 30.19 ON 30
DPTR FM NORMAL 140 LOWEST SLP 29.69 ON 20
[REMARKS]
#FINAL-07-22#