000
CXUS53 KLSX 011904
CF6UIN
PRELIMINARY LOCAL CLIMATOLOGICAL DATA (WS FORM: F-6)
STATION: QUINCY IL
MONTH: FEBRUARY
YEAR: 2021
LATITUDE: 39 57 N
LONGITUDE: 91 12 W
TEMPERATURE IN F: :PCPN: SNOW: WIND :SUNSHINE: SKY :PK WND
================================================================================
1 2 3 4 5 6A 6B 7 8 9 10 11 12 13 14 15 16 17 18
12Z AVG MX 2MIN
DY MAX MIN AVG DEP HDD CDD WTR SNW DPTH SPD SPD DIR MIN PSBL S-S WX SPD DR
================================================================================
1 31 28 30 3 35 0 0.00 0.0 M 12.5 20 310 M M 10 1 26 330
2 28 19 24 -4 41 0 0.00 0.0 M 5.4 13 350 M M 8 12 17 340
3 41 23 32 4 33 0 0.00 0.0 M 9.7 17 140 M M 6 12 24 140
4 39 20 30 2 35 0 M M M 19.1 36 290 M M 8 128 45 290
5 27 15 21 -7 44 0 0.00 0.0 M 10.9 21 290 M M 4 28 280
6 21 -2 10 -18 55 0 M M M 6.7 16 20 M M 4 12 20 20
7 3 -9 -3 -32 68 0 0.01 M M 7.6 14 10 M M 6 1 17 10
8 9 3 6 -23 59 0 M M M 10.5 17 20 M M 10 18 20 20
9 11 6 9 -20 56 0 M M M 11.7 18 10 M M 10 18 21 10
10 12 7 10 -19 55 0 M M M 14.3 20 20 M M 10 18 25 20
11 13 5 9 -21 56 0 0.00 0.0 M 15.2 21 340 M M 10 25 340
12 8 -1 4 -26 61 0 0.00 0.0 M 14.0 21 350 M M 5 8 24 340
13 4 -5 0 -30 65 0 T M M 13.3 18 330 M M 6 23 340
14 0 -5 -2 -32 67 0 M M M 14.9 21 360 M M 8 25 360
15 0 -5 -2 -33 67 0 M M M 15.4 21 360 M M 10 8 27 360
16 10 -9 1 -30 64 0 T M M 7.0 15 320 M M 2 18 18 320
17 17 -7 5 -26 60 0 T M M 7.5 13 70 M M 7 18 16 70
18 18 -3 8 -24 57 0 T M M 6.8 13 10 M M 3 18 15 360
19 27 0 14 -18 51 0 0.00 0.0 M 6.6 13 210 M M 3 18 17 270
20 36 12 24 -8 41 0 0.00 0.0 M 7.4 13 120 M M 3 19 180
21 39 20 30 -3 35 0 0.03 M M 14.1 22 260 M M 6 18 32 260
22 46 31 39 6 26 0 0.00 0.0 M 13.8 23 290 M M 4 18 33 290
23 58 35 47 13 18 0 0.00 0.0 M 9.2 17 250 M M 0 27 250
24 49 28 39 5 26 0 0.00 0.0 M 11.5 23 320 M M 2 30 320
25 43 23 33 -1 32 0 0.00 0.0 M 3.6 8 330 M M 0 1 10 310
26 50 28 39 4 26 0 0.04 0.0 M 8.6 20 140 M M 5 1 25 140
27 59 31 45 10 20 0 0.00 0.0 M 9.0 17 120 M M 2 128 22 120
28 57 30 44 8 21 0 0.05 0.0 M 12.2 25 310 M M 7 12 32 310
================================================================================
SM 756 318 1274 0 M 0.0 298.5 M 159
================================================================================
AV 27.0 11.4 10.7 FASTST M M 6 MAX(MPH)
MISC ----> 36 290 45 290
================================================================================
NOTES:
# LAST OF SEVERAL OCCURRENCES
COLUMN 17 PEAK WIND IN M.P.H.
PRELIMINARY LOCAL CLIMATOLOGICAL DATA (WS FORM: F-6) , PAGE 2
STATION: QUINCY IL
MONTH: FEBRUARY
YEAR: 2021
LATITUDE: 39 57 N
LONGITUDE: 91 12 W
[TEMPERATURE DATA] [PRECIPITATION DATA] SYMBOLS USED IN COLUMN 16
AVERAGE MONTHLY: 19.2 TOTAL FOR MONTH: M 1 = FOG OR MIST
DPTR FM NORMAL: -11.7 DPTR FM NORMAL: M 2 = FOG REDUCING VISIBILITY
HIGHEST: 59 ON 27 GRTST 24HR M TO 1/4 MILE OR LESS
LOWEST: -9 ON 16, 7 3 = THUNDER
SNOW, ICE PELLETS, HAIL 4 = ICE PELLETS
TOTAL MONTH: M 5 = HAIL
GRTST 24HR M 6 = FREEZING RAIN OR DRIZZLE
GRTST DEPTH: M ON M 7 = DUSTSTORM OR SANDSTORM:
VSBY 1/2 MILE OR LESS
8 = SMOKE OR HAZE
[NO. OF DAYS WITH] [WEATHER - DAYS WITH] 9 = BLOWING SNOW
X = TORNADO
MAX 32 OR BELOW: 17 0.01 INCH OR MORE: M
MAX 90 OR ABOVE: 0 0.10 INCH OR MORE: M
MIN 32 OR BELOW: 27 0.50 INCH OR MORE: M
MIN 0 OR BELOW: 10 1.00 INCH OR MORE: M
[HDD (BASE 65) ]
TOTAL THIS MO. 1274 CLEAR (SCALE 0-3) 8
DPTR FM NORMAL 318 PTCLDY (SCALE 4-7) 11
TOTAL FM JUL 1 4320 CLOUDY (SCALE 8-10) 9
DPTR FM NORMAL -22
[CDD (BASE 65) ]
TOTAL THIS MO. 0
DPTR FM NORMAL 0 [PRESSURE DATA]
TOTAL FM JAN 1 0 HIGHEST SLP 30.64 ON 14
DPTR FM NORMAL 0 LOWEST SLP 29.45 ON 4
[REMARKS]
#FINAL-02-21#