000
CXUS56 KEKA 050432
CF6UKI
PRELIMINARY LOCAL CLIMATOLOGICAL DATA (WS FORM: F-6)
STATION: UKIAH CA
MONTH: OCTOBER
YEAR: 2020
LATITUDE: 39 7 N
LONGITUDE: 123 12 W
TEMPERATURE IN F: :PCPN: SNOW: WIND :SUNSHINE: SKY :PK WND
================================================================================
1 2 3 4 5 6A 6B 7 8 9 10 11 12 13 14 15 16 17 18
12Z AVG MX 2MIN
DY MAX MIN AVG DEP HDD CDD WTR SNW DPTH SPD SPD DIR MIN PSBL S-S WX SPD DR
================================================================================
1 96 57 77 12 0 12 0.00 M M 0.5 9 300 M M 7 8 14 310
2 100 55 78 14 0 13 0.00 M M 1.3 14 310 M M 5 8 19 310
3 100 52 76 12 0 11 0.00 M M 3.5 18 310 M M 0 8 26 320
4 95 48 72 8 0 7 0.00 M M 1.8 10 10 M M 0 M M
5 96 48 72 8 0 7 0.00 M M 1.1 8 130 M M 0 8 11 200
6 95 48 72 9 0 7 0.00 M M 1.8 10 140 M M 0 8 13 130
7 90 43 67 4 0 2 0.00 M M 1.9 10 180 M M 0 8 13 240
8 77 49 63 0 2 0 0.00 0.0 M 2.1 13 140 M M 0 18 15 130
9 80 48 64 2 1 0 0.00 0.0 M 3.2 13 140 M M 4 18 17 140
10 70 55 63 1 2 0 T 0.0 M 1.4 10 310 M M 5 8 M M
11 80 48 64 2 1 0 0.00 0.0 M 2.7 9 340 M M 0 M M
12 88 47 68 6 0 3 0.00 0.0 M 2.7 12 350 M M 0 15 10
13 91 50 71 10 0 6 0.00 0.0 M 3.7 16 300 M M 0 21 290
14 91 52 72 11 0 7 0.00 0.0 M 3.0 12 300 M M 0 15 330
15 99 51 75 14 0 10 0.00 M M 1.1 7 360 M M 0 8 10 350
16 99 47 73 13 0 8 0.00 M M 0.5 7 300 M M 0 8 300
17 100 47 74 14 0 9 0.00 M M 1.2 12 330 M M 0 15 330
18 95 50 73 13 0 8 0.00 M M 1.9 10 340 M M 0 15 350
19 93 50 72 13 0 7 0.00 M M 1.0 10 330 M M 0 13 340
20 94 48 71 12 0 6 0.00 M M 0.8 8 310 M M 0 11 310
21 88 48 68 9 0 3 0.00 M M 1.4 10 30 M M 0 14 340
22 88 47 68 10 0 3 0.00 0.0 0 0.7 10 310 M M 0 13 310
23 81 43 62 4 3 0 0.00 M M 1.7 9 280 M M 0 13 220
24 73 42 58 0 7 0 0.00 0.0 0 3.0 13 140 M M 0 17 150
25 75 43 59 1 6 0 0.00 0.0 0 1.6 12 330 M M 4 1 13 320
26 81 37 59 2 6 0 0.00 0.0 0 2.5 12 320 M M 0 16 320
27 90 37 64 7 1 0 0.00 M M 1.0 7 280 M M 0 8 280
28 86 38 62 5 3 0 0.00 0.0 0 0.3 8 300 M M 0 9 310
29 86 38 62 6 3 0 0.00 M M 0.6 9 320 M M 0 12 330
30 85 37 61 5 4 0 0.00 M M 1.0 8 330 M M 0 8 11 340
31 86 39 63 7 2 0 0.00 M M 0.6 7 140 M M 0 11 140
================================================================================
SM 2748 1442 41 129 T 0.0 51.6 M 25
================================================================================
AV 88.6 46.5 1.7 FASTST M M 1 MAX(MPH)
MISC ----> 18 310 26 320
================================================================================
NOTES:
# LAST OF SEVERAL OCCURRENCES
COLUMN 17 PEAK WIND IN M.P.H.
PRELIMINARY LOCAL CLIMATOLOGICAL DATA (WS FORM: F-6) , PAGE 2
STATION: UKIAH CA
MONTH: OCTOBER
YEAR: 2020
LATITUDE: 39 7 N
LONGITUDE: 123 12 W
[TEMPERATURE DATA] [PRECIPITATION DATA] SYMBOLS USED IN COLUMN 16
AVERAGE MONTHLY: 67.6 TOTAL FOR MONTH: T 1 = FOG OR MIST
DPTR FM NORMAL: 7.3 DPTR FM NORMAL: -2.16 2 = FOG REDUCING VISIBILITY
HIGHEST: 100 ON 17, 3 GRTST 24HR T ON 10-10 TO 1/4 MILE OR LESS
LOWEST: 37 ON 30,27 3 = THUNDER
SNOW, ICE PELLETS, HAIL 4 = ICE PELLETS
TOTAL MONTH: 0.0 INCH 5 = HAIL
GRTST 24HR 0.0 6 = FREEZING RAIN OR DRIZZLE
GRTST DEPTH: 0 7 = DUSTSTORM OR SANDSTORM:
VSBY 1/2 MILE OR LESS
8 = SMOKE OR HAZE
[NO. OF DAYS WITH] [WEATHER - DAYS WITH] 9 = BLOWING SNOW
X = TORNADO
MAX 32 OR BELOW: 0 0.01 INCH OR MORE: 0
MAX 90 OR ABOVE: 16 0.10 INCH OR MORE: 0
MIN 32 OR BELOW: 0 0.50 INCH OR MORE: 0
MIN 0 OR BELOW: 0 1.00 INCH OR MORE: 0
[HDD (BASE 65) ]
TOTAL THIS MO. 41 CLEAR (SCALE 0-3) 26
DPTR FM NORMAL -126 PTCLDY (SCALE 4-7) 5
TOTAL FM JUL 1 47 CLOUDY (SCALE 8-10) 0
DPTR FM NORMAL -152
[CDD (BASE 65) ]
TOTAL THIS MO. 129
DPTR FM NORMAL 107 [PRESSURE DATA]
TOTAL FM JAN 1 1448 HIGHEST SLP 30.22 ON 26
DPTR FM NORMAL 613 LOWEST SLP 29.75 ON 21
[REMARKS]
#FINAL-10-20#