000
CXUS54 KCRP 011427
CLMVCT
CLIMATE REPORT
NATIONAL WEATHER SERVICE CORPUS CHRISTI TX
808 AM CST FRI MAR 01 2024
...................................
...THE VICTORIA CLIMATE SUMMARY FOR THE MONTH OF FEBRUARY 2024...
CLIMATE NORMAL PERIOD 1991 TO 2020
CLIMATE RECORD PERIOD 1893 TO 2024
WEATHER OBSERVED NORMAL DEPART LAST YEAR`S
VALUE DATE(S) VALUE FROM VALUE DATE(S)
NORMAL
................................................................
TEMPERATURE (F)
RECORD
HIGH 96 02/28/1940
LOW 13 02/15/2021
HIGHEST 83 02/26 67 16 89 02/22
LOWEST 36 02/17 47 -11 33 02/01
02/18
02/11
AVG. MAXIMUM 72.5 69.1 3.4 72.4
AVG. MINIMUM 50.9 47.7 3.2 50.2
MEAN 61.7 58.4 3.3 61.3
DAYS MAX >= 90 0 0.0 0.0 0
DAYS MAX <= 32 0 0.0 0.0 0
DAYS MIN <= 32 0 1.8 -1.8 0
DAYS MIN <= 0 0 0.0 0.0 0
PRECIPITATION (INCHES)
RECORD
MAXIMUM 9.08 1992
MINIMUM 0.00 1916
TOTALS 3.16 1.96 1.20 1.12
DAILY AVG. 0.11 NAN NAN 0.04
DAYS >= .01 4 8.2 -4.2 6
DAYS >= .10 2 3.4 -1.4 2
DAYS >= .50 1 1.1 -0.1 1
DAYS >= 1.00 1 0.7 0.3 0
GREATEST
24 HR. TOTAL 2.74 02/02 TO 02/03 0.92 02/07 TO 02/08
SNOWFALL (INCHES)
RECORDS
TOTAL 3.4 1958
24 HR TOTAL 3.4 02/12/1958 TO 02/12/1958
TOTALS 0.0 MM MM 0.0
SINCE 7/1 T MM MM MM
SNOWDEPTH AVG. 0 0
DAYS >= 1.0 0 MM MM 0
GREATEST
SNOW DEPTH 0 0
24 HR TOTAL 0.0 MM
DEGREE DAYS
HEATING TOTAL 131 219 -88 198
SINCE 7/1 909 1044 -135 MM
COOLING TOTAL 43 34 9 100
SINCE 1/1 45 51 -6 MM
................................................................
WIND (MPH)
AVERAGE WIND SPEED 10.3
HIGHEST WIND SPEED/DIRECTION 35/330 DATE 02/03
35/290 02/04
HIGHEST GUST SPEED/DIRECTION 55/300 DATE 02/04
SKY COVER
AVERAGE SKY COVER 0.41
AVERAGE RH (PERCENT) 72
WEATHER CONDITIONS. NUMBER OF DAYS WITH
THUNDERSTORM 2 MIXED PRECIP 0
HEAVY RAIN 2 RAIN 2
LIGHT RAIN 7 FREEZING RAIN 0
LT FREEZING RAIN 0 HAIL 0
HEAVY SNOW 0 SNOW 0
LIGHT SNOW 0 SLEET 0
FOG 19 FOG W/VIS <= 1/4 MILE 5
HAZE 7
- INDICATES NEGATIVE NUMBERS.
R INDICATES RECORD WAS SET OR TIED.
MM INDICATES DATA IS MISSING.
T INDICATES TRACE AMOUNT.
$$