000
CXUS54 KCRP 031439 CCA
CLMVCT
CLIMATE REPORT...CORRECTION
NATIONAL WEATHER SERVICE CORPUS CHRISTI TX
839 AM CST SUN DEC 03 2023
...................................
...THE VICTORIA CLIMATE SUMMARY FOR THE MONTH OF NOVEMBER 2023...
CLIMATE NORMAL PERIOD 1991 TO 2020
CLIMATE RECORD PERIOD 1893 TO 2023
WEATHER OBSERVED NORMAL DEPART LAST YEAR`S
VALUE DATE(S) VALUE FROM VALUE DATE(S)
NORMAL
................................................................
TEMPERATURE (F)
RECORD
HIGH 93 11/04/1988
11/13/1925
11/12/1925
LOW 18 11/30/1911
HIGHEST 86 11/07 74 12 89 11/06
11/08
LOWEST 38 11/22 52 -14 36 11/13
AVG. MAXIMUM 71.6 74.1 -2.5 70.5
AVG. MINIMUM 53.6 51.4 2.2 52.8
MEAN 62.6 62.8 -0.2 61.7
DAYS MAX >= 90 0 0.1 -0.1 0
DAYS MAX <= 32 0 0.0 0.0 0
DAYS MIN <= 32 0 0.5 -0.5 0
DAYS MIN <= 0 0 0.0 0.0 0
PRECIPITATION (INCHES)
RECORD
MAXIMUM 16.14 2004
MINIMUM 0.00 1945
1924
1910
TOTALS 3.15 2.93 0.22 5.05
DAILY AVG. 0.11 0.10 0.01 0.17
DAYS >= .01 6 7.5 -1.5 11
DAYS >= .10 5 3.8 1.2 9
DAYS >= .50 3 1.7 1.3 3
DAYS >= 1.00 1 0.9 0.1 2
GREATEST
24 HR. TOTAL 1.66 11/09 TO 11/10 1.57 11/01 TO 11/01
SNOWFALL (INCHES)
RECORDS
TOTAL 0.2 1976
24 HR TOTAL 0.2 11/28/1976
TOTALS 0.0 MM MM 0.0
SINCE 7/1 0.0 MM MM MM
SNOWDEPTH AVG. 0 0
DAYS >= 1.0 0 MM MM 0
GREATEST
SNOW DEPTH 0 0
24 HR TOTAL MM MM
DEGREE DAYS
HEATING TOTAL 132 144 -12 200
SINCE 7/1 174 168 6 MM
COOLING TOTAL 66 77 -11 106
SINCE 1/1 4033 3257 776 MM
................................................................
WIND (MPH)
AVERAGE WIND SPEED 7.3
HIGHEST WIND SPEED/DIRECTION 28/350 DATE 11/21
HIGHEST GUST SPEED/DIRECTION 48/350 DATE 11/21
SKY COVER
AVERAGE SKY COVER 0.60
AVERAGE RH (PERCENT) 75
WEATHER CONDITIONS. NUMBER OF DAYS WITH
THUNDERSTORM 1 MIXED PRECIP 0
HEAVY RAIN 2 RAIN 5
LIGHT RAIN 6 FREEZING RAIN 0
LT FREEZING RAIN 0 HAIL 0
HEAVY SNOW 0 SNOW 0
LIGHT SNOW 0 SLEET 0
FOG 19 FOG W/VIS <= 1/4 MILE 9
HAZE 7
- INDICATES NEGATIVE NUMBERS.
R INDICATES RECORD WAS SET OR TIED.
MM INDICATES DATA IS MISSING.
T INDICATES TRACE AMOUNT.
$$
ANM...CORRECTED FOR RECORDS DATA.