000
CXUS55 KVEF 010910
CF6VGT
PRELIMINARY LOCAL CLIMATOLOGICAL DATA (WS FORM: F-6)
STATION: NORTH_LAS_VEGAS NV
MONTH: MAY
YEAR: 2021
LATITUDE: 36 12 N
LONGITUDE: 115 12 W
TEMPERATURE IN F: :PCPN: SNOW: WIND :SUNSHINE: SKY :PK WND
================================================================================
1 2 3 4 5 6A 6B 7 8 9 10 11 12 13 14 15 16 17 18
12Z AVG MX 2MIN
DY MAX MIN AVG DEP HDD CDD WTR SNW DPTH SPD SPD DIR MIN PSBL S-S WX SPD DR
================================================================================
1 95 68 82 11 0 17 0.00 M M 12.6 29 220 M M 0 36 210
2 89 69 79 8 0 14 0.00 M M 17.8 37 290 M M 1 49 290
3 85 67 76 4 0 11 0.00 M M 15.7 30 310 M M 0 37 310
4 92 63 78 6 0 13 0.00 M M 4.7 12 180 M M 0 14 190
5 95 65 80 8 0 15 0.00 M M 5.4 16 90 M M 0 22 70
6 99 66 83 11 0 18 0.00 M M 8.1 22 170 M M 0 29 130
7 93 70 82 9 0 17 0.00 M M 13.2 25 210 M M 0 32 240
8 90 70 80 7 0 15 0.00 M M 12.1 29 310 M M 0 35 310
9 90 68 79 5 0 14 0.00 M M 5.7 17 330 M M 0 22 330
10 90 68 79 5 0 14 0.00 M M 7.0 17 340 M M 0 22 350
11 88 69 79 5 0 14 0.00 M M 5.9 21 330 M M 0 26 330
12 95 67 81 6 0 16 0.00 M M 6.3 16 120 M M 0 23 130
13 99 68 84 9 0 19 0.00 M M 7.7 20 150 M M 0 24 150
14 99 70 85 10 0 20 0.00 M M 8.8 22 200 M M 0 29 280
15 95 73 84 8 0 19 0.00 M M 14.8 29 220 M M 0 38 190
16 83 64 74 -2 0 9 T M M 8.4 33 250 M M 1 45 250
17 90 62 76 0 0 11 0.00 M M 7.7 22 320 M M 0 26 320
18 99 73 86 9 0 21 0.00 M M 9.7 18 240 M M 0 25 300
19 96 73 85 8 0 20 0.00 M M 12.4 28 220 M M 0 35 220
20 87 64 76 -1 0 11 0.00 M M 21.0 38 190 M M 0 7 50 210
21 69 55 62 -16 3 0 T M M 14.3 29 330 M M 1 7 40 300
22 71 53 62 -16 3 0 0.00 M M 12.7 31 300 M M 1 7 39 290
23 82 53 68 -10 0 3 0.00 M M 6.5 18 170 M M 0 25 170
24 88 64 76 -3 0 11 0.00 M M 8.4 22 40 M M 0 34 350
25 96 65 81 2 0 16 0.00 M M 8.1 24 220 M M 0 31 220
26 94 74 84 4 0 19 0.00 M M 7.9 21 210 M M 0 27 210
27 97 66 82 2 0 17 0.00 M M 6.1 18 130 M M 0 22 150
28 99 70 85 5 0 20 0.00 M M 7.5 28 140 M M 0 32 140
29 95 70 83 3 0 18 0.00 M M 4.9 12 180 M M 0 14 170
30 100 75 88 7 0 23 0.00 M M 5.8 15 90 M M 0 19 80
31 101 73 87 6 0 22 0.00 M M 4.3 14 230 M M 0 18 220
================================================================================
SM 2841 2075 6 457 T M 291.5 M 4
================================================================================
AV 91.6 66.9 9.4 FASTST M M 0 MAX(MPH)
MISC ----> 38 190 50 210
================================================================================
NOTES:
# LAST OF SEVERAL OCCURRENCES
COLUMN 17 PEAK WIND IN M.P.H.
PRELIMINARY LOCAL CLIMATOLOGICAL DATA (WS FORM: F-6) , PAGE 2
STATION: NORTH_LAS_VEGAS NV
MONTH: MAY
YEAR: 2021
LATITUDE: 36 12 N
LONGITUDE: 115 12 W
[TEMPERATURE DATA] [PRECIPITATION DATA] SYMBOLS USED IN COLUMN 16
AVERAGE MONTHLY: 79.3 TOTAL FOR MONTH: T 1 = FOG OR MIST
DPTR FM NORMAL: 3.3 DPTR FM NORMAL: -0.08 2 = FOG REDUCING VISIBILITY
HIGHEST: 101 ON 31 GRTST 24HR T ON 16-16 TO 1/4 MILE OR LESS
LOWEST: 53 ON 23,22 3 = THUNDER
SNOW, ICE PELLETS, HAIL 4 = ICE PELLETS
TOTAL MONTH: M 5 = HAIL
GRTST 24HR M ON M 6 = FREEZING RAIN OR DRIZZLE
GRTST DEPTH: M ON M 7 = DUSTSTORM OR SANDSTORM:
VSBY 1/2 MILE OR LESS
8 = SMOKE OR HAZE
[NO. OF DAYS WITH] [WEATHER - DAYS WITH] 9 = BLOWING SNOW
X = TORNADO
MAX 32 OR BELOW: 0 0.01 INCH OR MORE: 0
MAX 90 OR ABOVE: 22 0.10 INCH OR MORE: 0
MIN 32 OR BELOW: 0 0.50 INCH OR MORE: 0
MIN 0 OR BELOW: 0 1.00 INCH OR MORE: 0
[HDD (BASE 65) ]
TOTAL THIS MO. 6 CLEAR (SCALE 0-3) 31
DPTR FM NORMAL -3 PTCLDY (SCALE 4-7) 0
TOTAL FM JUL 1 1651 CLOUDY (SCALE 8-10) 0
DPTR FM NORMAL -337
[CDD (BASE 65) ]
TOTAL THIS MO. 457
DPTR FM NORMAL 107 [PRESSURE DATA]
TOTAL FM JAN 1 694 HIGHEST SLP M ON M
DPTR FM NORMAL 212 LOWEST SLP 29.44 ON 19
[REMARKS]
#FINAL-05-21#