512
CXUS55 KVEF 010910
CF6VGT
PRELIMINARY LOCAL CLIMATOLOGICAL DATA (WS FORM: F-6)
STATION: NORTH_LAS_VEGAS NV
MONTH: MARCH
YEAR: 2021
LATITUDE: 36 12 N
LONGITUDE: 115 12 W
TEMPERATURE IN F: :PCPN: SNOW: WIND :SUNSHINE: SKY :PK WND
================================================================================
1 2 3 4 5 6A 6B 7 8 9 10 11 12 13 14 15 16 17 18
12Z AVG MX 2MIN
DY MAX MIN AVG DEP HDD CDD WTR SNW DPTH SPD SPD DIR MIN PSBL S-S WX SPD DR
================================================================================
1 62 36 49 -6 16 0 0.00 M M 4.3 12 90 M M 0 15 80
2 70 39 55 0 10 0 0.00 M M 4.3 9 300 M M 0 10 100
3 68 40 54 -2 11 0 0.00 M M 9.1 30 220 M M 3 38 210
4 69 43 56 0 9 0 0.00 M M 4.5 13 120 M M 1 17 110
5 76 45 61 5 4 0 0.00 M M 3.9 9 290 M M 0 11 290
6 80 47 64 8 1 0 0.00 M M 9.7 23 180 M M 0 30 180
7 75 48 62 5 3 0 0.00 M M 5.0 12 290 M M 0 14 170
8 77 53 65 8 0 0 0.00 M M 16.5 36 210 M M 0 44 210
9 64 47 56 -1 9 0 0.00 M M 11.8 31 240 M M 0 40 240
10 59 46 53 -4 12 0 T M M 12.2 32 210 M M 3 39 210
11 53 43 48 -10 17 0 T M M 7.6 21 160 M M 6 24 160
12 50 41 46 -12 19 0 0.11 M M 5.2 16 290 M M 9 19 290
13 62 43 53 -5 12 0 0.00 M M 9.0 25 310 M M 4 32 310
14 70 38 54 -4 11 0 0.00 M M 5.1 9 130 M M 0 M M
15 68 40 54 -4 11 0 T M M 16.7 29 310 M M 4 44 200
16 62 41 52 -7 13 0 0.00 M M 5.7 12 140 M M 3 M M
17 67 43 55 -4 10 0 0.00 M M 3.3 14 90 M M 0 18 90
18 74 52 63 4 2 0 0.00 M M 3.1 12 60 M M 1 15 140
19 81 50 66 6 0 1 0.00 M M 8.1 21 210 M M 0 30 180
20 73 59 66 6 0 1 0.00 M M 17.3 30 260 M M 0 38 270
21 67 52 60 0 5 0 0.00 M M 17.5 29 300 M M 0 36 300
22 68 48 58 -2 7 0 0.00 M M 7.7 17 320 M M 0 27 320
23 64 51 58 -2 7 0 T M M 18.8 29 330 M M 6 38 350
24 70 50 60 -1 5 0 0.00 M M 12.6 30 320 M M 0 37 340
25 69 51 60 -1 5 0 T M M 14.2 31 320 M M 2 40 320
26 69 51 60 -1 5 0 T M M 10.0 29 350 M M 5 35 300
27 75 52 64 3 1 0 0.00 M M 8.8 21 330 M M 0 25 330
28 80 50 65 3 0 0 0.00 M M 3.4 12 140 M M 0 14 130
29 86 51 69 7 0 4 0.00 M M 6.0 12 240 M M 0 M M
30 70 54 62 0 3 0 0.00 M M 13.9 32 310 M M 0 42 310
31 74 50 62 0 3 0 0.00 M M 6.7 17 70 M M 0 21 70
================================================================================
SM 2152 1454 211 6 0.11 M 282.0 M 47
================================================================================
AV 69.4 46.9 9.1 FASTST M M 2 MAX(MPH)
MISC ----> 36 210 44 210
================================================================================
NOTES:
# LAST OF SEVERAL OCCURRENCES
COLUMN 17 PEAK WIND IN M.P.H.
PRELIMINARY LOCAL CLIMATOLOGICAL DATA (WS FORM: F-6) , PAGE 2
STATION: NORTH_LAS_VEGAS NV
MONTH: MARCH
YEAR: 2021
LATITUDE: 36 12 N
LONGITUDE: 115 12 W
[TEMPERATURE DATA] [PRECIPITATION DATA] SYMBOLS USED IN COLUMN 16
AVERAGE MONTHLY: 58.2 TOTAL FOR MONTH: 0.11 1 = FOG OR MIST
DPTR FM NORMAL: -0.6 DPTR FM NORMAL: -0.46 2 = FOG REDUCING VISIBILITY
HIGHEST: 86 ON 29 GRTST 24HR 0.11 ON 11-12 TO 1/4 MILE OR LESS
LOWEST: 36 ON 1 3 = THUNDER
SNOW, ICE PELLETS, HAIL 4 = ICE PELLETS
TOTAL MONTH: M 5 = HAIL
GRTST 24HR M ON M 6 = FREEZING RAIN OR DRIZZLE
GRTST DEPTH: M ON M 7 = DUSTSTORM OR SANDSTORM:
VSBY 1/2 MILE OR LESS
8 = SMOKE OR HAZE
[NO. OF DAYS WITH] [WEATHER - DAYS WITH] 9 = BLOWING SNOW
X = TORNADO
MAX 32 OR BELOW: 0 0.01 INCH OR MORE: 1
MAX 90 OR ABOVE: 0 0.10 INCH OR MORE: 1
MIN 32 OR BELOW: 0 0.50 INCH OR MORE: 0
MIN 0 OR BELOW: 0 1.00 INCH OR MORE: 0
[HDD (BASE 65) ]
TOTAL THIS MO. 211 CLEAR (SCALE 0-3) 25
DPTR FM NORMAL -4 PTCLDY (SCALE 4-7) 5
TOTAL FM JUL 1 1639 CLOUDY (SCALE 8-10) 1
DPTR FM NORMAL -338
[CDD (BASE 65) ]
TOTAL THIS MO. 6
DPTR FM NORMAL -16 [PRESSURE DATA]
TOTAL FM JAN 1 6 HIGHEST SLP M ON M
DPTR FM NORMAL -16 LOWEST SLP 29.48 ON 25
[REMARKS]
#FINAL-03-21#