395
CXUS55 KVEF 010910
CF6VGT
PRELIMINARY LOCAL CLIMATOLOGICAL DATA (WS FORM: F-6)
STATION: NORTH_LAS_VEGAS NV
MONTH: JULY
YEAR: 2020
LATITUDE: 36 12 N
LONGITUDE: 115 12 W
TEMPERATURE IN F: :PCPN: SNOW: WIND :SUNSHINE: SKY :PK WND
================================================================================
1 2 3 4 5 6A 6B 7 8 9 10 11 12 13 14 15 16 17 18
12Z AVG MX 2MIN
DY MAX MIN AVG DEP HDD CDD WTR SNW DPTH SPD SPD DIR MIN PSBL S-S WX SPD DR
================================================================================
1 100 71 86 -4 0 21 0.00 M M 9.3 23 130 M M 0 29 210
2 102 75 89 -1 0 24 0.00 M M 10.1 23 150 M M 0 31 140
3 104 78 91 1 0 26 0.00 M M 8.5 22 150 M M 0 29 150
4 107 75 91 1 0 26 0.00 M M 7.1 18 250 M M 0 25 180
5 108 81 95 5 0 30 0.00 M M 5.0 20 230 M M 0 23 230
6 109 81 95 5 0 30 0.00 M M 7.0 26 130 M M 0 33 130
7 108 83 96 5 0 31 0.00 M M 13.8 25 210 M M 0 31 180
8 106 76 91 0 0 26 0.00 M M 9.4 23 210 M M 0 29 220
9 108 74 91 0 0 26 0.00 M M 7.8 21 200 M M 0 29 160
10 111 75 93 2 0 28 0.00 M M 6.5 20 170 M M 0 24 170
11 114 85 100 9 0 35 0.00 M M 7.8 23 210 M M 0 28 230
12 116 89 103 12 0 38 0.00 M M 8.3 22 220 M M 0 28 200
13 112 94 103 11 0 38 0.00 M M 15.0 29 200 M M 0 43 210
14 108 89 99 7 0 34 0.00 M M 11.9 25 200 M M 0 33 200
15 108 80 94 2 0 29 0.00 M M 7.2 18 140 M M 0 22 150
16 109 81 95 3 0 30 0.00 M M 7.2 17 190 M M 0 23 110
17 109 83 96 4 0 31 0.00 M M 9.0 23 150 M M 0 29 140
18 110 82 96 4 0 31 0.00 M M 5.1 15 150 M M 0 25 170
19 109 85 97 5 0 32 0.00 M M 4.6 14 160 M M 0 20 150
20 109 89 99 7 0 34 T M M 8.0 26 300 M M 0 3 35 290
21 109 83 96 4 0 31 0.00 M M 7.2 23 70 M M 0 28 70
22 107 83 95 3 0 30 0.00 M M 10.4 28 170 M M 0 43 150
23 106 80 93 1 0 28 0.00 M M 7.7 26 200 M M 0 31 200
24 103 76 90 -2 0 25 0.00 M M 5.9 17 140 M M 0 25 190
25 105 78 92 0 0 27 0.00 M M 6.1 17 130 M M 0 23 140
26 105 79 92 0 0 27 0.00 M M 4.0 15 150 M M 0 21 180
27 108 83 96 4 0 31 0.00 M M 7.2 20 160 M M 0 30 140
28 110 79 95 3 0 30 0.00 M M 6.6 18 160 M M 0 22 170
29 112 79 96 4 0 31 0.00 M M 6.4 21 200 M M 0 26 220
30 112 79 96 4 0 31 0.00 M M 6.3 20 250 M M 0 28 260
31 114 84 99 7 0 34 0.00 M M 8.5 23 240 M M 0 27 240
================================================================================
SM 3358 2509 0 925 T M 244.9 M 0
================================================================================
AV108.3 80.9 7.9 FASTST M M 0 MAX(MPH)
MISC ----> 29 200 # 43 210
================================================================================
NOTES:
# LAST OF SEVERAL OCCURRENCES
COLUMN 17 PEAK WIND IN M.P.H.
PRELIMINARY LOCAL CLIMATOLOGICAL DATA (WS FORM: F-6) , PAGE 2
STATION: NORTH_LAS_VEGAS NV
MONTH: JULY
YEAR: 2020
LATITUDE: 36 12 N
LONGITUDE: 115 12 W
[TEMPERATURE DATA] [PRECIPITATION DATA] SYMBOLS USED IN COLUMN 16
AVERAGE MONTHLY: 94.6 TOTAL FOR MONTH: T 1 = FOG OR MIST
DPTR FM NORMAL: 3.3 DPTR FM NORMAL: -0.43 2 = FOG REDUCING VISIBILITY
HIGHEST: 116 ON 12 GRTST 24HR T ON 20-20 TO 1/4 MILE OR LESS
LOWEST: 71 ON 1 3 = THUNDER
SNOW, ICE PELLETS, HAIL 4 = ICE PELLETS
TOTAL MONTH: M 5 = HAIL
GRTST 24HR M ON M 6 = FREEZING RAIN OR DRIZZLE
GRTST DEPTH: M ON M 7 = DUSTSTORM OR SANDSTORM:
VSBY 1/2 MILE OR LESS
8 = SMOKE OR HAZE
[NO. OF DAYS WITH] [WEATHER - DAYS WITH] 9 = BLOWING SNOW
X = TORNADO
MAX 32 OR BELOW: 0 0.01 INCH OR MORE: 0
MAX 90 OR ABOVE: 31 0.10 INCH OR MORE: 0
MIN 32 OR BELOW: 0 0.50 INCH OR MORE: 0
MIN 0 OR BELOW: 0 1.00 INCH OR MORE: 0
[HDD (BASE 65) ]
TOTAL THIS MO. 0 CLEAR (SCALE 0-3) 31
DPTR FM NORMAL 0 PTCLDY (SCALE 4-7) 0
TOTAL FM JUL 1 0 CLOUDY (SCALE 8-10) 0
DPTR FM NORMAL 0
[CDD (BASE 65) ]
TOTAL THIS MO. 925
DPTR FM NORMAL 110 [PRESSURE DATA]
TOTAL FM JAN 1 2304 HIGHEST SLP M ON M
DPTR FM NORMAL 408 LOWEST SLP 29.63 ON 13
[REMARKS]
#FINAL-07-20#