000
CXUS55 KVEF 180910
CF6VGT
PRELIMINARY LOCAL CLIMATOLOGICAL DATA (WS FORM: F-6)
STATION: NORTH_LAS_VEGAS NV
MONTH: MARCH
YEAR: 2024
LATITUDE: 36 12 N
LONGITUDE: 115 12 W
TEMPERATURE IN F: :PCPN: SNOW: WIND :SUNSHINE: SKY :PK WND
================================================================================
1 2 3 4 5 6A 6B 7 8 9 10 11 12 13 14 15 16 17 18
12Z AVG MX 2MIN
DY MAX MIN AVG DEP HDD CDD WTR SNW DPTH SPD SPD DIR MIN PSBL S-S WX SPD DR
================================================================================
1 71 55 63 7 2 0 0.00 M M 23.7 37 200 M M 1 48 200
2 68 53 61 5 4 0 T M M 25.6 48 220 M M 3 71 240
3 66 51 59 3 6 0 0.00 M M 17.5 40 230 M M 0 54 240
4 66 45 56 0 9 0 0.00 M M 5.2 12 120 M M 0 20 180
5 68 48 58 1 7 0 0.00 M M 4.4 9 90 M M 0 14 120
6 70 45 58 1 7 0 0.00 M M 8.5 20 210 M M 0 24 220
7 65 54 60 3 5 0 T M M 6.8 21 280 M M 5 27 330
8 67 50 59 1 6 0 0.00 M M 12.8 25 320 M M 1 33 330
9 66 43 55 -3 10 0 0.00 M M 3.2 10 120 M M 0 14 100
10 68 43 56 -2 9 0 0.00 M M 6.3 12 150 M M 0 15 140
11 72 56 64 6 1 0 0.00 M M 11.1 18 190 M M 0 26 280
12 67 49 58 -1 7 0 0.00 M M 4.5 13 330 M M 0 18 320
13 68 51 60 1 5 0 0.00 M M 16.9 32 330 M M 2 44 340
14 64 45 55 -4 10 0 T M M 14.8 30 320 M M 8 45 330
15 57 47 52 -7 13 0 0.29 M M 8.0 26 30 M M 9 40 40
16 59 46 53 -7 12 0 0.45 M M 5.1 13 320 M M 5 1 19 130
17 67 48 58 -2 7 0 0.00 M M 6.9 15 340 M M 2 21 340
================================================================================
SM 1129 829 120 0 0.74 M 181.3 M 36
================================================================================
AV 66.4 48.8 10.7 FASTST M M 2 MAX(MPH)
MISC ----> 48 220 71 240
================================================================================
NOTES:
# LAST OF SEVERAL OCCURRENCES
COLUMN 17 PEAK WIND IN M.P.H.
PRELIMINARY LOCAL CLIMATOLOGICAL DATA (WS FORM: F-6) , PAGE 2
STATION: NORTH_LAS_VEGAS NV
MONTH: MARCH
YEAR: 2024
LATITUDE: 36 12 N
LONGITUDE: 115 12 W
[TEMPERATURE DATA] [PRECIPITATION DATA] SYMBOLS USED IN COLUMN 16
AVERAGE MONTHLY: 57.6 TOTAL FOR MONTH: 0.74 1 = FOG OR MIST
DPTR FM NORMAL: -0.2 DPTR FM NORMAL: 0.38 2 = FOG REDUCING VISIBILITY
HIGHEST: 72 ON 11 GRTST 24HR 0.68 ON 15-16 TO 1/4 MILE OR LESS
LOWEST: 43 ON 10, 9 3 = THUNDER
SNOW, ICE PELLETS, HAIL 4 = ICE PELLETS
TOTAL MONTH: M 5 = HAIL
GRTST 24HR M ON M 6 = FREEZING RAIN OR DRIZZLE
GRTST DEPTH: M ON M 7 = DUSTSTORM OR SANDSTORM:
VSBY 1/2 MILE OR LESS
8 = SMOKE OR HAZE
[NO. OF DAYS WITH] [WEATHER - DAYS WITH] 9 = BLOWING SNOW
X = TORNADO
MAX 32 OR BELOW: 0 0.01 INCH OR MORE: 2
MAX 90 OR ABOVE: 0 0.10 INCH OR MORE: 2
MIN 32 OR BELOW: 0 0.50 INCH OR MORE: 0
MIN 0 OR BELOW: 0 1.00 INCH OR MORE: 0
[HDD (BASE 65) ]
TOTAL THIS MO. 120 CLEAR (SCALE 0-3) 13
DPTR FM NORMAL -9 PTCLDY (SCALE 4-7) 2
TOTAL FM JUL 1 1512 CLOUDY (SCALE 8-10) 2
DPTR FM NORMAL -342
[CDD (BASE 65) ]
TOTAL THIS MO. 0
DPTR FM NORMAL -6 [PRESSURE DATA]
TOTAL FM JAN 1 0 HIGHEST SLP M ON M
DPTR FM NORMAL -7 LOWEST SLP 29.61 ON 2
[REMARKS]