000
CXUS52 KMLB 010628
CF6VRB
PRELIMINARY LOCAL CLIMATOLOGICAL DATA (WS FORM: F-6)
STATION: VERO BEACH
MONTH: OCTOBER
YEAR: 2023
LATITUDE: 27 39 N
LONGITUDE: 80 25 W
TEMPERATURE IN F: :PCPN: SNOW: WIND :SUNSHINE: SKY :PK WND
================================================================================
1 2 3 4 5 6A 6B 7 8 9 10 11 12 13 14 15 16 17 18
12Z AVG MX 2MIN
DY MAX MIN AVG DEP HDD CDD WTR SNW DPTH SPD SPD DIR MIN PSBL S-S WX SPD DR
================================================================================
1 82 75 79 -1 0 14 2.33 0.0 0 9.6 23 60 M M 7 138 36 50
2 86 77 82 2 0 17 0.02 0.0 0 14.8 23 40 M M 8 8 33 50
3 86 73 80 1 0 15 0.38 0.0 0 10.9 22 80 M M 8 18 31 70
4 85 74 80 1 0 15 0.01 0.0 0 9.4 22 60 M M 3 18 32 50
5 87 77 82 3 0 17 T 0.0 0 8.4 17 60 M M 3 26 50
6 87 73 80 1 0 15 0.13 0.0 0 4.9 14 50 M M 2 18 20 40
7 90 72 81 2 0 16 0.25 0.0 0 4.2 12 70 M M 3 13 15 40
8 82 71 77 -2 0 12 0.01 0.0 0 6.9 15 350 M M 4 1 20 350
9 82 72 77 -1 0 12 T 0.0 0 8.0 17 360 M M 5 24 10
10 85 72 79 1 0 14 0.00 0.0 0 9.5 17 20 M M 5 24 10
11 87 78 83 5 0 18 0.09 0.0 0 8.4 17 140 M M 4 1 23 150
12 94 79 87 9 0 22 0.11 0.0 0 13.1 26 230 M M 6 1 40 220
13 88 78 83 5 0 18 0.25 0.0 0 5.7 12 220 M M 7 138 15 210
14 87 71 79 1 0 14 0.00 0.0 0 7.9 17 290 M M 2 18 22 290
15 85 64 75 -2 0 10 0.00 0.0 0 9.9 21 280 M M 2 27 260
16 75 57 66 -11 0 1 0.00 0.0 0 8.6 24 280 M M 4 32 270
17 75 54 65 -12 0 0 0.00 0.0 0 8.3 15 320 M M 0 23 290
18 80 57 69 -8 0 4 0.08 0.0 0 8.4 18 350 M M 5 26 360
19 82 62 72 -4 0 7 0.00 0.0 0 5.8 14 50 M M 3 20 30
20 85 63 74 -2 0 9 0.00 0.0 0 4.7 14 280 M M 1 19 300
21 87 64 76 0 0 11 0.00 0.0 0 7.3 16 300 M M 2 22 290
22 85 59 72 -4 0 7 0.00 0.0 0 3.6 9 340 M M 0 14 350
23 85 57 71 -5 0 6 0.00 0.0 0 7.4 17 40 M M 1 23 40
24 84 73 79 4 0 14 T 0.0 0 14.3 23 70 M M 5 8 31 50
25 85 72 79 4 0 14 T 0.0 0 13.6 24 80 M M 6 32 70
26 84 75 80 5 0 15 T 0.0 0 12.0 18 90 M M 6 28 70
27 85 74 80 6 0 15 0.00 0.0 0 11.0 18 70 M M 4 26 70
28 85 76 81 7 0 16 0.00 0.0 0 12.3 20 60 M M 2 27 40
29 85 75 80 6 0 15 0.00 0.0 0 12.1 20 60 M M 2 28 60
30 85 73 79 5 0 14 0.00 0.0 0 7.8 14 20 M M 4 20 70
31 86 67 77 3 0 12 0.00 0.0 0 8.2 20 10 M M 1 27 360
================================================================================
SM 2626 2164 0 389 3.66 0.0 277.0 M 115
================================================================================
AV 84.7 69.8 8.9 FASTST M M 4 MAX(MPH)
MISC ----> 26 230 40 220
================================================================================
NOTES:
# LAST OF SEVERAL OCCURRENCES
COLUMN 17 PEAK WIND IN M.P.H.
PRELIMINARY LOCAL CLIMATOLOGICAL DATA (WS FORM: F-6) , PAGE 2
STATION: VERO BEACH
MONTH: OCTOBER
YEAR: 2023
LATITUDE: 27 39 N
LONGITUDE: 80 25 W
[TEMPERATURE DATA] [PRECIPITATION DATA] SYMBOLS USED IN COLUMN 16
AVERAGE MONTHLY: 77.3 TOTAL FOR MONTH: 3.66 1 = FOG OR MIST
DPTR FM NORMAL: 0.4 DPTR FM NORMAL: -1.67 2 = FOG REDUCING VISIBILITY
HIGHEST: 94 ON 12 GRTST 24HR 2.35 ON 1- 2 TO 1/4 MILE OR LESS
LOWEST: 54 ON 17 3 = THUNDER
SNOW, ICE PELLETS, HAIL 4 = ICE PELLETS
TOTAL MONTH: 0.0 INCH 5 = HAIL
GRTST 24HR 0.0 6 = FREEZING RAIN OR DRIZZLE
GRTST DEPTH: 0 7 = DUSTSTORM OR SANDSTORM:
VSBY 1/2 MILE OR LESS
8 = SMOKE OR HAZE
[NO. OF DAYS WITH] [WEATHER - DAYS WITH] 9 = BLOWING SNOW
X = TORNADO
MAX 32 OR BELOW: 0 0.01 INCH OR MORE: 11
MAX 90 OR ABOVE: 2 0.10 INCH OR MORE: 6
MIN 32 OR BELOW: 0 0.50 INCH OR MORE: 1
MIN 0 OR BELOW: 0 1.00 INCH OR MORE: 1
[HDD (BASE 65) ]
TOTAL THIS MO. 0 CLEAR (SCALE 0-3) 14
DPTR FM NORMAL -3 PTCLDY (SCALE 4-7) 16
TOTAL FM JUL 1 0 CLOUDY (SCALE 8-10) 1
DPTR FM NORMAL 0
[CDD (BASE 65) ]
TOTAL THIS MO. 389
DPTR FM NORMAL 17 [PRESSURE DATA]
TOTAL FM JAN 1 3799 HIGHEST SLP M ON M
DPTR FM NORMAL 543 LOWEST SLP 29.66 ON 12
[REMARKS]
#FINAL-10-23#