000
CXUS51 KBTV 010700
CF6VSF
PRELIMINARY LOCAL CLIMATOLOGICAL DATA (WS FORM: F-6)
STATION: SPRINGFIELD VT
MONTH: APRIL
YEAR: 2022
LATITUDE: 43 19 N
LONGITUDE: 72 31 W
TEMPERATURE IN F: :PCPN: SNOW: WIND :SUNSHINE: SKY :PK WND
================================================================================
1 2 3 4 5 6A 6B 7 8 9 10 11 12 13 14 15 16 17 18
12Z AVG MX 2MIN
DY MAX MIN AVG DEP HDD CDD WTR SNW DPTH SPD SPD DIR MIN PSBL S-S WX SPD DR
================================================================================
1 52 36 44 7 21 0 0.15 M M 6.8 22 270 M M 9 12 30 270
2 50 29 40 2 25 0 T M M 8.4 22 300 M M 3 35 290
3 47 26 37 -1 28 0 T M M 1.9 9 160 M M 5 M M
4 53 35 44 5 21 0 T M M 7.0 23 280 M M 3 31 300
5 59 27 43 4 22 0 T M M 1.8 13 200 M M 4 17 230
6 58 31 45 5 20 0 0.00 M M 3.5 14 80 M M 6 18 70
7 51 41 46 6 19 0 0.74 M M 4.2 18 110 M M 9 1 26 130
8 56 33 45 5 20 0 1.00 M M 3.7 13 260 M M 8 12 17 120
9 49 31 40 -1 25 0 0.09 M M 3.0 17 270 M M 8 12 23 260
10 50 30 40 -1 25 0 T M M 8.7 20 280 M M 6 12 29 270
11 64 29 47 5 18 0 0.00 M M 3.2 13 280 M M 1 19 280
12 68 38 53 11 12 0 0.03 M M 5.1 20 290 M M 5 28 300
13 63 33 48 5 17 0 T M M 2.2 8 50 M M 5 12 50
14 59 45 52 9 13 0 0.02 M M 4.2 8 170 M M 8 M M
15 64 32 48 4 17 0 0.00 M M 6.3 25 250 M M 4 35 240
16 61 35 48 4 17 0 0.26 M M 4.6 17 250 M M 6 1 23 230
17 47 30 39 -5 26 0 0.01 M M 5.3 23 290 M M 6 18 30 290
18 60 26 43 -2 22 0 0.09 M M 6.0 22 120 M M 1 1 32 90
19 48 35 42 -3 23 0 0.71 M M 7.9 21 80 M M 10 1 32 230
20 51 29 40 -6 25 0 T M M 7.5 23 260 M M 5 32 240
21 63 26 45 -1 20 0 0.01 M M 6.2 25 160 M M 4 35 170
22 58 39 49 2 16 0 T M M 7.4 23 270 M M 3 31 290
23 59 29 44 -3 21 0 0.00 M M 4.2 14 280 M M 3 17 300
24 58 40 49 1 16 0 0.00 M M 2.3 10 170 M M 6 14 170
25 67 35 51 3 14 0 0.00 M M 6.1 16 180 M M 1 23 180
26 55 49 52 3 13 0 0.16 M M 3.5 13 170 M M 10 1 19 170
27 51 39 45 -4 20 0 0.01 M M 9.0 22 280 M M 9 32 300
28 49 35 42 -7 23 0 T M M 10.6 24 290 M M 5 39 300
29 54 35 45 -5 20 0 0.00 M M 8.0 21 310 M M 1 35 320
30 61 29 45 -5 20 0 0.00 M M 4.4 16 30 M M 1 24 20
================================================================================
SM 1685 1007 599 0 3.28 M 162.9 M 155
================================================================================
AV 56.2 33.6 5.4 FASTST M M 5 MAX(MPH)
MISC ----> # 25 250 39 300
================================================================================
NOTES:
# LAST OF SEVERAL OCCURRENCES
COLUMN 17 PEAK WIND IN M.P.H.
PRELIMINARY LOCAL CLIMATOLOGICAL DATA (WS FORM: F-6) , PAGE 2
STATION: SPRINGFIELD VT
MONTH: APRIL
YEAR: 2022
LATITUDE: 43 19 N
LONGITUDE: 72 31 W
[TEMPERATURE DATA] [PRECIPITATION DATA] SYMBOLS USED IN COLUMN 16
AVERAGE MONTHLY: 44.9 TOTAL FOR MONTH: 3.28 1 = FOG OR MIST
DPTR FM NORMAL: 1.1 DPTR FM NORMAL: -0.07 2 = FOG REDUCING VISIBILITY
HIGHEST: 68 ON 12 GRTST 24HR 1.72 ON 7- 8 TO 1/4 MILE OR LESS
LOWEST: 26 ON 21,18 3 = THUNDER
SNOW, ICE PELLETS, HAIL 4 = ICE PELLETS
TOTAL MONTH: M 5 = HAIL
GRTST 24HR M ON M 6 = FREEZING RAIN OR DRIZZLE
GRTST DEPTH: M ON M 7 = DUSTSTORM OR SANDSTORM:
VSBY 1/2 MILE OR LESS
8 = SMOKE OR HAZE
[NO. OF DAYS WITH] [WEATHER - DAYS WITH] 9 = BLOWING SNOW
X = TORNADO
MAX 32 OR BELOW: 0 0.01 INCH OR MORE: 13
MAX 90 OR ABOVE: 0 0.10 INCH OR MORE: 6
MIN 32 OR BELOW: 14 0.50 INCH OR MORE: 3
MIN 0 OR BELOW: 0 1.00 INCH OR MORE: 1
[HDD (BASE 65) ]
TOTAL THIS MO. 599 CLEAR (SCALE 0-3) 7
DPTR FM NORMAL -38 PTCLDY (SCALE 4-7) 17
TOTAL FM JUL 1 6434 CLOUDY (SCALE 8-10) 6
DPTR FM NORMAL -599
[CDD (BASE 65) ]
TOTAL THIS MO. 0
DPTR FM NORMAL -1 [PRESSURE DATA]
TOTAL FM JAN 1 0 HIGHEST SLP M ON M
DPTR FM NORMAL -1 LOWEST SLP 29.43 ON 1
[REMARKS]
#FINAL-04-22#