000
CXUS51 KBTV 011342
CLMVSF
CLIMATE REPORT
NATIONAL WEATHER SERVICE BURLINGTON VT
842 AM EST MON JAN 01 2024
...................................
...THE SPRINGFIELD VT CLIMATE SUMMARY FOR THE MONTH OF DECEMBER 2023...
CLIMATE NORMAL PERIOD: 1991 TO 2020
CLIMATE RECORD PERIOD: 9999 TO 9999
WEATHER OBSERVED NORMAL DEPART LAST YEAR`S
VALUE DATE(S) VALUE FROM VALUE DATE(S)
NORMAL
................................................................
TEMPERATURE (F)
RECORD
HIGH 72
LOW -16
HIGHEST 61 12/18 MM MM 55 12/07
LOWEST 14 12/23 MM MM 7 12/13
AVG. MAXIMUM 41.3 35.0 6.3 37.9
AVG. MINIMUM 28.1 18.4 9.7 21.4
MEAN 34.7 26.7 8.0 29.7
DAYS MAX >= 90 0 0.0 0.0 0
DAYS MAX <= 32 1 11.3 -10.3 6
DAYS MIN <= 32 19 29.0 -10.0 27
DAYS MIN <= 0 0 1.4 -1.4 0
PRECIPITATION (INCHES)
RECORD
MAXIMUM 4.95 2003
MINIMUM 0.58 1998
TOTALS 5.28 3.17 2.11 4.24
DAILY AVG. 0.18 0.10 0.08 0.14
DAYS >= .01 13 11.3 1.7 9
DAYS >= .10 8 6.8 1.2 8
DAYS >= .50 3 2.5 0.5 3
DAYS >= 1.00 1 0.7 0.3 2
GREATEST
24 HR. TOTAL 2.87 12/17 TO 12/18 1.51 12/22 TO 12/23
STORM TOTAL 2.43 1.18
(MM/DD(HH)) MM
DEGREE DAYS
HEATING TOTAL 932 1187 -255 1054
SINCE 7/1 2266 2804 -538 MM
COOLING TOTAL 0 0 0 0
SINCE 1/1 557 377 180 MM
................................................................
WIND (MPH)
AVERAGE WIND SPEED 2.6
HIGHEST WIND SPEED/DIRECTION 22/280 DATE 12/11
HIGHEST GUST SPEED/DIRECTION 30/260 DATE 12/13
SKY COVER
POSSIBLE SUNSHINE (PERCENT) MM
AVERAGE SKY COVER 0.70
NUMBER OF DAYS FAIR 6
NUMBER OF DAYS PC 6
NUMBER OF DAYS CLOUDY 19
AVERAGE RH (PERCENT) 76
WEATHER CONDITIONS. NUMBER OF DAYS WITH
THUNDERSTORM 0 MIXED PRECIP 0
HEAVY RAIN 3 RAIN 7
LIGHT RAIN 14 FREEZING RAIN 0
LT FREEZING RAIN 0 HAIL 0
HEAVY SNOW 1 SNOW 2
LIGHT SNOW 7 SLEET 0
FOG 19 FOG W/VIS <= 1/4 MILE 5
HAZE 4
- INDICATES NEGATIVE NUMBERS.
R INDICATES RECORD WAS SET OR TIED.
MM INDICATES DATA IS MISSING.
T INDICATES TRACE AMOUNT.
$$