000
CXUS55 KLBF 020448
CF6VTN
PRELIMINARY LOCAL CLIMATOLOGICAL DATA (WS FORM: F-6)
STATION: VALENTINE
MONTH: JULY
YEAR: 2021
LATITUDE: 42 52 N
LONGITUDE: 100 33 W
TEMPERATURE IN F: :PCPN: SNOW: WIND :SUNSHINE: SKY :PK WND
================================================================================
1 2 3 4 5 6A 6B 7 8 9 10 11 12 13 14 15 16 17 18
12Z AVG MX 2MIN
DY MAX MIN AVG DEP HDD CDD WTR SNW DPTH SPD SPD DIR MIN PSBL S-S WX SPD DR
================================================================================
1 89 58 74 0 0 9 0.00 0.0 0 5.2 16 90 M M 0 18 21 100
2 89 64 77 3 0 12 0.00 0.0 0 12.5 23 150 M M 0 32 170
3 97 66 82 8 0 17 T 0.0 0 15.0 28 240 M M 1 3 40 170
4 101 65 83 9 0 18 T 0.0 0 5.9 15 240 M M 0 18 140
5 101 68 85 11 0 20 0.00 0.0 0 10.2 31 360 M M 0 8 43 360
6 82 67 75 0 0 10 0.13 0.0 0 9.6 17 350 M M 7 38 22 30
7 88 66 77 2 0 12 0.00 0.0 0 7.6 20 110 M M 5 27 120
8 101 66 84 9 0 19 0.07 0.0 0 12.1 26 120 M M 2 13 40 110
9 91 65 78 3 0 13 0.00 0.0 0 9.1 24 170 M M 3 128 32 340
10 85 59 72 -4 0 7 0.04 0.0 0 11.8 25 10 M M 3 18 37 10
11 87 53 70 -6 0 5 0.00 0.0 0 5.6 15 130 M M 0 1 23 160
12 97 57 77 1 0 12 0.00 0.0 0 9.0 21 360 M M 0 28 10
13 88 62 75 -1 0 10 0.15 0.0 0 8.2 20 20 M M 3 3 36 40
14 80 62 71 -5 0 6 0.93 0.0 0 M M M M M M M M
15 86 57 72 -4 0 7 0.00 0.0 0 6.6 16 130 M M 1 18 23 160
16 90 65 78 2 0 13 0.33 0.0 0 12.6 32 340 M M 4 138 44 340
17 89 63 76 0 0 11 0.01 0.0 0 8.1 26 150 M M 0 13 35 150
18 91 71 81 5 0 16 0.00 0.0 0 10.4 16 160 M M 1 21 140
19 91 69 80 4 0 15 0.00 0.0 0 9.8 18 120 M M 1 23 110
20 89 66 78 2 0 13 0.00 0.0 0 11.0 20 170 M M 0 27 180
21 94 67 81 5 0 16 0.00 0.0 0 16.3 26 170 M M M 38 170
22 100 69 85 9 0 20 0.00 0.0 0 11.6 21 170 M M 0 28 190
23 96 68 82 6 0 17 1.37 0.0 0 5.5 26 320 M M 3 13 41 320
24 95 69 82 6 0 17 0.00 0.0 0 6.6 15 60 M M 0 1 20 80
25 96 68 82 6 0 17 0.00 0.0 0 11.7 25 190 M M 0 1 34 190
26 97 65 81 5 0 16 0.00 0.0 0 11.8 21 190 M M 0 28 160
27 102 69 86 10 0 21 0.00 0.0 0 9.6 21 180 M M 0 29 180
28 105 74 90 14 0 25 0.00 0.0 0 10.1 21 180 M M 0 27 180
29 90 70 80 4 0 15 0.00 0.0 0 13.3 22 50 M M 5 8 31 60
30 86 67 77 1 0 12 0.00 0.0 0 10.7 20 50 M M 8 38 25 20
31 91 63 77 1 0 12 0.00 0.0 0 8.0 17 40 M M 5 128 24 10
================================================================================
SM 2864 2018 0 433 3.03 0.0 295.5 M 52
================================================================================
AV 92.4 65.1 9.9 FASTST M M 2 MAX(MPH)
MISC ----> 32 340 44 340
================================================================================
NOTES:
# LAST OF SEVERAL OCCURRENCES
COLUMN 17 PEAK WIND IN M.P.H.
PRELIMINARY LOCAL CLIMATOLOGICAL DATA (WS FORM: F-6) , PAGE 2
STATION: VALENTINE
MONTH: JULY
YEAR: 2021
LATITUDE: 42 52 N
LONGITUDE: 100 33 W
[TEMPERATURE DATA] [PRECIPITATION DATA] SYMBOLS USED IN COLUMN 16
AVERAGE MONTHLY: 78.7 TOTAL FOR MONTH: 3.03 1 = FOG OR MIST
DPTR FM NORMAL: 3.0 DPTR FM NORMAL: 0.21 2 = FOG REDUCING VISIBILITY
HIGHEST: 105 ON 28 GRTST 24HR 1.37 ON 23-23 TO 1/4 MILE OR LESS
LOWEST: 53 ON 11 3 = THUNDER
SNOW, ICE PELLETS, HAIL 4 = ICE PELLETS
TOTAL MONTH: 0.0 INCH 5 = HAIL
GRTST 24HR 0.0 6 = FREEZING RAIN OR DRIZZLE
GRTST DEPTH: 0 7 = DUSTSTORM OR SANDSTORM:
VSBY 1/2 MILE OR LESS
8 = SMOKE OR HAZE
[NO. OF DAYS WITH] [WEATHER - DAYS WITH] 9 = BLOWING SNOW
X = TORNADO
MAX 32 OR BELOW: 0 0.01 INCH OR MORE: 8
MAX 90 OR ABOVE: 19 0.10 INCH OR MORE: 5
MIN 32 OR BELOW: 0 0.50 INCH OR MORE: 2
MIN 0 OR BELOW: 0 1.00 INCH OR MORE: 1
[HDD (BASE 65) ]
TOTAL THIS MO. 0 CLEAR (SCALE 0-3) 21
DPTR FM NORMAL -5 PTCLDY (SCALE 4-7) 8
TOTAL FM JUL 1 0 CLOUDY (SCALE 8-10) 2
DPTR FM NORMAL 0
[CDD (BASE 65) ]
TOTAL THIS MO. 433
DPTR FM NORMAL 97 [PRESSURE DATA]
TOTAL FM JAN 1 765 HIGHEST SLP 30.23 ON 31
DPTR FM NORMAL 225 LOWEST SLP 29.67 ON 8
[REMARKS]
#FINAL-07-21#