000
CXUS55 KLBF 011410
CF6VTN
PRELIMINARY LOCAL CLIMATOLOGICAL DATA (WS FORM: F-6)
STATION: VALENTINE
MONTH: JUNE
YEAR: 2021
LATITUDE: 42 52 N
LONGITUDE: 100 33 W
TEMPERATURE IN F: :PCPN: SNOW: WIND :SUNSHINE: SKY :PK WND
================================================================================
1 2 3 4 5 6A 6B 7 8 9 10 11 12 13 14 15 16 17 18
12Z AVG MX 2MIN
DY MAX MIN AVG DEP HDD CDD WTR SNW DPTH SPD SPD DIR MIN PSBL S-S WX SPD DR
================================================================================
1 80 47 64 0 1 0 0.00 0.0 0 9.5 18 170 M M 2 27 220
2 85 49 67 3 0 2 0.00 0.0 0 4.9 13 340 M M 1 19 340
3 92 49 71 6 0 6 0.00 0.0 0 6.8 14 260 M M 0 19 250
4 99 54 77 12 0 12 0.00 0.0 0 8.5 18 210 M M 0 27 190
5 98 58 78 12 0 13 0.00 0.0 0 13.6 24 190 M M 0 35 160
6 89 62 76 10 0 11 0.00 0.0 M 13.5 26 210 M M 0 36 200
7 99 62 81 15 0 16 0.00 0.0 0 13.7 28 180 M M 0 43 180
8 95 71 83 16 0 18 0.00 0.0 0 16.5 28 160 M M 0 35 150
9 93 63 78 11 0 13 1.15 0.0 0 14.8 31 330 M M 2 13 39 330
10 97 74 86 19 0 21 0.00 0.0 0 16.4 26 170 M M 1 35 150
11 83 55 69 1 0 4 0.05 0.0 0 15.1 37 270 M M 1 52 280
12 90 49 70 2 0 5 0.00 0.0 0 11.0 23 170 M M 0 31 160
13 96 63 80 12 0 15 0.00 0.0 0 10.5 29 230 M M 0 43 230
14 95 67 81 12 0 16 0.00 0.0 0 9.5 40 230 M M 0 53 230
15 99 67 83 14 0 18 0.00 0.0 0 10.3 22 120 M M 0 8 27 130
16 102 71 87 18 0 22 0.00 0.0 0 10.7 21 360 M M 0 27 350
17 91 64 78 8 0 13 0.00 0.0 0 8.4 18 50 M M 0 24 60
18 93 59 76 6 0 11 0.00 0.0 0 4.2 16 50 M M 0 3 23 50
19 89 56 73 3 0 8 0.00 0.0 0 11.9 28 340 M M 0 45 350
20 76 55 66 -4 0 1 0.00 0.0 0 13.8 26 350 M M 2 37 330
21 80 49 65 -6 0 0 T 0.0 0 9.5 26 320 M M 2 38 320
22 93 52 73 2 0 8 0.00 0.0 0 6.2 17 70 M M 0 21 20
23 108 59 84 13 0 19 0.20 0.0 0 8.2 33 190 M M 1 3 44 210
24 86 61 74 2 0 9 0.00 0.0 0 8.1 20 360 M M 1 29 10
25 74 61 68 -4 0 3 0.55 0.0 0 5.3 14 70 M M 8 1 17 80
26 83 60 72 0 0 7 0.00 0.0 0 10.6 20 350 M M 6 27 330
27 83 57 70 -3 0 5 0.06 0.0 0 7.5 24 360 M M 1 3 32 10
28 84 59 72 -1 0 7 T 0.0 0 7.0 21 300 M M 0 29 300
29 86 53 70 -3 0 5 0.00 0.0 0 4.8 12 170 M M 0 17 130
30 90 60 75 2 0 10 0.00 0.0 0 7.1 15 130 M M 0 22 120
================================================================================
SM 2708 1766 1 298 2.01 0.0 297.9 M 28
================================================================================
AV 90.3 58.9 9.9 FASTST M M 1 MAX(MPH)
MISC ----> 40 230 53 230
================================================================================
NOTES:
# LAST OF SEVERAL OCCURRENCES
COLUMN 17 PEAK WIND IN M.P.H.
PRELIMINARY LOCAL CLIMATOLOGICAL DATA (WS FORM: F-6) , PAGE 2
STATION: VALENTINE
MONTH: JUNE
YEAR: 2021
LATITUDE: 42 52 N
LONGITUDE: 100 33 W
[TEMPERATURE DATA] [PRECIPITATION DATA] SYMBOLS USED IN COLUMN 16
AVERAGE MONTHLY: 74.6 TOTAL FOR MONTH: 2.01 1 = FOG OR MIST
DPTR FM NORMAL: 5.6 DPTR FM NORMAL: -1.95 2 = FOG REDUCING VISIBILITY
HIGHEST: 108 ON 23 GRTST 24HR 1.15 ON 9- 9 TO 1/4 MILE OR LESS
LOWEST: 47 ON 1 3 = THUNDER
SNOW, ICE PELLETS, HAIL 4 = ICE PELLETS
TOTAL MONTH: 0.0 INCH 5 = HAIL
GRTST 24HR 0.0 6 = FREEZING RAIN OR DRIZZLE
GRTST DEPTH: 0 7 = DUSTSTORM OR SANDSTORM:
VSBY 1/2 MILE OR LESS
8 = SMOKE OR HAZE
[NO. OF DAYS WITH] [WEATHER - DAYS WITH] 9 = BLOWING SNOW
X = TORNADO
MAX 32 OR BELOW: 0 0.01 INCH OR MORE: 5
MAX 90 OR ABOVE: 17 0.10 INCH OR MORE: 3
MIN 32 OR BELOW: 0 0.50 INCH OR MORE: 2
MIN 0 OR BELOW: 0 1.00 INCH OR MORE: 1
[HDD (BASE 65) ]
TOTAL THIS MO. 1 CLEAR (SCALE 0-3) 28
DPTR FM NORMAL -46 PTCLDY (SCALE 4-7) 2
TOTAL FM JUL 1 6237 CLOUDY (SCALE 8-10) 0
DPTR FM NORMAL -454
[CDD (BASE 65) ]
TOTAL THIS MO. 298
DPTR FM NORMAL 133 [PRESSURE DATA]
TOTAL FM JAN 1 332 HIGHEST SLP 30.19 ON 29
DPTR FM NORMAL 128 LOWEST SLP 29.48 ON 6
[REMARKS]
#FINAL-06-21#