000
CXUS53 KLBF 010837
CLMVTN
CLIMATE REPORT
NATIONAL WEATHER SERVICE NORTH PLATTE NE
237 AM CST FRI MAR 01 2024
...................................
...THE VALENTINE CLIMATE SUMMARY FOR THE MONTH OF FEBRUARY 2024...
CLIMATE NORMAL PERIOD 1991 TO 2020
CLIMATE RECORD PERIOD 1885 TO 2024
WEATHER OBSERVED NORMAL DEPART LAST YEAR`S
VALUE DATE(S) VALUE FROM VALUE DATE(S)
NORMAL
................................................................
TEMPERATURE (F)
RECORD
HIGH 78 02/18/2016
02/22/1982
10/29/2353310
LOW -37 02/11/1899
HIGHEST 70 02/26 64 6 47 02/18
02/26
LOWEST -9 02/17 -12 3 -14 02/23
AVG. MAXIMUM 49.0 40.9 8.1 34.9
AVG. MINIMUM 21.3 14.2 7.1 10.7
MEAN 35.1 27.6 7.5 22.8
DAYS MAX >= 90 0 0.0 0.0 0
DAYS MAX <= 32 3 8.7 -5.7 7
DAYS MIN <= 32 23 27.0 -4.0 28
DAYS MIN <= 0 4 4.0 0.0 6
PRECIPITATION (INCHES)
RECORD
MAXIMUM 2.27 2012
MINIMUM T 1949
TOTALS 1.02 0.61 0.41 0.41
DAILY AVG. 0.04 NAN NAN 0.01
DAYS >= .01 8 5.7 2.3 3
DAYS >= .10 6 1.7 4.3 1
DAYS >= .50 0 0.3 -0.3 0
DAYS >= 1.00 0 0.0 0.0 0
GREATEST
24 HR. TOTAL 0.33 02/03 TO 02/04 0.35 02/22 TO 02/22
SNOWFALL (INCHES)
RECORDS
TOTAL 20.3 1936
TOTALS 6.1 6.5 -0.4 5.8
SINCE 7/1 20.7 22.5 -1.8 MM
SNOWDEPTH AVG. 0 7
DAYS >= 1.0 2 2.5 -0.5 2
GREATEST
SNOW DEPTH 3 02/16 16 02/01
02/17
02/02
24 HR TOTAL MM
DEGREE DAYS
HEATING TOTAL 859 1048 -189 1173
SINCE 7/1 4636 5073 -437 MM
COOLING TOTAL 0 0 0 0
SINCE 1/1 0 0 0 MM
................................................................
WIND (MPH)
AVERAGE WIND SPEED 8.8
HIGHEST WIND SPEED/DIRECTION 32/330 DATE 02/23
32/340 02/27
HIGHEST GUST SPEED/DIRECTION 47/310 DATE 02/27
SKY COVER
POSSIBLE SUNSHINE (PERCENT) MM
AVERAGE SKY COVER 0.42
NUMBER OF DAYS FAIR 16
NUMBER OF DAYS PC 4
NUMBER OF DAYS CLOUDY 9
AVERAGE RH (PERCENT) 69
WEATHER CONDITIONS. NUMBER OF DAYS WITH
THUNDERSTORM 0 MIXED PRECIP 0
HEAVY RAIN 0 RAIN 2
LIGHT RAIN 6 FREEZING RAIN 0
LT FREEZING RAIN 0 HAIL 0
HEAVY SNOW 1 SNOW 4
LIGHT SNOW 5 SLEET 0
FOG 13 FOG W/VIS <= 1/4 MILE 10
HAZE 7
- INDICATES NEGATIVE NUMBERS.
R INDICATES RECORD WAS SET OR TIED.
MM INDICATES DATA IS MISSING.
T INDICATES TRACE AMOUNT.
$$