000
CXUS56 KLKN 011310
CF6WMC
PRELIMINARY LOCAL CLIMATOLOGICAL DATA (WS FORM: F-6)
STATION: WINNEMUCCA AIRPORT NV
MONTH: FEBRUARY
YEAR: 2024
LATITUDE: 40 54 N
LONGITUDE: 117 48 W
TEMPERATURE IN F: :PCPN: SNOW: WIND :SUNSHINE: SKY :PK WND
================================================================================
1 2 3 4 5 6A 6B 7 8 9 10 11 12 13 14 15 16 17 18
12Z AVG MX 2MIN
DY MAX MIN AVG DEP HDD CDD WTR SNW DPTH SPD SPD DIR MIN PSBL S-S WX SPD DR
================================================================================
1 50 34 42 8 23 0 0.17 0.0 0 7.0 18 250 M M 9 1 26 170
2 49 29 39 5 26 0 0.06 T 0 6.3 25 280 M M 5 1 34 280
3 41 25 33 -2 32 0 0.06 T 0 6.9 16 240 M M 6 1 20 240
4 38 25 32 -3 33 0 0.08 0.9 0 9.2 16 30 M M 7 1 22 30
5 54 33 44 9 21 0 0.00 0.0 1 8.3 17 170 M M 2 27 160
6 38 33 36 1 29 0 0.26 0.4 0 5.4 13 270 M M 10 1 18 260
7 42 30 36 1 29 0 0.10 0.2 T 4.5 17 230 M M 9 22 230
8 44 23 34 -1 31 0 T T 0 3.7 9 330 M M 6 15 330
9 38 27 33 -3 32 0 0.06 0.3 T 6.2 20 330 M M 9 18 28 320
10 40 21 31 -5 34 0 0.00 0.0 0 4.5 12 290 M M 3 15 300
11 45 18 32 -4 33 0 0.00 0.0 0 4.1 12 180 M M 0 14 170
12 49 18 34 -2 31 0 0.00 0.0 0 2.7 7 40 M M 0 10 140
13 48 22 35 -1 30 0 0.00 0.0 0 2.5 13 270 M M 4 17 280
14 47 27 37 1 28 0 0.05 0.3 0 9.1 21 200 M M 6 1 29 190
15 47 34 41 4 24 0 0.10 0.3 0 8.2 21 240 M M 8 1 29 240
16 53 36 45 8 20 0 T 0.0 0 7.0 23 40 M M 5 31 40
17 48 33 41 4 24 0 T 0.0 0 11.0 21 40 M M 7 29 40
18 55 32 44 7 21 0 T 0.0 0 7.1 20 260 M M 3 29 220
19 56 37 47 10 18 0 0.12 0.0 0 10.6 18 150 M M 4 1 27 150
20 55 26 41 3 24 0 0.00 0.0 0 4.9 16 190 M M 2 23 180
21 51 29 40 2 25 0 0.21 0.0 0 6.9 18 280 M M 7 27 290
22 53 22 38 0 27 0 0.00 0.0 0 3.8 10 160 M M 1 14 170
23 56 28 42 4 23 0 0.00 0.0 0 6.2 13 30 M M 0 17 80
24 58 26 42 4 23 0 0.00 0.0 0 5.8 13 240 M M 0 16 220
25 62 27 45 6 20 0 0.00 0.0 0 7.5 20 240 M M 0 28 250
26 52 30 41 2 24 0 0.04 0.0 0 13.3 30 230 M M 6 1 45 240
27 42 15 29 -10 36 0 0.00 0.0 0 7.6 14 200 M M 2 21 170
28 57 24 41 1 24 0 0.00 0.0 0 7.4 14 210 M M 1 21 230
29 63 38 51 11 14 0 0.00 0.0 0 19.3 40 230 M M 7 8 59 230
================================================================================
SM 1431 802 759 0 1.31 2.4 207.0 M 129
================================================================================
AV 49.3 27.7 7.1 FASTST M M 4 MAX(MPH)
MISC ----> 40 230 59 230
================================================================================
NOTES:
# LAST OF SEVERAL OCCURRENCES
COLUMN 17 PEAK WIND IN M.P.H.
PRELIMINARY LOCAL CLIMATOLOGICAL DATA (WS FORM: F-6) , PAGE 2
STATION: WINNEMUCCA AIRPORT NV
MONTH: FEBRUARY
YEAR: 2024
LATITUDE: 40 54 N
LONGITUDE: 117 48 W
[TEMPERATURE DATA] [PRECIPITATION DATA] SYMBOLS USED IN COLUMN 16
AVERAGE MONTHLY: 38.5 TOTAL FOR MONTH: 1.31 1 = FOG OR MIST
DPTR FM NORMAL: 1.9 DPTR FM NORMAL: 0.60 2 = FOG REDUCING VISIBILITY
HIGHEST: 63 ON 29 GRTST 24HR 0.31 ON 6- 7 TO 1/4 MILE OR LESS
LOWEST: 15 ON 27 3 = THUNDER
SNOW, ICE PELLETS, HAIL 4 = ICE PELLETS
TOTAL MONTH: 2.4 INCHES 5 = HAIL
GRTST 24HR 0.9 ON 4- 4 6 = FREEZING RAIN OR DRIZZLE
GRTST DEPTH: 1 ON 5 7 = DUSTSTORM OR SANDSTORM:
VSBY 1/2 MILE OR LESS
8 = SMOKE OR HAZE
[NO. OF DAYS WITH] [WEATHER - DAYS WITH] 9 = BLOWING SNOW
X = TORNADO
MAX 32 OR BELOW: 0 0.01 INCH OR MORE: 12
MAX 90 OR ABOVE: 0 0.10 INCH OR MORE: 6
MIN 32 OR BELOW: 21 0.50 INCH OR MORE: 0
MIN 0 OR BELOW: 0 1.00 INCH OR MORE: 0
[HDD (BASE 65) ]
TOTAL THIS MO. 759 CLEAR (SCALE 0-3) 12
DPTR FM NORMAL -35 PTCLDY (SCALE 4-7) 13
TOTAL FM JUL 1 3908 CLOUDY (SCALE 8-10) 4
DPTR FM NORMAL -443
[CDD (BASE 65) ]
TOTAL THIS MO. 0
DPTR FM NORMAL 0 [PRESSURE DATA]
TOTAL FM JAN 1 0 HIGHEST SLP 30.38 ON 23
DPTR FM NORMAL 0 LOWEST SLP 29.51 ON 1
[REMARKS]
#FINAL-02-24#