000
CXUS56 KLKN 020937
CF6WMC
PRELIMINARY LOCAL CLIMATOLOGICAL DATA (WS FORM: F-6)
STATION: WINNEMUCCA AIRPORT NV
MONTH: AUGUST
YEAR: 2021
LATITUDE: 40 54 N
LONGITUDE: 117 48 W
TEMPERATURE IN F: :PCPN: SNOW: WIND :SUNSHINE: SKY :PK WND
================================================================================
1 2 3 4 5 6A 6B 7 8 9 10 11 12 13 14 15 16 17 18
12Z AVG MX 2MIN
DY MAX MIN AVG DEP HDD CDD WTR SNW DPTH SPD SPD DIR MIN PSBL S-S WX SPD DR
================================================================================
1 88 66 77 2 0 12 0.00 0.0 0 8.7 21 40 M M 0 25 60
2 97 59 78 3 0 13 0.00 0.0 0 7.5 18 40 M M 0 25 60
3 101 67 84 9 0 19 0.00 0.0 0 12.2 28 60 M M 0 3 37 60
4 104 60 82 7 0 17 0.00 0.0 0 8.9 25 220 M M 0 40 200
5 99 58 79 5 0 14 0.00 0.0 0 11.2 31 290 M M 3 8 42 240
6 88 52 70 -4 0 5 0.00 0.0 0 5.8 18 250 M M 6 8 24 280
7 97 46 72 -2 0 7 0.00 0.0 0 5.7 15 260 M M 3 8 21 270
8 94 50 72 -2 0 7 0.00 0.0 0 7.4 21 290 M M 9 8 26 280
9 91 49 70 -4 0 5 0.00 0.0 0 8.3 16 40 M M 2 8 20 50
10 95 50 73 0 0 8 0.00 0.0 0 5.3 15 60 M M 1 8 20 60
11 100 44 72 -1 0 7 0.00 0.0 0 5.5 17 60 M M 0 22 310
12 103 52 78 5 0 13 0.00 0.0 0 6.4 20 40 M M 0 27 350
13 103 61 82 10 0 17 0.00 0.0 0 6.2 14 270 M M 0 8 21 30
14 103 58 81 9 0 16 0.00 0.0 0 6.1 16 60 M M 0 8 22 60
15 103 59 81 9 0 16 0.00 0.0 0 5.3 15 50 M M 1 8 20 60
16 104 56 80 8 0 15 0.00 0.0 0 6.4 21 280 M M 3 38 27 270
17 88 57 73 1 0 8 0.00 0.0 0 11.6 23 290 M M 8 8 31 260
18 76 50 63 -8 2 0 0.00 0.0 0 11.5 23 360 M M 2 32 360
19 78 48 63 -8 2 0 0.00 0.0 0 7.0 15 10 M M 3 21 320
20 85 40 63 -8 2 0 0.00 0.0 0 5.0 14 160 M M 0 18 150
21 82 49 66 -4 0 1 0.00 0.0 0 8.4 25 270 M M 8 8 36 290
22 88 43 66 -4 0 1 0.00 0.0 0 6.3 21 240 M M 5 8 26 250
23 90 41 66 -4 0 1 0.00 0.0 0 6.7 18 250 M M 7 8 26 220
24 88 45 67 -3 0 2 0.00 0.0 0 4.4 16 270 M M 6 8 21 230
25 86 45 66 -3 0 1 0.00 0.0 0 6.8 21 250 M M 3 8 27 250
26 88 40 64 -5 1 0 0.00 0.0 0 5.6 17 270 M M 2 8 22 260
27 88 41 65 -4 0 0 0.00 0.0 0 5.7 16 40 M M 0 8 19 320
28 91 45 68 0 0 3 0.00 0.0 0 7.0 18 40 M M 0 24 40
29 97 43 70 2 0 5 0.00 0.0 0 5.7 18 280 M M 2 8 28 250
30 93 47 70 2 0 5 0.00 0.0 0 5.4 21 210 M M 6 8 29 260
31 93 45 69 1 0 4 0.00 0.0 0 5.4 18 240 M M 3 8 25 240
================================================================================
SM 2881 1566 7 222 0.00 0.0 219.4 M 83
================================================================================
AV 92.9 50.5 7.1 FASTST M M 3 MAX(MPH)
MISC ----> 31 290 42 240
================================================================================
NOTES:
# LAST OF SEVERAL OCCURRENCES
COLUMN 17 PEAK WIND IN M.P.H.
PRELIMINARY LOCAL CLIMATOLOGICAL DATA (WS FORM: F-6) , PAGE 2
STATION: WINNEMUCCA AIRPORT NV
MONTH: AUGUST
YEAR: 2021
LATITUDE: 40 54 N
LONGITUDE: 117 48 W
[TEMPERATURE DATA] [PRECIPITATION DATA] SYMBOLS USED IN COLUMN 16
AVERAGE MONTHLY: 71.7 TOTAL FOR MONTH: 0.00 1 = FOG OR MIST
DPTR FM NORMAL: 0.1 DPTR FM NORMAL: -0.12 2 = FOG REDUCING VISIBILITY
HIGHEST: 104 ON 16, 4 GRTST 24HR T ON 5- 5 TO 1/4 MILE OR LESS
LOWEST: 40 ON 26,20 3 = THUNDER
SNOW, ICE PELLETS, HAIL 4 = ICE PELLETS
TOTAL MONTH: 0.0 INCH 5 = HAIL
GRTST 24HR 0.0 6 = FREEZING RAIN OR DRIZZLE
GRTST DEPTH: 0 7 = DUSTSTORM OR SANDSTORM:
VSBY 1/2 MILE OR LESS
8 = SMOKE OR HAZE
[NO. OF DAYS WITH] [WEATHER - DAYS WITH] 9 = BLOWING SNOW
X = TORNADO
MAX 32 OR BELOW: 0 0.01 INCH OR MORE: 0
MAX 90 OR ABOVE: 19 0.10 INCH OR MORE: 0
MIN 32 OR BELOW: 0 0.50 INCH OR MORE: 0
MIN 0 OR BELOW: 0 1.00 INCH OR MORE: 0
[HDD (BASE 65) ]
TOTAL THIS MO. 7 CLEAR (SCALE 0-3) 22
DPTR FM NORMAL -6 PTCLDY (SCALE 4-7) 7
TOTAL FM JUL 1 7 CLOUDY (SCALE 8-10) 2
DPTR FM NORMAL -7
[CDD (BASE 65) ]
TOTAL THIS MO. 222
DPTR FM NORMAL 5 [PRESSURE DATA]
TOTAL FM JAN 1 1012 HIGHEST SLP 30.16 ON 2
DPTR FM NORMAL 378 LOWEST SLP 29.58 ON 17
[REMARKS]
#FINAL-08-21#