000
CXUS56 KLKN 041159
CF6WMC
PRELIMINARY LOCAL CLIMATOLOGICAL DATA (WS FORM: F-6)
STATION: WINNEMUCCA AIRPORT NV
MONTH: APRIL
YEAR: 2021
LATITUDE: 40 54 N
LONGITUDE: 117 48 W
TEMPERATURE IN F: :PCPN: SNOW: WIND :SUNSHINE: SKY :PK WND
================================================================================
1 2 3 4 5 6A 6B 7 8 9 10 11 12 13 14 15 16 17 18
12Z AVG MX 2MIN
DY MAX MIN AVG DEP HDD CDD WTR SNW DPTH SPD SPD DIR MIN PSBL S-S WX SPD DR
================================================================================
1 75 19 47 3 18 0 0.00 0.0 0 6.8 21 240 M M 0 25 240
2 76 24 50 6 15 0 0.00 0.0 0 6.6 20 250 M M 0 23 240
3 79 30 55 11 10 0 0.00 0.0 0 5.2 16 250 M M 0 21 180
4 77 30 54 10 11 0 0.00 0.0 0 7.3 21 250 M M 0 27 240
5 58 24 41 -3 24 0 T 0.0 0 12.3 31 320 M M 3 42 330
6 63 12 38 -6 27 0 0.00 0.0 0 5.2 14 280 M M 0 18 270
7 71 24 48 4 17 0 0.00 0.0 0 9.7 23 280 M M 0 31 280
8 66 31 49 4 16 0 0.00 0.0 0 9.0 22 290 M M 0 29 290
9 70 20 45 0 20 0 0.00 0.0 0 6.9 16 280 M M 0 22 270
10 72 24 48 3 17 0 0.00 0.0 0 9.5 25 270 M M 0 33 260
11 58 26 42 -3 23 0 0.00 0.0 0 10.0 23 350 M M 0 31 350
12 61 22 42 -4 23 0 0.00 0.0 0 8.1 20 70 M M 0 24 50
13 59 36 48 2 17 0 T 0.0 0 14.2 30 360 M M 6 40 10
14 55 33 44 -2 21 0 0.01 0.0 0 9.7 23 40 M M 8 1 29 40
15 61 23 42 -4 23 0 0.00 0.0 0 5.2 15 20 M M 4 17 260
16 62 38 50 4 15 0 0.00 0.0 0 10.3 22 20 M M 6 26 60
17 66 34 50 3 15 0 0.00 0.0 0 12.2 23 30 M M 0 30 30
18 73 20 47 0 18 0 0.00 0.0 0 6.2 16 290 M M 0 20 300
19 72 28 50 3 15 0 0.00 0.0 0 10.0 25 320 M M 0 35 340
20 70 43 57 9 8 0 0.00 0.0 0 15.3 29 50 M M 2 37 40
21 68 31 50 2 15 0 0.00 0.0 0 12.7 25 40 M M 0 33 30
22 70 20 45 -3 20 0 0.00 0.0 0 7.4 22 270 M M 2 29 310
23 72 27 50 2 15 0 0.00 0.0 0 8.0 21 250 M M 1 27 260
24 64 47 56 7 9 0 0.00 0.0 0 16.2 30 240 M M 7 40 250
25 51 37 44 -5 21 0 0.12 0.0 0 7.4 24 260 M M 8 1 29 250
26 50 29 40 -9 25 0 0.07 0.2 0 7.6 25 220 M M 4 32 230
27 60 26 43 -7 22 0 0.02 T 0 4.5 15 320 M M 4 1 19 10
28 72 22 47 -3 18 0 0.00 0.0 0 5.8 14 280 M M 0 17 280
29 86 31 59 9 6 0 0.00 0.0 0 4.6 12 160 M M 0 16 90
30 89 36 63 13 2 0 0.00 0.0 0 6.5 22 260 M M 0 29 300
================================================================================
SM 2026 847 506 0 0.22 0.2 260.4 M 55
================================================================================
AV 67.5 28.2 8.7 FASTST M M 2 MAX(MPH)
MISC ----> 31 320 42 330
================================================================================
NOTES:
# LAST OF SEVERAL OCCURRENCES
COLUMN 17 PEAK WIND IN M.P.H.
PRELIMINARY LOCAL CLIMATOLOGICAL DATA (WS FORM: F-6) , PAGE 2
STATION: WINNEMUCCA AIRPORT NV
MONTH: APRIL
YEAR: 2021
LATITUDE: 40 54 N
LONGITUDE: 117 48 W
[TEMPERATURE DATA] [PRECIPITATION DATA] SYMBOLS USED IN COLUMN 16
AVERAGE MONTHLY: 47.9 TOTAL FOR MONTH: 0.22 1 = FOG OR MIST
DPTR FM NORMAL: 1.3 DPTR FM NORMAL: -0.67 2 = FOG REDUCING VISIBILITY
HIGHEST: 89 ON 30 GRTST 24HR 0.13 ON 25-26 TO 1/4 MILE OR LESS
LOWEST: 12 ON 6 3 = THUNDER
SNOW, ICE PELLETS, HAIL 4 = ICE PELLETS
TOTAL MONTH: 0.2 INCH 5 = HAIL
GRTST 24HR 0.2 ON 26-26 6 = FREEZING RAIN OR DRIZZLE
GRTST DEPTH: 0 7 = DUSTSTORM OR SANDSTORM:
VSBY 1/2 MILE OR LESS
8 = SMOKE OR HAZE
[NO. OF DAYS WITH] [WEATHER - DAYS WITH] 9 = BLOWING SNOW
X = TORNADO
MAX 32 OR BELOW: 0 0.01 INCH OR MORE: 4
MAX 90 OR ABOVE: 0 0.10 INCH OR MORE: 1
MIN 32 OR BELOW: 22 0.50 INCH OR MORE: 0
MIN 0 OR BELOW: 0 1.00 INCH OR MORE: 0
[HDD (BASE 65) ]
TOTAL THIS MO. 506 CLEAR (SCALE 0-3) 21
DPTR FM NORMAL -46 PTCLDY (SCALE 4-7) 7
TOTAL FM JUL 1 5392 CLOUDY (SCALE 8-10) 2
DPTR FM NORMAL -487
[CDD (BASE 65) ]
TOTAL THIS MO. 0
DPTR FM NORMAL 0 [PRESSURE DATA]
TOTAL FM JAN 1 0 HIGHEST SLP 30.34 ON 29
DPTR FM NORMAL 0 LOWEST SLP 29.62 ON 25
[REMARKS]
#FINAL-04-21#