000
CXUS56 KLKN 011009
CF6WMC
PRELIMINARY LOCAL CLIMATOLOGICAL DATA (WS FORM: F-6)
STATION: WINNEMUCCA AIRPORT NV
MONTH: SEPTEMBER
YEAR: 2020
LATITUDE: 40 54 N
LONGITUDE: 117 48 W
TEMPERATURE IN F: :PCPN: SNOW: WIND :SUNSHINE: SKY :PK WND
================================================================================
1 2 3 4 5 6A 6B 7 8 9 10 11 12 13 14 15 16 17 18
12Z AVG MX 2MIN
DY MAX MIN AVG DEP HDD CDD WTR SNW DPTH SPD SPD DIR MIN PSBL S-S WX SPD DR
================================================================================
1 87 49 68 2 0 3 0.00 0.0 0 6.3 15 30 M M 0 8 19 50
2 97 46 72 7 0 7 0.00 0.0 0 4.8 12 300 M M 0 16 320
3 101 49 75 10 0 10 0.00 0.0 0 5.9 16 60 M M 0 21 50
4 104 52 78 13 0 13 0.00 0.0 0 6.9 17 60 M M 0 22 60
5 104 49 77 13 0 12 0.00 0.0 0 4.9 17 230 M M 0 24 240
6 94 49 72 8 0 7 0.00 0.0 0 3.8 10 300 M M 0 8 13 300
7 98 46 72 8 0 7 0.00 0.0 0 12.1 30 360 M M 2 8 37 360
8 71 44 58 -5 7 0 0.00 0.0 0 12.7 23 40 M M 1 8 31 340
9 81 32 57 -6 8 0 0.00 0.0 0 9.0 21 40 M M 0 26 40
10 85 36 61 -1 4 0 0.00 0.0 0 6.3 17 50 M M 0 24 50
11 90 34 62 0 3 0 0.00 0.0 0 3.8 12 290 M M 0 16 300
12 93 36 65 3 0 0 0.00 0.0 0 4.1 13 260 M M 0 15 270
13 96 36 66 5 0 1 0.00 0.0 0 5.8 16 230 M M 0 23 220
14 93 40 67 6 0 2 0.00 0.0 0 6.9 22 240 M M 1 8 28 250
15 89 41 65 4 0 0 0.00 0.0 0 3.4 10 180 M M 7 8 12 330
16 93 43 68 8 0 3 0.00 0.0 0 5.7 16 190 M M 2 8 20 190
17 90 38 64 4 1 0 0.00 0.0 0 4.5 15 190 M M 3 8 20 210
18 76 47 62 3 3 0 0.19 0.0 0 13.1 35 150 M M 6 8 45 160
19 75 35 55 -4 10 0 0.00 0.0 0 4.3 13 280 M M 0 18 15 280
20 80 39 60 1 5 0 0.00 0.0 0 5.1 12 160 M M 0 14 170
21 87 37 62 4 3 0 0.00 0.0 0 4.3 15 260 M M 0 18 170
22 86 39 63 5 2 0 0.00 0.0 0 7.2 20 230 M M 0 8 26 260
23 88 46 67 10 0 2 0.00 0.0 0 7.8 17 250 M M 1 8 25 250
24 85 43 64 7 1 0 0.00 0.0 0 8.7 22 280 M M 1 8 27 290
25 84 41 63 7 2 0 0.00 0.0 0 7.6 21 260 M M 0 27 220
26 77 51 64 8 1 0 0.00 0.0 0 8.4 22 270 M M 1 31 250
27 73 42 58 2 7 0 0.00 0.0 0 11.5 22 40 M M 0 26 30
28 79 43 61 6 4 0 0.00 0.0 0 10.3 21 40 M M 0 8 26 50
29 86 38 62 7 3 0 0.00 0.0 0 5.2 15 70 M M 0 17 70
30 89 35 62 8 3 0 0.00 0.0 0 3.8 12 20 M M 0 14 20
================================================================================
SM 2631 1256 67 67 0.19 0.0 204.2 M 25
================================================================================
AV 87.7 41.9 6.8 FASTST M M 1 MAX(MPH)
MISC ----> # 35 150 # 45 160
================================================================================
NOTES:
# LAST OF SEVERAL OCCURRENCES
COLUMN 17 PEAK WIND IN M.P.H.
PRELIMINARY LOCAL CLIMATOLOGICAL DATA (WS FORM: F-6) , PAGE 2
STATION: WINNEMUCCA AIRPORT NV
MONTH: SEPTEMBER
YEAR: 2020
LATITUDE: 40 54 N
LONGITUDE: 117 48 W
[TEMPERATURE DATA] [PRECIPITATION DATA] SYMBOLS USED IN COLUMN 16
AVERAGE MONTHLY: 64.8 TOTAL FOR MONTH: 0.19 1 = FOG OR MIST
DPTR FM NORMAL: 4.5 DPTR FM NORMAL: -0.25 2 = FOG REDUCING VISIBILITY
HIGHEST: 104 ON 5, 4 GRTST 24HR 0.19 ON 18-18 TO 1/4 MILE OR LESS
LOWEST: 32 ON 9 3 = THUNDER
SNOW, ICE PELLETS, HAIL 4 = ICE PELLETS
TOTAL MONTH: 0.0 INCH 5 = HAIL
GRTST 24HR 0.0 6 = FREEZING RAIN OR DRIZZLE
GRTST DEPTH: 0 7 = DUSTSTORM OR SANDSTORM:
VSBY 1/2 MILE OR LESS
8 = SMOKE OR HAZE
[NO. OF DAYS WITH] [WEATHER - DAYS WITH] 9 = BLOWING SNOW
X = TORNADO
MAX 32 OR BELOW: 0 0.01 INCH OR MORE: 1
MAX 90 OR ABOVE: 12 0.10 INCH OR MORE: 1
MIN 32 OR BELOW: 1 0.50 INCH OR MORE: 0
MIN 0 OR BELOW: 0 1.00 INCH OR MORE: 0
[HDD (BASE 65) ]
TOTAL THIS MO. 67 CLEAR (SCALE 0-3) 27
DPTR FM NORMAL -107 PTCLDY (SCALE 4-7) 3
TOTAL FM JUL 1 69 CLOUDY (SCALE 8-10) 0
DPTR FM NORMAL -135
[CDD (BASE 65) ]
TOTAL THIS MO. 67
DPTR FM NORMAL 36 [PRESSURE DATA]
TOTAL FM JAN 1 895 HIGHEST SLP M ON M
DPTR FM NORMAL 354 LOWEST SLP 29.67 ON 7
[REMARKS]
#FINAL-09-20#