000
CXUS56 KLKN 291500
CF6WMC
PRELIMINARY LOCAL CLIMATOLOGICAL DATA (WS FORM: F-6)
STATION: WINNEMUCCA AIRPORT NV
MONTH: FEBRUARY
YEAR: 2020
LATITUDE: 40 54 N
LONGITUDE: 117 48 W
TEMPERATURE IN F: :PCPN: SNOW: WIND :SUNSHINE: SKY :PK WND
================================================================================
1 2 3 4 5 6A 6B 7 8 9 10 11 12 13 14 15 16 17 18
12Z AVG MX 2MIN
DY MAX MIN AVG DEP HDD CDD WTR SNW DPTH SPD SPD DIR MIN PSBL S-S WX SPD DR
================================================================================
1 64 22 43 11 22 0 0.00 0.0 0 4.2 17 190 M M 0 22 180
2 56 10 33 1 32 0 0.02 0.3 T 14.4 35 350 M M 3 12 45 350
3 32 10 21 -12 44 0 0.00 0.0 T 9.4 23 350 M M 1 29 330
4 32 2 17 -16 48 0 0.00 0.0 T 3.8 9 170 M M 1 14 310
5 41 18 30 -3 35 0 0.00 0.0 T 10.6 17 190 M M 10 22 180
6 56 25 41 8 24 0 0.00 0.0 0 6.5 21 240 M M 1 28 250
7 57 22 40 7 25 0 0.00 0.0 0 6.7 15 280 M M 0 20 270
8 49 22 36 2 29 0 0.00 0.0 0 11.8 23 350 M M 2 31 360
9 43 22 33 -1 32 0 0.00 0.0 0 11.3 26 30 M M 4 33 20
10 48 12 30 -4 35 0 0.00 0.0 0 6.2 17 40 M M 0 20 40
11 50 13 32 -2 33 0 0.00 0.0 0 5.6 14 200 M M 0 18 190
12 51 13 32 -2 33 0 0.00 0.0 0 4.1 10 110 M M 0 13 340
13 57 11 34 -1 31 0 0.00 0.0 0 5.1 15 180 M M 0 18 180
14 56 21 39 4 26 0 0.00 0.0 0 6.4 21 290 M M 1 28 280
15 56 22 39 4 26 0 0.00 0.0 0 5.2 20 230 M M 8 25 240
16 53 31 42 7 23 0 0.04 0.0 0 8.1 23 290 M M 6 29 270
17 44 16 30 -6 35 0 0.00 0.0 0 7.6 22 360 M M 0 30 360
18 43 19 31 -5 34 0 0.00 0.0 0 9.9 21 40 M M 0 27 40
19 46 18 32 -4 33 0 0.00 0.0 0 12.2 21 30 M M 0 27 40
20 52 20 36 0 29 0 0.00 0.0 0 11.3 18 60 M M 0 23 60
21 59 13 36 -1 29 0 0.00 0.0 0 4.3 12 140 M M 0 14 60
22 62 14 38 1 27 0 0.00 0.0 0 5.8 13 360 M M 0 17 360
23 61 16 39 2 26 0 0.00 0.0 0 9.3 22 260 M M 1 30 280
24 52 14 33 -4 32 0 0.00 0.0 0 6.7 17 340 M M 0 23 300
25 53 9 31 -7 34 0 0.00 0.0 0 5.0 14 30 M M 0 17 50
26 63 12 38 0 27 0 0.00 0.0 0 4.2 16 270 M M 0 20 270
27 64 14 39 1 26 0 0.00 0.0 0 4.9 12 40 M M 0 14 50
28 67 18 43 5 22 0 0.00 0.0 0 5.9 17 250 M M 0 23 260
29 62 30 46 8 19 0 0.16 0.9 1 10.5 30 360 M M 4 1 38 360
================================================================================
SM 1529 489 871 0 0.22 1.2 217.0 M 42
================================================================================
AV 52.7 16.9 7.5 FASTST M M 1 MAX(MPH)
MISC ----> # 35 350 # 45 350
================================================================================
NOTES:
# LAST OF SEVERAL OCCURRENCES
COLUMN 17 PEAK WIND IN M.P.H.
PRELIMINARY LOCAL CLIMATOLOGICAL DATA (WS FORM: F-6) , PAGE 2
STATION: WINNEMUCCA AIRPORT NV
MONTH: FEBRUARY
YEAR: 2020
LATITUDE: 40 54 N
LONGITUDE: 117 48 W
[TEMPERATURE DATA] [PRECIPITATION DATA] SYMBOLS USED IN COLUMN 16
AVERAGE MONTHLY: 34.8 TOTAL FOR MONTH: 0.22 1 = FOG OR MIST
DPTR FM NORMAL: -0.4 DPTR FM NORMAL: -0.44 2 = FOG REDUCING VISIBILITY
HIGHEST: 67 ON 28 GRTST 24HR 0.16 ON 29-29 TO 1/4 MILE OR LESS
LOWEST: 2 ON 4 3 = THUNDER
SNOW, ICE PELLETS, HAIL 4 = ICE PELLETS
TOTAL MONTH: 1.2 INCHES 5 = HAIL
GRTST 24HR 0.9 ON 29-29 6 = FREEZING RAIN OR DRIZZLE
GRTST DEPTH: 1 ON 29 7 = DUSTSTORM OR SANDSTORM:
VSBY 1/2 MILE OR LESS
8 = SMOKE OR HAZE
[NO. OF DAYS WITH] [WEATHER - DAYS WITH] 9 = BLOWING SNOW
X = TORNADO
MAX 32 OR BELOW: 2 0.01 INCH OR MORE: 3
MAX 90 OR ABOVE: 0 0.10 INCH OR MORE: 1
MIN 32 OR BELOW: 29 0.50 INCH OR MORE: 0
MIN 0 OR BELOW: 0 1.00 INCH OR MORE: 0
[HDD (BASE 65) ]
TOTAL THIS MO. 871 CLEAR (SCALE 0-3) 24
DPTR FM NORMAL 35 PTCLDY (SCALE 4-7) 3
TOTAL FM JUL 1 4380 CLOUDY (SCALE 8-10) 2
DPTR FM NORMAL -236
[CDD (BASE 65) ]
TOTAL THIS MO. 0
DPTR FM NORMAL 0 [PRESSURE DATA]
TOTAL FM JAN 1 0 HIGHEST SLP 30.62 ON 25
DPTR FM NORMAL 0 LOWEST SLP 29.74 ON 29
[REMARKS]
#FINAL-02-20#