000
CXUS56 KLKN 221537
CF6WMC
PRELIMINARY LOCAL CLIMATOLOGICAL DATA (WS FORM: F-6)
STATION: WINNEMUCCA AIRPORT NV
MONTH: JULY
YEAR: 2023
LATITUDE: 40 54 N
LONGITUDE: 117 48 W
TEMPERATURE IN F: :PCPN: SNOW: WIND :SUNSHINE: SKY :PK WND
================================================================================
1 2 3 4 5 6A 6B 7 8 9 10 11 12 13 14 15 16 17 18
12Z AVG MX 2MIN
DY MAX MIN AVG DEP HDD CDD WTR SNW DPTH SPD SPD DIR MIN PSBL S-S WX SPD DR
================================================================================
1 99 51 75 4 0 10 0.00 0.0 0 4.8 16 240 M M 0 22 230
2 102 57 80 9 0 15 0.00 0.0 0 7.5 21 290 M M 0 29 280
3 98 53 76 4 0 11 0.00 0.0 0 8.1 22 290 M M 0 32 290
4 95 59 77 5 0 12 0.00 0.0 0 9.9 18 40 M M 0 28 50
5 95 59 77 5 0 12 0.00 0.0 0 7.7 18 40 M M 0 25 50
6 98 49 74 1 0 9 0.00 0.0 0 6.2 20 330 M M 0 27 300
7 95 50 73 0 0 8 T 0.0 0 6.3 18 330 M M 0 26 340
8 95 53 74 1 0 9 0.00 0.0 0 4.7 12 350 M M 1 18 250
9 99 54 77 3 0 12 0.00 0.0 0 8.1 22 260 M M 0 33 240
10 95 56 76 2 0 11 0.00 0.0 0 7.7 22 250 M M 0 30 260
11 95 47 71 -3 0 6 0.00 0.0 0 6.7 20 240 M M 0 28 250
12 95 49 72 -2 0 7 0.00 0.0 0 8.8 22 240 M M 0 29 270
13 92 51 72 -3 0 7 0.00 0.0 0 4.1 12 280 M M 0 16 280
14 96 62 79 4 0 14 0.00 0.0 0 M M M M M 0 M M
15 102 60 81 6 0 16 0.00 0.0 0 M M M M M 0 M M
16 104 60 82 7 0 17 0.00 0.0 0 M M M M M 0 M M
17 98 72 85 10 0 20 0.00 0.0 0 25.0 32 270 M M 0 3 45 270
18 99 65 82 6 0 17 0.00 0.0 0 13.0 15 300 M M 0 20 270
19 93 65 79 3 0 14 0.00 0.0 0 14.0 12 180 M M 0 27 180
20 98 61 80 4 0 15 0.00 0.0 0 12.0 17 200 M M 0 22 200
21 103 64 84 8 0 19 0.00 0.0 0 6.2 21 270 M M 0 29 270
22 106 51 79 3 0 14 0.00 0.0 0 5.9 18 250 M M 0 26 240
23 102 55 79 3 0 14 0.00 0.0 0 7.2 29 260 M M 0 8 42 170
24 99 62 81 5 0 16 T 0.0 0 13.5 33 170 M M 1 38 44 160
25 98 50 74 -2 0 9 0.00 0.0 0 7.5 22 240 M M 0 30 240
26 100 51 76 0 0 11 0.00 0.0 0 7.8 23 250 M M 0 35 250
27 95 61 78 2 0 13 0.00 0.0 0 10.0 24 210 M M 0 35 240
28 97 52 75 -1 0 10 0.00 0.0 0 6.5 23 250 M M 0 29 260
29 99 55 77 1 0 12 0.00 0.0 0 7.2 22 250 M M 0 31 290
30 98 55 77 2 0 12 0.00 0.0 0 5.3 16 230 M M 0 27 70
31 98 52 75 0 0 10 0.00 0.0 0 6.4 20 240 M M 0 31 190
================================================================================
SM 3038 1741 0 382 T 0.0 238.1 M 2
================================================================================
AV 98.0 56.2 8.5 FASTST M M 0 MAX(MPH)
MISC ----> 33 170 45 270
================================================================================
NOTES:
# LAST OF SEVERAL OCCURRENCES
COLUMN 17 PEAK WIND IN M.P.H.
PRELIMINARY LOCAL CLIMATOLOGICAL DATA (WS FORM: F-6) , PAGE 2
STATION: WINNEMUCCA AIRPORT NV
MONTH: JULY
YEAR: 2023
LATITUDE: 40 54 N
LONGITUDE: 117 48 W
[TEMPERATURE DATA] [PRECIPITATION DATA] SYMBOLS USED IN COLUMN 16
AVERAGE MONTHLY: 77.1 TOTAL FOR MONTH: T 1 = FOG OR MIST
DPTR FM NORMAL: 2.6 DPTR FM NORMAL: -0.16 2 = FOG REDUCING VISIBILITY
HIGHEST: 106 ON 22 GRTST 24HR T ON 7- 7 TO 1/4 MILE OR LESS
LOWEST: 47 ON 11 3 = THUNDER
SNOW, ICE PELLETS, HAIL 4 = ICE PELLETS
TOTAL MONTH: 0.0 INCH 5 = HAIL
GRTST 24HR 0.0 6 = FREEZING RAIN OR DRIZZLE
GRTST DEPTH: 0 7 = DUSTSTORM OR SANDSTORM:
VSBY 1/2 MILE OR LESS
8 = SMOKE OR HAZE
[NO. OF DAYS WITH] [WEATHER - DAYS WITH] 9 = BLOWING SNOW
X = TORNADO
MAX 32 OR BELOW: 0 0.01 INCH OR MORE: 0
MAX 90 OR ABOVE: 31 0.10 INCH OR MORE: 0
MIN 32 OR BELOW: 0 0.50 INCH OR MORE: 0
MIN 0 OR BELOW: 0 1.00 INCH OR MORE: 0
[HDD (BASE 65) ]
TOTAL THIS MO. 0 CLEAR (SCALE 0-3) 31
DPTR FM NORMAL -6 PTCLDY (SCALE 4-7) 0
TOTAL FM JUL 1 0 CLOUDY (SCALE 8-10) 0
DPTR FM NORMAL -2
[CDD (BASE 65) ]
TOTAL THIS MO. 382
DPTR FM NORMAL 82 [PRESSURE DATA]
TOTAL FM JAN 1 417 HIGHEST SLP 30.08 ON 25
DPTR FM NORMAL 0 LOWEST SLP 29.66 ON 9
[REMARKS]
#FINAL-07-23#