000
CXUS55 KRIW 011236
CLMWRL
CLIMATE REPORT
NATIONAL WEATHER SERVICE RIVERTON WY
636 AM MDT SAT APR 01 2023
...................................
...THE WORLAND WY CLIMATE SUMMARY FOR THE MONTH OF MARCH 2023...
CLIMATE NORMAL PERIOD: 1991 TO 2020
CLIMATE RECORD PERIOD: 1947 TO 2023
WEATHER OBSERVED NORMAL DEPART LAST YEAR`S
VALUE DATE(S) VALUE FROM VALUE
NORMAL
..............................................................
TEMPERATURE (F)
RECORD
HIGH 81 03/28/1986
LOW -28 03/04/1989
HIGHEST 50 03/15
LOWEST -2 03/07
AVG. MAXIMUM 38.0 51.1 -13.1
AVG. MINIMUM 13.7 21.6 -7.9
MEAN 25.9 36.4 -10.5
DAYS MAX >= 90 0
DAYS MAX <= 32 10
DAYS MIN <= 32 31
DAYS MIN <= 0 4
PRECIPITATION (INCHES)
RECORD
MAXIMUM 2.19 MM
MINIMUM 0.00 2004
TOTALS 0.44 0.44 0.00 0.49
DAILY AVG. 0.01 0.01 -0.00
DAYS >= .01 6
DAYS >= .10 2
DAYS >= .50 0
DAYS >= 1.00 0
GREATEST
24 HR. TOTAL 0.23 03/31 TO 03/31
STORM TOTAL 0.23
SNOWFALL (INCHES)
TOTALS MM MM MM
SINCE 7/1 MM MM MM
SNOWDEPTH AVG. MM
DAYS >= 1.0 MM
DEGREE DAYS
HEATING TOTAL 1207 888 319
SINCE 7/1 7743 6927 816
COOLING TOTAL 0 0 0
SINCE 1/1 0 0 0
..............................................................
WIND (MPH)
AVERAGE WIND SPEED 5.7
RESULTANT WIND SPEED/DIRECTION 0/220
HIGHEST WIND SPEED/DIRECTION 33/330 DATE 03/15
HIGHEST GUST SPEED/DIRECTION 43/330 DATE 03/15
SKY COVER
POSSIBLE SUNSHINE (PERCENT) MM
AVERAGE SKY COVER 0.34
NUMBER OF DAYS FAIR 17
NUMBER OF DAYS PC 11
NUMBER OF DAYS CLOUDY 3
AVERAGE RH (PERCENT) 72
WEATHER CONDITIONS. NUMBER OF DAYS WITH
THUNDERSTORM 0 MIXED PRECIP 0
HEAVY RAIN 0 RAIN 0
LIGHT RAIN 0 FREEZING RAIN 0
LT FREEZING RAIN 0 HAIL 0
HEAVY SNOW 2 SNOW 4
LIGHT SNOW 14 SLEET 0
FOG 13 FOG W/VIS <= 1/4 MILE 4
HAZE 2
- INDICATES NEGATIVE NUMBERS.
R INDICATES RECORD WAS SET OR TIED.
MM INDICATES DATA IS MISSING.
T INDICATES TRACE AMOUNT.
$$