000
CXUS54 KTSA 010840
CF6XNA
PRELIMINARY LOCAL CLIMATOLOGICAL DATA (WS FORM: F-6)
STATION: HIGHFILL ARKANSAS
MONTH: AUGUST
YEAR: 2020
LATITUDE: 36 16 N
LONGITUDE: 94 19 W
TEMPERATURE IN F: :PCPN: SNOW: WIND :SUNSHINE: SKY :PK WND
================================================================================
1 2 3 4 5 6A 6B 7 8 9 10 11 12 13 14 15 16 17 18
12Z AVG MX 2MIN
DY MAX MIN AVG DEP HDD CDD WTR SNW DPTH SPD SPD DIR MIN PSBL S-S WX SPD DR
================================================================================
1 84 61 73 -5 0 8 0.00 0.0 0 6.2 16 350 M M 1 25 350
2 87 65 76 -2 0 11 0.00 0.0 0 7.5 17 290 M M 2 26 300
3 83 60 72 -6 0 7 0.00 0.0 0 7.0 16 360 M M 2 21 350
4 81 57 69 -9 0 4 0.00 0.0 0 5.5 12 360 M M 1 21 40
5 84 58 71 -7 0 6 0.00 0.0 0 3.9 15 170 M M 0 19 210
6 87 63 75 -3 0 10 0.06 0.0 0 6.3 15 170 M M 2 13 24 180
7 82 69 76 -2 0 11 0.09 0.0 0 8.9 18 160 M M 4 13 24 180
8 90 72 81 3 0 16 0.07 0.0 0 9.7 21 190 M M 2 3 31 190
9 92 71 82 4 0 17 T 0.0 0 9.1 17 230 M M 0 1 27 200
10 94 72 83 5 0 18 T 0.0 0 7.9 23 340 M M 0 30 340
11 81 67 74 -4 0 9 0.16 0.0 0 5.1 21 160 M M 2 13 29 200
12 90 67 79 1 0 14 0.00 0.0 0 5.0 9 150 M M 2 M M
13 92 69 81 3 0 16 0.05 0.0 0 3.9 15 140 M M 1 1 18 140
14 94 69 82 4 0 17 0.00 0.0 0 4.3 14 200 M M 3 18 80
15 96 68 82 4 0 17 0.00 0.0 0 5.1 17 360 M M 1 22 360
16 92 66 79 1 0 14 0.00 0.0 0 6.4 14 70 M M 0 3 22 70
17 92 59 76 -1 0 11 0.00 0.0 0 5.0 13 300 M M 0 18 210
18 87 62 75 -2 0 10 0.00 0.0 0 8.9 20 360 M M 0 28 20
19 86 55 71 -6 0 6 0.00 0.0 0 5.3 14 70 M M 1 27 80
20 88 60 74 -3 0 9 0.00 0.0 0 3.3 13 70 M M 1 17 140
21 89 57 73 -4 0 8 0.00 0.0 0 2.3 9 110 M M 1 15 160
22 92 58 75 -2 0 10 0.00 0.0 0 2.8 10 250 M M 1 19 190
23 92 62 77 1 0 12 0.00 0.0 0 4.0 14 220 M M 1 8 19 240
24 96 63 80 4 0 15 0.00 0.0 0 3.1 14 240 M M 1 1 18 250
25 96 66 81 5 0 16 0.00 0.0 0 3.1 12 130 M M 1 24 70
26 81 70 76 0 0 11 T 0.0 0 6.3 14 150 M M 4 17 160
27 88 70 79 3 0 14 T 0.0 0 7.3 20 360 M M 2 26 360
28 95 70 83 8 0 18 0.00 0.0 0 6.8 16 300 M M 1 1 25 320
29 87 69 78 3 0 13 T 0.0 0 6.8 26 340 M M 4 3 37 300
30 84 72 78 3 0 13 T 0.0 0 5.8 14 200 M M 7 20 220
31 84 71 78 4 0 13 0.45 0.0 0 9.4 22 170 M M 2 13 29 190
================================================================================
SM 2746 2018 0 374 0.88 0.0 182.0 M 50
================================================================================
AV 88.6 65.1 5.9 FASTST M M 2 MAX(MPH)
MISC ----> # 26 340 # 37 300
================================================================================
NOTES:
# LAST OF SEVERAL OCCURRENCES
COLUMN 17 PEAK WIND IN M.P.H.
PRELIMINARY LOCAL CLIMATOLOGICAL DATA (WS FORM: F-6) , PAGE 2
STATION: HIGHFILL ARKANSAS
MONTH: AUGUST
YEAR: 2020
LATITUDE: 36 16 N
LONGITUDE: 94 19 W
[TEMPERATURE DATA] [PRECIPITATION DATA] SYMBOLS USED IN COLUMN 16
AVERAGE MONTHLY: 76.8 TOTAL FOR MONTH: 0.88 1 = FOG OR MIST
DPTR FM NORMAL: -0.2 DPTR FM NORMAL: -2.57 2 = FOG REDUCING VISIBILITY
HIGHEST: 96 ON 25,24 GRTST 24HR 0.45 ON 31-31 TO 1/4 MILE OR LESS
LOWEST: 55 ON 19 3 = THUNDER
SNOW, ICE PELLETS, HAIL 4 = ICE PELLETS
TOTAL MONTH: 0.0 INCH 5 = HAIL
GRTST 24HR 0.0 6 = FREEZING RAIN OR DRIZZLE
GRTST DEPTH: 0 7 = DUSTSTORM OR SANDSTORM:
VSBY 1/2 MILE OR LESS
8 = SMOKE OR HAZE
[NO. OF DAYS WITH] [WEATHER - DAYS WITH] 9 = BLOWING SNOW
X = TORNADO
MAX 32 OR BELOW: 0 0.01 INCH OR MORE: 6
MAX 90 OR ABOVE: 14 0.10 INCH OR MORE: 2
MIN 32 OR BELOW: 0 0.50 INCH OR MORE: 0
MIN 0 OR BELOW: 0 1.00 INCH OR MORE: 0
[HDD (BASE 65) ]
TOTAL THIS MO. 0 CLEAR (SCALE 0-3) 26
DPTR FM NORMAL -1 PTCLDY (SCALE 4-7) 5
TOTAL FM JUL 1 0 CLOUDY (SCALE 8-10) 0
DPTR FM NORMAL -1
[CDD (BASE 65) ]
TOTAL THIS MO. 374
DPTR FM NORMAL 1 [PRESSURE DATA]
TOTAL FM JAN 1 1280 HIGHEST SLP M ON M
DPTR FM NORMAL 198 LOWEST SLP 29.70 ON 31
[REMARKS]
#FINAL-08-20#