000
CXAK56 PAJK 011310
CF6YAK
PRELIMINARY LOCAL CLIMATOLOGICAL DATA (WS FORM: F-6)
STATION: YAKUTAT
MONTH: JULY
YEAR: 2021
LATITUDE: 59 31 N
LONGITUDE: 139 40 W
TEMPERATURE IN F: :PCPN: SNOW: WIND :SUNSHINE: SKY :PK WND
================================================================================
1 2 3 4 5 6A 6B 7 8 9 10 11 12 13 14 15 16 17 18
12Z AVG MX 2MIN
DY MAX MIN AVG DEP HDD CDD WTR SNW DPTH SPD SPD DIR MIN PSBL S-S WX SPD DR
================================================================================
1 59 50 55 1 10 0 0.00 M M 7.4 14 240 M M 10 1 17 290
2 53 50 52 -2 13 0 0.00 M M 3.8 9 200 M M 10 1 13 210
3 61 50 56 2 9 0 0.03 M M 4.8 13 230 M M 10 1 16 220
4 57 51 54 0 11 0 0.00 M M 6.7 13 270 M M 10 1 18 270
5 55 52 54 -1 11 0 T M M 4.7 13 290 M M 10 1 16 270
6 56 51 54 -1 11 0 T M M 3.2 10 190 M M 10 1 13 190
7 57 50 54 -1 11 0 0.13 M M 4.3 13 190 M M 10 1 16 190
8 53 49 51 -4 14 0 0.77 M M 5.8 10 130 M M 10 1 14 120
9 56 47 52 -3 13 0 0.35 M M 6.1 13 210 M M 9 1 16 210
10 54 48 51 -4 14 0 0.92 M M 6.9 13 70 M M 10 1 19 80
11 53 49 51 -4 14 0 1.13 M M 8.9 15 70 M M 10 1 19 70
12 55 50 53 -2 12 0 1.15 M M 9.4 16 120 M M 10 1 23 120
13 57 50 54 -1 11 0 T M M 5.3 10 160 M M 10 1 15 130
14 58 49 54 -1 11 0 0.09 M M 3.7 9 330 M M 10 1 12 150
15 61 42 52 -4 13 0 T M M 3.8 10 290 M M 6 12 13 310
16 71 41 56 0 9 0 0.00 M M 4.5 14 300 M M 1 12 17 290
17 77 42 60 4 5 0 0.00 M M 4.4 14 160 M M 0 1 17 160
18 59 51 55 -1 10 0 0.00 M M 4.0 9 180 M M 7 12 12 180
19 59 52 56 0 9 0 0.00 M M 4.0 9 230 M M 10 1 13 240
20 58 53 56 0 9 0 0.00 M M 4.1 10 230 M M 10 1 13 220
21 58 52 55 -1 10 0 0.03 M M 4.0 13 160 M M 10 1 16 150
22 62 52 57 1 8 0 0.03 M M 7.3 18 110 M M 10 1 25 120
23 62 54 58 2 7 0 0.01 M M 6.4 14 120 M M 10 18 21 120
24 61 51 56 0 9 0 0.00 M M 4.1 10 160 M M 10 13 150
25 61 45 53 -3 12 0 T M M 3.3 10 280 M M 7 1 13 270
26 59 42 51 -5 14 0 0.01 M M 3.7 12 220 M M 7 12 14 230
27 61 52 57 1 8 0 0.01 M M 4.2 9 230 M M 10 13 220
28 61 53 57 1 8 0 0.01 M M 3.9 12 270 M M 10 1 15 270
29 63 48 56 0 9 0 0.00 M M 5.0 12 320 M M 4 15 290
30 69 41 55 -1 10 0 0.00 M M 2.9 9 300 M M 1 12 12 290
31 78 46 62 6 3 0 0.00 M M 3.6 14 120 M M 0 19 110
================================================================================
SM 1864 1513 318 0 4.67 M 154.2 M 252
================================================================================
AV 60.1 48.8 5.0 FASTST M M 8 MAX(MPH)
MISC ----> 18 110 25 120
================================================================================
NOTES:
# LAST OF SEVERAL OCCURRENCES
COLUMN 17 PEAK WIND IN M.P.H.
PRELIMINARY LOCAL CLIMATOLOGICAL DATA (WS FORM: F-6) , PAGE 2
STATION: YAKUTAT
MONTH: JULY
YEAR: 2021
LATITUDE: 59 31 N
LONGITUDE: 139 40 W
[TEMPERATURE DATA] [PRECIPITATION DATA] SYMBOLS USED IN COLUMN 16
AVERAGE MONTHLY: 54.5 TOTAL FOR MONTH: 4.67 1 = FOG OR MIST
DPTR FM NORMAL: -0.9 DPTR FM NORMAL: -2.96 2 = FOG REDUCING VISIBILITY
HIGHEST: 78 ON 31 GRTST 24HR 1.72 ON 10-11 TO 1/4 MILE OR LESS
LOWEST: 41 ON 30,16 3 = THUNDER
SNOW, ICE PELLETS, HAIL 4 = ICE PELLETS
TOTAL MONTH: M 5 = HAIL
GRTST 24HR M ON M 6 = FREEZING RAIN OR DRIZZLE
GRTST DEPTH: M ON M 7 = DUSTSTORM OR SANDSTORM:
VSBY 1/2 MILE OR LESS
8 = SMOKE OR HAZE
[NO. OF DAYS WITH] [WEATHER - DAYS WITH] 9 = BLOWING SNOW
X = TORNADO
MAX 32 OR BELOW: 0 0.01 INCH OR MORE: 14
MAX 90 OR ABOVE: 0 0.10 INCH OR MORE: 6
MIN 32 OR BELOW: 0 0.50 INCH OR MORE: 4
MIN 0 OR BELOW: 0 1.00 INCH OR MORE: 2
[HDD (BASE 65) ]
TOTAL THIS MO. 318 CLEAR (SCALE 0-3) 4
DPTR FM NORMAL 20 PTCLDY (SCALE 4-7) 5
TOTAL FM JUL 1 318 CLOUDY (SCALE 8-10) 22
DPTR FM NORMAL 20
[CDD (BASE 65) ]
TOTAL THIS MO. 0
DPTR FM NORMAL 0 [PRESSURE DATA]
TOTAL FM JAN 1 0 HIGHEST SLP 30.27 ON 3
DPTR FM NORMAL 0 LOWEST SLP 29.87 ON 23
[REMARKS]
#FINAL-07-21#