000
CXUS51 KCLE 041715
CLSYNG
CLIMATE REPORT
NATIONAL WEATHER SERVICE CLEVELAND, OH
115 PM EDT MON SEP 04 2023
...................................
...THE YOUNGSTOWN OH CLIMATE SUMMARY FOR THE SEASON, FROM
6/1/2023 TO 8/31/2023...
CLIMATE NORMAL PERIOD 1991 TO 2020
CLIMATE RECORD PERIOD 1897 TO 2023
WEATHER OBSERVED NORMAL DEPART
VALUE DATE(S) VALUE FROM
NORMAL
................................................
TEMPERATURE (F)
RECORD
HIGH 100 07/16/1988
07/07/1988
07/14/1954
LOW 30 06/11/1972
HIGHEST 90 06/02
LOWEST 40 06/05
AVG. MAXIMUM 80.2 80.9 -0.7
AVG. MINIMUM 58.1 58.4 -0.3
MEAN 69.2 69.6 -0.4
DAYS MAX >= 90 1 7.2
DAYS MAX <= 32 0 0.0
DAYS MIN <= 32 0 0.0
DAYS MIN <= 0 0 0.0
PRECIPITATION (INCHES)
RECORD
MAXIMUM 20.69 1986
MINIMUM 5.72 1933
TOTALS 11.81 11.65 0.16
DAYS >= .01 37 34.8
DAYS >= .10 26 21.9
DAYS >= .50 6 7.8
DAYS >= 1.00 2 2.4
SNOWFALL (INCHES)
RECORDS
TOTAL T 2013
TOTALS 0.0 0.0
DAYS >= TRACE 0
DAYS >= 1.0 0 0.0
DEGREE DAYS
HEATING TOTAL 66 78 -12
COOLING TOTAL 477 508 -31
................................................
WIND (MPH)
HIGHEST GUST SPEED/DIRECTION 59/280 DATE 08/17
SKY COVER
POSSIBLE SUNSHINE (PERCENT) MM
NUMBER OF DAYS FAIR 12
NUMBER OF DAYS PC 48
NUMBER OF DAYS CLOUDY 32
WEATHER CONDITIONS. NUMBER OF DAYS WITH
THUNDERSTORM 29 MIXED PRECIP 0
HEAVY RAIN 11 RAIN 16
LIGHT RAIN 43 FREEZING RAIN 0
LT FREEZING RAIN 0 HAIL 0
HEAVY SNOW 0 SNOW 0
LIGHT SNOW 0 SLEET 0
FOG 56 FOG W/VIS <= 1/4 MILE 5
HAZE 14
- INDICATES NEGATIVE NUMBERS.
R INDICATES RECORD WAS SET OR TIED.
MM INDICATES DATA IS MISSING.
T INDICATES TRACE AMOUNT.
$$